381
CDUS44 KJAN 250638
CLIGWO


CLIMATE REPORT
NATIONAL WEATHER SERVICE JACKSON MS
135 AM CDT FRI JUL 25 2014


...................................

...THE GREENWOOD CLIMATE SUMMARY FOR JULY 24 2014...

CLIMATE NORMAL PERIOD 1981 TO 2010
CLIMATE RECORD PERIOD 1948 TO 2014


WEATHER ITEM   OBSERVED TIME   RECORD YEAR NORMAL DEPARTURE LAST
                VALUE   (LST)  VALUE       VALUE  FROM      YEAR
                                                  NORMAL
..................................................................
TEMPERATURE (F)
 YESTERDAY
  MAXIMUM         88    238 PM 102    1952  92     -4       84
  MINIMUM         65   1159 PM  59    2000  71     -6       72
  AVERAGE         77                        81     -4       78

PRECIPITATION (IN)
  YESTERDAY        0.00          4.24 1959   0.11  -0.11      T
  MONTH TO DATE    5.57                      2.90   2.67     2.11
  SINCE JUN 1     14.60                      7.21   7.39     5.15
  SINCE JAN 1     37.72                     30.54   7.18    35.56

SNOWFALL (IN)
  YESTERDAY        0.0

DEGREE DAYS
 HEATING
  YESTERDAY        0                         0      0        0
  MONTH TO DATE    0                         0      0        0
  SINCE JUN 1      0                         0      0        0
  SINCE JUL 1      0                         0      0        0

 COOLING
  YESTERDAY       12                        16     -4       13
  MONTH TO DATE  291                       384    -93      344
  SINCE JUN 1    715                       797    -82      763
  SINCE JAN 1   1009                      1127   -118     1039
..................................................................


WIND (MPH)
  HIGHEST WIND SPEED    14   HIGHEST WIND DIRECTION     N (350)
  HIGHEST GUST SPEED    19   HIGHEST GUST DIRECTION     N (350)
  AVERAGE WIND SPEED     4.4


SKY COVER
  POSSIBLE SUNSHINE  MM
  AVERAGE SKY COVER 0.3


WEATHER CONDITIONS
 THE FOLLOWING WEATHER WAS RECORDED YESTERDAY.
  FOG
  FOG W/VISIBILITY <= 1/4 MILE


RELATIVE HUMIDITY (PERCENT)
 HIGHEST   100           400 AM
 LOWEST     59           300 PM
 AVERAGE    80

..........................................................


THE GREENWOOD CLIMATE NORMALS FOR TODAY
                         NORMAL    RECORD    YEAR
 MAXIMUM TEMPERATURE (F)   92       102      1952
 MINIMUM TEMPERATURE (F)   71        57      2000


SUNRISE AND SUNSET
JULY 25 2014..........SUNRISE   608 AM CDT   SUNSET   805 PM CDT
JULY 26 2014..........SUNRISE   609 AM CDT   SUNSET   805 PM CDT


-  INDICATES NEGATIVE NUMBERS.
R  INDICATES RECORD WAS SET OR TIED.
MM INDICATES DATA IS MISSING.
T  INDICATES TRACE AMOUNT.




$$





U.S. Dept. of Commerce
NOAA National Weather Service
1325 East West Highway
Silver Spring, MD 20910
E-mail: w-nws.webmaster@noaa.gov
Page last modified: May 16, 2007
NATIONAL WEATHER SERVICE: for Safety, for Work, for Fun - FOR LIFE