902
CDUS44 KJAN 170710
CLIGWO


CLIMATE REPORT
NATIONAL WEATHER SERVICE JACKSON MS
207 AM CDT WED SEP 17 2014


...................................

...THE GREENWOOD CLIMATE SUMMARY FOR SEPTEMBER 16 2014...

CLIMATE NORMAL PERIOD 1981 TO 2010
CLIMATE RECORD PERIOD 1948 TO 2014


WEATHER ITEM   OBSERVED TIME   RECORD YEAR NORMAL DEPARTURE LAST
                VALUE   (LST)  VALUE       VALUE  FROM      YEAR
                                                  NORMAL
..................................................................
TEMPERATURE (F)
 YESTERDAY
  MAXIMUM         92    239 PM  98    1980  87      5       95
  MINIMUM         70    316 AM  44    2000  63      7       62
  AVERAGE         81                        75      6       79

PRECIPITATION (IN)
  YESTERDAY        0.01          1.25 1968   0.12  -0.11     0.00
  MONTH TO DATE    0.30                      1.89  -1.59     0.70
  SINCE SEP 1      0.30                      1.89  -1.59     0.70
  SINCE JAN 1     41.06                     35.96   5.10    38.95

SNOWFALL (IN)
  YESTERDAY        0.0

DEGREE DAYS
 HEATING
  YESTERDAY        0                         0      0        0
  MONTH TO DATE    0                         0      0        0
  SINCE SEP 1      0                         0      0        0
  SINCE JUL 1      0                         0      0        0

 COOLING
  YESTERDAY       16                        10      6       14
  MONTH TO DATE  228                       195     33      236
  SINCE SEP 1    228                       195     33      236
  SINCE JAN 1   1784                      1937   -153     1858
..................................................................


WIND (MPH)
  HIGHEST WIND SPEED     8   HIGHEST WIND DIRECTION     N (20)
  HIGHEST GUST SPEED     9   HIGHEST GUST DIRECTION     N (360)
  AVERAGE WIND SPEED     3.1


SKY COVER
  POSSIBLE SUNSHINE  MM
  AVERAGE SKY COVER 0.2


WEATHER CONDITIONS
 THE FOLLOWING WEATHER WAS RECORDED YESTERDAY.
  LIGHT RAIN
  FOG


RELATIVE HUMIDITY (PERCENT)
 HIGHEST    93          1200 AM
 LOWEST     38           200 PM
 AVERAGE    66

..........................................................


THE GREENWOOD CLIMATE NORMALS FOR TODAY
                         NORMAL    RECORD    YEAR
 MAXIMUM TEMPERATURE (F)   87        98      2010
                                             1953
 MINIMUM TEMPERATURE (F)   62        44      1999


SUNRISE AND SUNSET
SEPTEMBER 17 2014.....SUNRISE   645 AM CDT   SUNSET   704 PM CDT
SEPTEMBER 18 2014.....SUNRISE   646 AM CDT   SUNSET   703 PM CDT


-  INDICATES NEGATIVE NUMBERS.
R  INDICATES RECORD WAS SET OR TIED.
MM INDICATES DATA IS MISSING.
T  INDICATES TRACE AMOUNT.




$$





U.S. Dept. of Commerce
NOAA National Weather Service
1325 East West Highway
Silver Spring, MD 20910
E-mail: w-nws.webmaster@noaa.gov
Page last modified: May 16, 2007
NATIONAL WEATHER SERVICE: for Safety, for Work, for Fun - FOR LIFE