913
CDUS44 KJAN 282208
CLIGWO


CLIMATE REPORT
NATIONAL WEATHER SERVICE JACKSON MS
406 PM CST FRI NOV 28 2014


...................................

...THE GREENWOOD CLIMATE SUMMARY FOR NOVEMBER 28 2014...
VALID TODAY AS OF 0400 PM LOCAL TIME.

CLIMATE NORMAL PERIOD 1981 TO 2010
CLIMATE RECORD PERIOD 1948 TO 2014


WEATHER ITEM   OBSERVED TIME   RECORD YEAR NORMAL DEPARTURE LAST
                VALUE   (LST)  VALUE       VALUE  FROM      YEAR
                                                  NORMAL
..................................................................
TEMPERATURE (F)
 TODAY
  MAXIMUM         60    300 PM  80    1949  61     -1       48
  MINIMUM         29   1206 AM  19    2013  39    -10       19
  AVERAGE         45                        50     -5       34

PRECIPITATION (IN)
  TODAY            0.00          1.40 1990   0.19  -0.19     0.00
  MONTH TO DATE    3.06                      4.14  -1.08     3.99
  SINCE SEP 1      9.84                     11.67  -1.83    15.45
  SINCE JAN 1     50.60                     45.74   4.86    53.70

SNOWFALL (IN)
  TODAY            0.0

DEGREE DAYS
 HEATING
  TODAY           20                        15      5       31
  MONTH TO DATE  490                       306    184      405
  SINCE SEP 1    584                       437    147      521
  SINCE JUL 1    584                       437    147      521

 COOLING
  TODAY            0                         0      0        0
  MONTH TO DATE    0                        14    -14        6
  SINCE SEP 1    484                       414     70      476
  SINCE JAN 1   2040                      2156   -116     2098
..................................................................


WIND (MPH)
  HIGHEST WIND SPEED    15   HIGHEST WIND DIRECTION     S (180)
  HIGHEST GUST SPEED    18   HIGHEST GUST DIRECTION     S (190)
  AVERAGE WIND SPEED     6.2


SKY COVER
  POSSIBLE SUNSHINE  MM
  AVERAGE SKY COVER 0.0


WEATHER CONDITIONS
 THE FOLLOWING WEATHER WAS RECORDED TODAY.
  NO SIGNIFICANT WEATHER WAS OBSERVED.


RELATIVE HUMIDITY (PERCENT)
 HIGHEST    92          1200 AM
 LOWEST     24           200 PM
 AVERAGE    58

..........................................................


THE GREENWOOD CLIMATE NORMALS FOR TOMORROW
                         NORMAL    RECORD    YEAR
 MAXIMUM TEMPERATURE (F)   61        80      1970
 MINIMUM TEMPERATURE (F)   39        18      1976


SUNRISE AND SUNSET
NOVEMBER 28 2014......SUNRISE   644 AM CST   SUNSET   453 PM CST
NOVEMBER 29 2014......SUNRISE   645 AM CST   SUNSET   453 PM CST


-  INDICATES NEGATIVE NUMBERS.
R  INDICATES RECORD WAS SET OR TIED.
MM INDICATES DATA IS MISSING.
T  INDICATES TRACE AMOUNT.




$$





U.S. Dept. of Commerce
NOAA National Weather Service
1325 East West Highway
Silver Spring, MD 20910
E-mail: w-nws.webmaster@noaa.gov
Page last modified: May 16, 2007
NATIONAL WEATHER SERVICE: for Safety, for Work, for Fun - FOR LIFE