100
CDUS44 KJAN 210806
CLIGWO


CLIMATE REPORT
NATIONAL WEATHER SERVICE JACKSON MS
304 AM CDT TUE OCT 21 2014


...................................

...THE GREENWOOD CLIMATE SUMMARY FOR OCTOBER 20 2014...

CLIMATE NORMAL PERIOD 1981 TO 2010
CLIMATE RECORD PERIOD 1948 TO 2014


WEATHER ITEM   OBSERVED TIME   RECORD YEAR NORMAL DEPARTURE LAST
                VALUE   (LST)  VALUE       VALUE  FROM      YEAR
                                                  NORMAL
..................................................................
TEMPERATURE (F)
 YESTERDAY
  MAXIMUM         75    223 PM  88    1983  76     -1       69
  MINIMUM         45    122 AM  31    1989  50     -5       38
  AVERAGE         60                        63     -3       54

PRECIPITATION (IN)
  YESTERDAY        0.00          1.42 1984   0.13  -0.13     0.00
  MONTH TO DATE    5.80                      2.50   3.30     1.00
  SINCE SEP 1      6.18                      6.16   0.02     9.09
  SINCE JAN 1     46.94                     40.23   6.71    47.34

SNOWFALL (IN)
  YESTERDAY        0.0

DEGREE DAYS
 HEATING
  YESTERDAY        5                         4      1       11
  MONTH TO DATE   38                        55    -17       44
  SINCE SEP 1     38                        67    -29       44
  SINCE JUL 1     38                        67    -29       44

 COOLING
  YESTERDAY        0                         2     -2        0
  MONTH TO DATE  103                        75     28      101
  SINCE SEP 1    467                       380     87      459
  SINCE JAN 1   2023                      2122    -99     2081
..................................................................


WIND (MPH)
  HIGHEST WIND SPEED     8   HIGHEST WIND DIRECTION     N (350)
  HIGHEST GUST SPEED    12   HIGHEST GUST DIRECTION     W (290)
  AVERAGE WIND SPEED     2.0


SKY COVER
  POSSIBLE SUNSHINE  MM
  AVERAGE SKY COVER 0.0


WEATHER CONDITIONS
 THE FOLLOWING WEATHER WAS RECORDED YESTERDAY.
  FOG


RELATIVE HUMIDITY (PERCENT)
 HIGHEST   100           200 AM
 LOWEST     41           200 PM
 AVERAGE    71

..........................................................


THE GREENWOOD CLIMATE NORMALS FOR TODAY
                         NORMAL    RECORD    YEAR
 MAXIMUM TEMPERATURE (F)   75        87      2003
 MINIMUM TEMPERATURE (F)   50        27      2011


SUNRISE AND SUNSET
OCTOBER 21 2014.......SUNRISE   710 AM CDT   SUNSET   620 PM CDT
OCTOBER 22 2014.......SUNRISE   711 AM CDT   SUNSET   618 PM CDT


-  INDICATES NEGATIVE NUMBERS.
R  INDICATES RECORD WAS SET OR TIED.
MM INDICATES DATA IS MISSING.
T  INDICATES TRACE AMOUNT.




$$





U.S. Dept. of Commerce
NOAA National Weather Service
1325 East West Highway
Silver Spring, MD 20910
E-mail: w-nws.webmaster@noaa.gov
Page last modified: May 16, 2007
NATIONAL WEATHER SERVICE: for Safety, for Work, for Fun - FOR LIFE