489
CDUS44 KJAN 010746
CLIGWO


CLIMATE REPORT
NATIONAL WEATHER SERVICE JACKSON MS
241 AM CDT FRI AUG 1 2014


...................................

...THE GREENWOOD CLIMATE SUMMARY FOR JULY 31 2014...

CLIMATE NORMAL PERIOD 1981 TO 2010
CLIMATE RECORD PERIOD 1948 TO 2014


WEATHER ITEM   OBSERVED TIME   RECORD YEAR NORMAL DEPARTURE LAST
                VALUE   (LST)  VALUE       VALUE  FROM      YEAR
                                                  NORMAL
..................................................................
TEMPERATURE (F)
 YESTERDAY
  MAXIMUM         85    241 PM 103    1986  92     -7       89
  MINIMUM         68   1038 PM  61    1971  71     -3       73
  AVERAGE         77                        82     -5       81

PRECIPITATION (IN)
  YESTERDAY        0.02          3.54 1973   0.09  -0.07      T
  MONTH TO DATE    5.59                      3.60   1.99     2.27
  SINCE JUN 1     14.62                      7.91   6.71     5.31
  SINCE JAN 1     37.74                     31.24   6.50    35.72

SNOWFALL (IN)
  YESTERDAY        0.0

DEGREE DAYS
 HEATING
  YESTERDAY        0                         0      0        0
  MONTH TO DATE    0                         0      0        0
  SINCE JUN 1      0                         0      0        0
  SINCE JUL 1      0                         0      0        0

 COOLING
  YESTERDAY       12                        16     -4       16
  MONTH TO DATE  372                       505   -133      439
  SINCE JUN 1    796                       918   -122      858
  SINCE JAN 1   1090                      1248   -158     1134
..................................................................


WIND (MPH)
  HIGHEST WIND SPEED     9   HIGHEST WIND DIRECTION    NE (30)
  HIGHEST GUST SPEED    12   HIGHEST GUST DIRECTION    NE (30)
  AVERAGE WIND SPEED     1.8


SKY COVER
  POSSIBLE SUNSHINE  MM
  AVERAGE SKY COVER 0.6


WEATHER CONDITIONS
 THE FOLLOWING WEATHER WAS RECORDED YESTERDAY.
  LIGHT RAIN
  FOG


RELATIVE HUMIDITY (PERCENT)
 HIGHEST    97          1200 AM
 LOWEST     51           200 PM
 AVERAGE    74

..........................................................


THE GREENWOOD CLIMATE NORMALS FOR TODAY
                         NORMAL    RECORD    YEAR
 MAXIMUM TEMPERATURE (F)   92       101      2010
 MINIMUM TEMPERATURE (F)   71        65      1949
                                             1948


SUNRISE AND SUNSET
AUGUST  1 2014........SUNRISE   613 AM CDT   SUNSET   800 PM CDT
AUGUST  2 2014........SUNRISE   613 AM CDT   SUNSET   759 PM CDT


-  INDICATES NEGATIVE NUMBERS.
R  INDICATES RECORD WAS SET OR TIED.
MM INDICATES DATA IS MISSING.
T  INDICATES TRACE AMOUNT.




$$





U.S. Dept. of Commerce
NOAA National Weather Service
1325 East West Highway
Silver Spring, MD 20910
E-mail: w-nws.webmaster@noaa.gov
Page last modified: May 16, 2007
NATIONAL WEATHER SERVICE: for Safety, for Work, for Fun - FOR LIFE