147
CDUS44 KJAN 310808
CLIGWO


CLIMATE REPORT
NATIONAL WEATHER SERVICE JACKSON MS
204 AM CST SAT JAN 31 2015


...................................

...THE GREENWOOD CLIMATE SUMMARY FOR JANUARY 30 2015...

CLIMATE NORMAL PERIOD 1981 TO 2010
CLIMATE RECORD PERIOD 1948 TO 2015


WEATHER ITEM   OBSERVED TIME   RECORD YEAR NORMAL DEPARTURE LAST
                VALUE   (LST)  VALUE       VALUE  FROM      YEAR
                                                  NORMAL
..................................................................
TEMPERATURE (F)
 YESTERDAY
  MAXIMUM         55    349 PM  76    2002  55      0       48
  MINIMUM         30   1153 PM   3    1966  34     -4       13
  AVERAGE         43                        44     -1       31

PRECIPITATION (IN)
  YESTERDAY        0.00          1.00 1996   0.16  -0.16     0.00
  MONTH TO DATE    4.44                      4.36   0.08     1.57
  SINCE DEC 1      9.96                     10.01  -0.05     6.26
  SINCE JAN 1      4.44                      4.36   0.08     1.57

SNOWFALL (IN)
  YESTERDAY        0.0

DEGREE DAYS
 HEATING
  YESTERDAY       22                        21      1       34
  MONTH TO DATE  682                       654     28      844
  SINCE DEC 1   1194                      1252    -58     1488
  SINCE JUL 1   1782                      1720     62     2055

 COOLING
  YESTERDAY        0                         0      0        0
  MONTH TO DATE    0                         0      0        0
  SINCE DEC 1      1                         5     -4       11
  SINCE JAN 1      0                         0      0        0
..................................................................


WIND (MPH)
  HIGHEST WIND SPEED    14   HIGHEST WIND DIRECTION     N (10)
  HIGHEST GUST SPEED    20   HIGHEST GUST DIRECTION     N (20)
  AVERAGE WIND SPEED     5.6


SKY COVER
  POSSIBLE SUNSHINE  MM
  AVERAGE SKY COVER 0.1


WEATHER CONDITIONS
 THE FOLLOWING WEATHER WAS RECORDED YESTERDAY.
  NO SIGNIFICANT WEATHER WAS OBSERVED.


RELATIVE HUMIDITY (PERCENT)
 HIGHEST    92           600 AM
 LOWEST     38           200 PM
 AVERAGE    65

..........................................................


THE GREENWOOD CLIMATE NORMALS FOR TODAY
                         NORMAL    RECORD    YEAR
 MAXIMUM TEMPERATURE (F)   55        81      2002
 MINIMUM TEMPERATURE (F)   34         9      1966


SUNRISE AND SUNSET
JANUARY 31 2015.......SUNRISE   657 AM CST   SUNSET   531 PM CST
FEBRUARY  1 2015......SUNRISE   657 AM CST   SUNSET   532 PM CST


-  INDICATES NEGATIVE NUMBERS.
R  INDICATES RECORD WAS SET OR TIED.
MM INDICATES DATA IS MISSING.
T  INDICATES TRACE AMOUNT.




$$





U.S. Dept. of Commerce
NOAA National Weather Service
1325 East West Highway
Silver Spring, MD 20910
E-mail: w-nws.webmaster@noaa.gov
Page last modified: May 16, 2007
NATIONAL WEATHER SERVICE: for Safety, for Work, for Fun - FOR LIFE