114
CDUS44 KAMA 142135
CLIGUY


CLIMATE REPORT
NATIONAL WEATHER SERVICE AMARILLO TX
435 PM CDT SUN SEP 14 2014


...................................

...THE GUYMON CLIMATE SUMMARY FOR SEPTEMBER 14 2014...
VALID TODAY AS OF 0400 PM LOCAL TIME.

CLIMATE NORMAL PERIOD 1981 TO 2010
CLIMATE RECORD PERIOD 1998 TO 2014


WEATHER ITEM   OBSERVED TIME   NORMAL DEPARTURE LAST
                VALUE   (LST)  VALUE  FROM      YEAR
                                      NORMAL
......................................................
TEMPERATURE (F)
 TODAY
  MAXIMUM         86    325 PM  86      0       84
  MINIMUM         52    633 AM  57     -5       63
  AVERAGE         69            72     -3       74

PRECIPITATION (IN)
  TODAY            0.00          0.05  -0.05     0.15
  MONTH TO DATE    1.70          0.88   0.82     1.52
  SINCE SEP 1      1.70          0.88   0.82     1.52
  SINCE JAN 1     10.14         15.65  -5.51    12.07

SNOWFALL (IN)
  TODAY            0.0                           0.0
  MONTH TO DATE    0.0                           0.0
  SINCE SEP 1      0.0                           0.0
  SINCE JUL 1      0.0                           0.0
  SNOW DEPTH       0

DEGREE DAYS
 HEATING
  TODAY            0             1     -1        0
  MONTH TO DATE   26             4     22        0
  SINCE SEP 1     26             4     22        0
  SINCE JUL 1     30             5     25        0

 COOLING
  TODAY            4             7     -3        9
  MONTH TO DATE  111           128    -17      184
  SINCE SEP 1    111           128    -17      184
  SINCE JAN 1   1557          1377    180     1735
......................................................


WIND (MPH)
  RESULTANT WIND SPEED  13   RESULTANT WIND DIRECTION   S (190)
  HIGHEST WIND SPEED    29   HIGHEST WIND DIRECTION     S (200)
  HIGHEST GUST SPEED    37   HIGHEST GUST DIRECTION     S (200)
  AVERAGE WIND SPEED    13.6


SKY COVER
  AVERAGE SKY COVER 0.0


WEATHER CONDITIONS
 THE FOLLOWING WEATHER WAS RECORDED TODAY.
  NO SIGNIFICANT WEATHER WAS OBSERVED.


RELATIVE HUMIDITY (PERCENT)
 HIGHEST    93           200 AM
 LOWEST     42           300 PM
 AVERAGE    68

..........................................................


THE GUYMON CLIMATE NORMALS FOR TOMORROW
                         NORMAL
 MAXIMUM TEMPERATURE (F)   86
 MINIMUM TEMPERATURE (F)   56


SUNRISE AND SUNSET
SEPTEMBER 14 2014.....SUNRISE   727 AM CDT   SUNSET   755 PM CDT
SEPTEMBER 15 2014.....SUNRISE   728 AM CDT   SUNSET   753 PM CDT


-  INDICATES NEGATIVE NUMBERS.
R  INDICATES RECORD WAS SET OR TIED.
MM INDICATES DATA IS MISSING.
T  INDICATES TRACE AMOUNT.




$$





U.S. Dept. of Commerce
NOAA National Weather Service
1325 East West Highway
Silver Spring, MD 20910
E-mail: w-nws.webmaster@noaa.gov
Page last modified: May 16, 2007
NATIONAL WEATHER SERVICE: for Safety, for Work, for Fun - FOR LIFE