582
CDUS44 KAMA 240740
CLIGUY


CLIMATE REPORT
NATIONAL WEATHER SERVICE AMARILLO TX
139 AM CST MON NOV 24 2014


...................................

...THE GUYMON CLIMATE SUMMARY FOR NOVEMBER 23 2014...

CLIMATE NORMAL PERIOD 1981 TO 2010
CLIMATE RECORD PERIOD 1998 TO 2014


WEATHER ITEM   OBSERVED TIME   NORMAL DEPARTURE LAST
                VALUE   (LST)  VALUE  FROM      YEAR
                                      NORMAL
......................................................
TEMPERATURE (F)
 YESTERDAY
  MAXIMUM         53    628 AM  57     -4       33
  MINIMUM         32   1125 PM  28      4       24
  AVERAGE         43            42      1       29

PRECIPITATION (IN)
  YESTERDAY        T             0.02  -0.02     0.07
  MONTH TO DATE    0.14          0.44  -0.30     0.49
  SINCE SEP 1      3.87          3.80   0.07     4.26
  SINCE JAN 1     12.31         18.57  -6.26    14.81

SNOWFALL (IN)
  YESTERDAY        0.0                           1.5
  MONTH TO DATE    3.0                           2.2
  SINCE SEP 1      3.0                           2.2
  SINCE JUL 1      3.0                           2.2
  SNOW DEPTH       0

DEGREE DAYS
 HEATING
  YESTERDAY       22            23     -1       36
  MONTH TO DATE  494           410     84      412
  SINCE SEP 1    664           718    -54      683
  SINCE JUL 1    668           719    -51      683

 COOLING
  YESTERDAY        0             0      0        0
  MONTH TO DATE    0             0      0        0
  SINCE SEP 1    260           232     28      295
  SINCE JAN 1   1706          1481    225     1846
......................................................


WIND (MPH)
  RESULTANT WIND SPEED  13   RESULTANT WIND DIRECTION   N (340)
  HIGHEST WIND SPEED    44   HIGHEST WIND DIRECTION     N (360)
  HIGHEST GUST SPEED    54   HIGHEST GUST DIRECTION     N (360)
  AVERAGE WIND SPEED    17.5


SKY COVER
  AVERAGE SKY COVER 0.3


WEATHER CONDITIONS
 THE FOLLOWING WEATHER WAS RECORDED YESTERDAY.
  LIGHT RAIN


RELATIVE HUMIDITY (PERCENT)
 HIGHEST    89          1200 AM
 LOWEST     19           500 PM
 AVERAGE    54

..........................................................


THE GUYMON CLIMATE NORMALS FOR TODAY
                         NORMAL
 MAXIMUM TEMPERATURE (F)   56
 MINIMUM TEMPERATURE (F)   27


SUNRISE AND SUNSET
NOVEMBER 24 2014......SUNRISE   733 AM CST   SUNSET   532 PM CST
NOVEMBER 25 2014......SUNRISE   734 AM CST   SUNSET   532 PM CST


-  INDICATES NEGATIVE NUMBERS.
R  INDICATES RECORD WAS SET OR TIED.
MM INDICATES DATA IS MISSING.
T  INDICATES TRACE AMOUNT.




$$






U.S. Dept. of Commerce
NOAA National Weather Service
1325 East West Highway
Silver Spring, MD 20910
E-mail: w-nws.webmaster@noaa.gov
Page last modified: May 16, 2007
NATIONAL WEATHER SERVICE: for Safety, for Work, for Fun - FOR LIFE