324
CDUS44 KAMA 250630
CLIGUY


CLIMATE REPORT
NATIONAL WEATHER SERVICE AMARILLO TX
130 AM CDT FRI APR 25 2014


...................................

...THE GUYMON CLIMATE SUMMARY FOR APRIL 24 2014...

CLIMATE NORMAL PERIOD 1981 TO 2010
CLIMATE RECORD PERIOD 1998 TO 2014


WEATHER ITEM   OBSERVED TIME   NORMAL DEPARTURE LAST
                VALUE   (LST)  VALUE  FROM      YEAR
                                      NORMAL
......................................................
TEMPERATURE (F)
 YESTERDAY
  MAXIMUM         72    553 PM  73     -1       65
  MINIMUM         46    707 AM  43      3       19
  AVERAGE         59            58      1       42

PRECIPITATION (IN)
  YESTERDAY        0.02          0.05  -0.03     0.00
  MONTH TO DATE    0.55          1.20  -0.65     0.18
  SINCE MAR 1      0.76          2.63  -1.87     0.32
  SINCE JAN 1      1.10          3.50  -2.40     1.88

SNOWFALL (IN)
  YESTERDAY       MM                             0.0
  MONTH TO DATE    2.0                            T
  SINCE MAR 1      3.5                           2.5
  SINCE JUL 1     16.2                          22.0
  SNOW DEPTH       0

DEGREE DAYS
 HEATING
  YESTERDAY        6             8     -2       23
  MONTH TO DATE  236           266    -30      398
  SINCE MAR 1    841           847     -6      956
  SINCE JUL 1   4407          4314     93     4189

 COOLING
  YESTERDAY        0             1     -1        0
  MONTH TO DATE   18             4     14        6
  SINCE MAR 1     19             6     13        6
  SINCE JAN 1     19             6     13        6
......................................................


WIND (MPH)
  RESULTANT WIND SPEED  14   RESULTANT WIND DIRECTION   N (340)
  HIGHEST WIND SPEED    48   HIGHEST WIND DIRECTION     N (360)
  HIGHEST GUST SPEED    60   HIGHEST GUST DIRECTION     N (360)
  AVERAGE WIND SPEED    15.7


SKY COVER
  AVERAGE SKY COVER 0.3


WEATHER CONDITIONS
 THE FOLLOWING WEATHER WAS RECORDED YESTERDAY.
  LIGHT RAIN
  HAZE


RELATIVE HUMIDITY (PERCENT)
 HIGHEST    80           800 AM
 LOWEST     13           600 PM
 AVERAGE    47

..........................................................


THE GUYMON CLIMATE NORMALS FOR TODAY
                         NORMAL
 MAXIMUM TEMPERATURE (F)   73
 MINIMUM TEMPERATURE (F)   43


SUNRISE AND SUNSET
APRIL 25 2014.........SUNRISE   659 AM CDT   SUNSET   829 PM CDT
APRIL 26 2014.........SUNRISE   658 AM CDT   SUNSET   830 PM CDT


-  INDICATES NEGATIVE NUMBERS.
R  INDICATES RECORD WAS SET OR TIED.
MM INDICATES DATA IS MISSING.
T  INDICATES TRACE AMOUNT.




$$





U.S. Dept. of Commerce
NOAA National Weather Service
1325 East West Highway
Silver Spring, MD 20910
E-mail: w-nws.webmaster@noaa.gov
Page last modified: May 16, 2007
NATIONAL WEATHER SERVICE: for Safety, for Work, for Fun - FOR LIFE