246
CDUS44 KAMA 221408
CLIGUY


CLIMATE REPORT
NATIONAL WEATHER SERVICE AMARILLO TX
908 AM CDT MON SEP 22 2014


...................................

...THE GUYMON CLIMATE SUMMARY FOR SEPTEMBER 22 2014...
VALID AS OF 0900 AM LOCAL TIME.

CLIMATE NORMAL PERIOD 1981 TO 2010
CLIMATE RECORD PERIOD 1998 TO 2014


WEATHER ITEM   OBSERVED TIME   NORMAL DEPARTURE LAST
                VALUE   (LST)  VALUE  FROM      YEAR
                                      NORMAL
......................................................
TEMPERATURE (F)
 TODAY
  MINIMUM         58    558 AM  53      5       56

PRECIPITATION (IN)
  TODAY            0.00          0.05  -0.05     0.00
  MONTH TO DATE    1.70          1.33   0.37     2.29
  SINCE SEP 1      1.70          1.33   0.37     2.29
  SINCE JAN 1     10.14         16.10  -5.96    12.84

SNOWFALL (IN)
  TODAY            0.0                           0.0
  MONTH TO DATE    0.0                           0.0
  SINCE SEP 1      0.0                           0.0
  SINCE JUL 1      0.0                           0.0
  SNOW DEPTH       0

......................................................


WIND (MPH)
  RESULTANT WIND SPEED   3   RESULTANT WIND DIRECTION  SE (140)
  HIGHEST WIND SPEED     9   HIGHEST WIND DIRECTION    SE (140)
  HIGHEST GUST SPEED    13   HIGHEST GUST DIRECTION    SE (140)
  AVERAGE WIND SPEED     3.3


SKY COVER
  AVERAGE SKY COVER 0.6


WEATHER CONDITIONS
 THE FOLLOWING WEATHER WAS RECORDED TODAY.
  NO SIGNIFICANT WEATHER WAS OBSERVED.


RELATIVE HUMIDITY (PERCENT)
 HIGHEST    67           600 AM
 LOWEST     56          1200 AM
 AVERAGE    62

..........................................................


THE GUYMON CLIMATE NORMALS FOR TOMORROW
                         NORMAL
 MAXIMUM TEMPERATURE (F)   82
 MINIMUM TEMPERATURE (F)   53


SUNRISE AND SUNSET
SEPTEMBER 22 2014.....SUNRISE   734 AM CDT   SUNSET   743 PM CDT
SEPTEMBER 23 2014.....SUNRISE   735 AM CDT   SUNSET   741 PM CDT


-  INDICATES NEGATIVE NUMBERS.
R  INDICATES RECORD WAS SET OR TIED.
MM INDICATES DATA IS MISSING.
T  INDICATES TRACE AMOUNT.




$$





U.S. Dept. of Commerce
NOAA National Weather Service
1325 East West Highway
Silver Spring, MD 20910
E-mail: w-nws.webmaster@noaa.gov
Page last modified: May 16, 2007
NATIONAL WEATHER SERVICE: for Safety, for Work, for Fun - FOR LIFE