808
CDUS44 KAMA 230703
CLIGUY


CLIMATE REPORT
NATIONAL WEATHER SERVICE AMARILLO TX
201 AM CDT THU OCT 23 2014


...................................

...THE GUYMON CLIMATE SUMMARY FOR OCTOBER 22 2014...

CLIMATE NORMAL PERIOD 1981 TO 2010
CLIMATE RECORD PERIOD 1998 TO 2014


WEATHER ITEM   OBSERVED TIME   NORMAL DEPARTURE LAST
                VALUE   (LST)  VALUE  FROM      YEAR
                                      NORMAL
......................................................
TEMPERATURE (F)
 YESTERDAY
  MAXIMUM         78    406 PM  70      8       75
  MINIMUM         56    251 AM  40     16       44
  AVERAGE         67            55     12       60

PRECIPITATION (IN)
  YESTERDAY        0.01          0.05  -0.04     0.00
  MONTH TO DATE    1.88          1.25   0.63     0.69
  SINCE SEP 1      3.73          3.04   0.69     3.46
  SINCE JAN 1     12.17         17.81  -5.64    14.01

SNOWFALL (IN)
  YESTERDAY        0.0                           0.0
  MONTH TO DATE    T                              T
  SINCE SEP 1      T                              T
  SINCE JUL 1      T                              T
  SNOW DEPTH       0

DEGREE DAYS
 HEATING
  YESTERDAY        0            10    -10        5
  MONTH TO DATE   85           158    -73      168
  SINCE SEP 1    111           200    -89      176
  SINCE JUL 1    115           201    -86      176

 COOLING
  YESTERDAY        2             0      2        0
  MONTH TO DATE   17            25     -8       25
  SINCE SEP 1    244           230     14      295
  SINCE JAN 1   1690          1479    211     1846
......................................................


WIND (MPH)
  RESULTANT WIND SPEED  12   RESULTANT WIND DIRECTION   S (180)
  HIGHEST WIND SPEED    23   HIGHEST WIND DIRECTION     S (200)
  HIGHEST GUST SPEED    29   HIGHEST GUST DIRECTION    SW (210)
  AVERAGE WIND SPEED    12.4


SKY COVER
  AVERAGE SKY COVER 0.4


WEATHER CONDITIONS
 THE FOLLOWING WEATHER WAS RECORDED YESTERDAY.
  LIGHT RAIN


RELATIVE HUMIDITY (PERCENT)
 HIGHEST    97          1100 PM
 LOWEST     45           400 PM
 AVERAGE    71

..........................................................


THE GUYMON CLIMATE NORMALS FOR TODAY
                         NORMAL
 MAXIMUM TEMPERATURE (F)   70
 MINIMUM TEMPERATURE (F)   40


SUNRISE AND SUNSET
OCTOBER 23 2014.......SUNRISE   801 AM CDT   SUNSET   659 PM CDT
OCTOBER 24 2014.......SUNRISE   802 AM CDT   SUNSET   658 PM CDT


-  INDICATES NEGATIVE NUMBERS.
R  INDICATES RECORD WAS SET OR TIED.
MM INDICATES DATA IS MISSING.
T  INDICATES TRACE AMOUNT.




$$





U.S. Dept. of Commerce
NOAA National Weather Service
1325 East West Highway
Silver Spring, MD 20910
E-mail: w-nws.webmaster@noaa.gov
Page last modified: May 16, 2007
NATIONAL WEATHER SERVICE: for Safety, for Work, for Fun - FOR LIFE