726
CDUS44 KAMA 302138
CLIGUY


CLIMATE REPORT
NATIONAL WEATHER SERVICE AMARILLO TX
437 PM CDT THU OCT 30 2014


...................................

...THE GUYMON CLIMATE SUMMARY FOR OCTOBER 30 2014...
VALID TODAY AS OF 0400 PM LOCAL TIME.

CLIMATE NORMAL PERIOD 1981 TO 2010
CLIMATE RECORD PERIOD 1998 TO 2014


WEATHER ITEM   OBSERVED TIME   NORMAL DEPARTURE LAST
                VALUE   (LST)  VALUE  FROM      YEAR
                                      NORMAL
......................................................
TEMPERATURE (F)
 TODAY
  MAXIMUM         73    232 PM  67      6       76
  MINIMUM         40    247 AM  37      3       47
  AVERAGE         57            52      5       62

PRECIPITATION (IN)
  TODAY            0.00          0.03  -0.03      T
  MONTH TO DATE    1.88          1.55   0.33     0.70
  SINCE SEP 1      3.73          3.34   0.39     3.47
  SINCE JAN 1     12.17         18.11  -5.94    14.02

SNOWFALL (IN)
  TODAY            0.0                           0.0
  MONTH TO DATE    T                              T
  SINCE SEP 1      T                              T
  SINCE JUL 1      T                              T
  SNOW DEPTH       0

DEGREE DAYS
 HEATING
  TODAY            8            13     -5        3
  MONTH TO DATE  125           253   -128      249
  SINCE SEP 1    151           295   -144      257
  SINCE JUL 1    155           296   -141      257

 COOLING
  TODAY            0             0      0        0
  MONTH TO DATE   33            25      8       25
  SINCE SEP 1    260           230     30      295
  SINCE JAN 1   1706          1479    227     1846
......................................................


WIND (MPH)
  RESULTANT WIND SPEED   8   RESULTANT WIND DIRECTION   N (360)
  HIGHEST WIND SPEED    18   HIGHEST WIND DIRECTION     N (10)
  HIGHEST GUST SPEED    22   HIGHEST GUST DIRECTION     N (360)
  AVERAGE WIND SPEED    10.1


SKY COVER
  AVERAGE SKY COVER 0.0


WEATHER CONDITIONS
 THE FOLLOWING WEATHER WAS RECORDED TODAY.
  NO SIGNIFICANT WEATHER WAS OBSERVED.


RELATIVE HUMIDITY (PERCENT)
 HIGHEST    82           200 AM
 LOWEST     22           200 PM
 AVERAGE    52

..........................................................


THE GUYMON CLIMATE NORMALS FOR TOMORROW
                         NORMAL
 MAXIMUM TEMPERATURE (F)   67
 MINIMUM TEMPERATURE (F)   37


SUNRISE AND SUNSET
OCTOBER 30 2014.......SUNRISE   808 AM CDT   SUNSET   651 PM CDT
OCTOBER 31 2014.......SUNRISE   809 AM CDT   SUNSET   650 PM CDT


-  INDICATES NEGATIVE NUMBERS.
R  INDICATES RECORD WAS SET OR TIED.
MM INDICATES DATA IS MISSING.
T  INDICATES TRACE AMOUNT.




$$






U.S. Dept. of Commerce
NOAA National Weather Service
1325 East West Highway
Silver Spring, MD 20910
E-mail: w-nws.webmaster@noaa.gov
Page last modified: May 16, 2007
NATIONAL WEATHER SERVICE: for Safety, for Work, for Fun - FOR LIFE