670
CDUS44 KAMA 300644
CLIGUY


CLIMATE REPORT
NATIONAL WEATHER SERVICE AMARILLO TX
144 AM CDT TUE SEP 30 2014


...................................

...THE GUYMON CLIMATE SUMMARY FOR SEPTEMBER 29 2014...

CLIMATE NORMAL PERIOD 1981 TO 2010
CLIMATE RECORD PERIOD 1998 TO 2014


WEATHER ITEM   OBSERVED TIME   NORMAL DEPARTURE LAST
                VALUE   (LST)  VALUE  FROM      YEAR
                                      NORMAL
......................................................
TEMPERATURE (F)
 YESTERDAY
  MAXIMUM         84    339 PM  79      5       81
  MINIMUM         57    702 AM  50      7       44
  AVERAGE         71            64      7       63

PRECIPITATION (IN)
  YESTERDAY        0.02          0.06  -0.04     0.00
  MONTH TO DATE    1.85          1.72   0.13     2.77
  SINCE SEP 1      1.85          1.72   0.13     2.77
  SINCE JAN 1     10.29         16.49  -6.20    13.32

SNOWFALL (IN)
  YESTERDAY        0.0                           0.0
  MONTH TO DATE    0.0                           0.0
  SINCE SEP 1      0.0                           0.0
  SINCE JUL 1      0.0                           0.0
  SNOW DEPTH       0

DEGREE DAYS
 HEATING
  YESTERDAY        0             4     -4        2
  MONTH TO DATE   26            36    -10        8
  SINCE SEP 1     26            36    -10        8
  SINCE JUL 1     30            37     -7        8

 COOLING
  YESTERDAY        6             3      3        0
  MONTH TO DATE  222           201     21      270
  SINCE SEP 1    222           201     21      270
  SINCE JAN 1   1668          1450    218     1821
......................................................


WIND (MPH)
  RESULTANT WIND SPEED  15   RESULTANT WIND DIRECTION   S (180)
  HIGHEST WIND SPEED    25   HIGHEST WIND DIRECTION     S (180)
  HIGHEST GUST SPEED    33   HIGHEST GUST DIRECTION     S (180)
  AVERAGE WIND SPEED    15.3


SKY COVER
  AVERAGE SKY COVER 0.2


WEATHER CONDITIONS
 THE FOLLOWING WEATHER WAS RECORDED YESTERDAY.
  THUNDERSTORM
  LIGHT RAIN


RELATIVE HUMIDITY (PERCENT)
 HIGHEST    86           400 AM
 LOWEST     37           300 PM
 AVERAGE    62

..........................................................


THE GUYMON CLIMATE NORMALS FOR TODAY
                         NORMAL
 MAXIMUM TEMPERATURE (F)   79
 MINIMUM TEMPERATURE (F)   49


SUNRISE AND SUNSET
SEPTEMBER 30 2014.....SUNRISE   740 AM CDT   SUNSET   731 PM CDT
OCTOBER  1 2014.......SUNRISE   741 AM CDT   SUNSET   729 PM CDT


-  INDICATES NEGATIVE NUMBERS.
R  INDICATES RECORD WAS SET OR TIED.
MM INDICATES DATA IS MISSING.
T  INDICATES TRACE AMOUNT.




$$





U.S. Dept. of Commerce
NOAA National Weather Service
1325 East West Highway
Silver Spring, MD 20910
E-mail: w-nws.webmaster@noaa.gov
Page last modified: May 16, 2007
NATIONAL WEATHER SERVICE: for Safety, for Work, for Fun - FOR LIFE