303
CDUS45 KTFX 020956
CLIGTF


CLIMATE REPORT
NATIONAL WEATHER SERVICE GREAT FALLS MT
356 AM MDT TUE SEP 2 2014


...................................

...THE GREAT FALLS MT CLIMATE SUMMARY FOR SEPTEMBER 1 2014...

CLIMATE NORMAL PERIOD 1981 TO 2010
CLIMATE RECORD PERIOD 1886 TO 2014


WEATHER ITEM   OBSERVED TIME   RECORD YEAR NORMAL DEPARTURE LAST
                VALUE   (LST)  VALUE       VALUE  FROM      YEAR
                                                  NORMAL
..................................................................
TEMPERATURE (F)
 YESTERDAY
  MAXIMUM         72    347 PM  97    1967  77     -5       93
  MINIMUM         45    334 AM  34    1930  47     -2       46
  AVERAGE         59                        62     -3       70

PRECIPITATION (IN)
  YESTERDAY        0.00          1.02 1910   0.05  -0.05     0.00
  MONTH TO DATE    0.00                      0.05  -0.05     0.00
  SINCE OCT 1     18.51                     13.38   5.13    12.23
  SINCE JAN 1     16.46                     11.38   5.08     8.89

SNOWFALL (IN)
  YESTERDAY        0.0           0.0  2002   0.0    0.0      0.0
  MONTH TO DATE    0.0                       0.0    0.0      0.0
  SINCE SEP 1      0.0                       0.0    0.0      0.0
  SINCE JUL 1      0.0                       0.3   -0.3      0.0
  SNOW DEPTH       0

DEGREE DAYS
 HEATING
  YESTERDAY        6                         5      1        0
  MONTH TO DATE    6                         5      1        0
  SINCE SEP 1      6                         5      1        0
  SINCE JUL 1     76                       126    -50       24

 COOLING
  YESTERDAY        0                         2     -2        5
  MONTH TO DATE    0                         2     -2        5
  SINCE SEP 1      0                         2     -2        5
  SINCE JAN 1    324                       278     46      374
..................................................................


WIND (MPH)
  HIGHEST WIND SPEED    25   HIGHEST WIND DIRECTION     W (270)
  HIGHEST GUST SPEED    31   HIGHEST GUST DIRECTION     W (270)
  AVERAGE WIND SPEED    12.2


SKY COVER
  AVERAGE SKY COVER 0.4


WEATHER CONDITIONS
 THE FOLLOWING WEATHER WAS RECORDED YESTERDAY.
  NO SIGNIFICANT WEATHER WAS OBSERVED.


RELATIVE HUMIDITY (PERCENT)
 HIGHEST    76           200 AM
 LOWEST     26           400 PM
 AVERAGE    51

..........................................................


THE GREAT FALLS MT CLIMATE NORMALS FOR TODAY
                         NORMAL    RECORD    YEAR
 MAXIMUM TEMPERATURE (F)   76        96      1969
 MINIMUM TEMPERATURE (F)   46        33      1962
                                             1961


SUNRISE AND SUNSET
SEPTEMBER  2 2014.....SUNRISE   646 AM MDT   SUNSET   804 PM MDT
SEPTEMBER  3 2014.....SUNRISE   647 AM MDT   SUNSET   802 PM MDT


-  INDICATES NEGATIVE NUMBERS.
R  INDICATES RECORD WAS SET OR TIED.
MM INDICATES DATA IS MISSING.
T  INDICATES TRACE AMOUNT.




$$





U.S. Dept. of Commerce
NOAA National Weather Service
1325 East West Highway
Silver Spring, MD 20910
E-mail: w-nws.webmaster@noaa.gov
Page last modified: May 16, 2007
NATIONAL WEATHER SERVICE: for Safety, for Work, for Fun - FOR LIFE