837
CDUS45 KTFX 241028
CLIGTF


CLIMATE REPORT
NATIONAL WEATHER SERVICE GREAT FALLS MT
428 AM MDT FRI OCT 24 2014


...................................

...THE GREAT FALLS MT CLIMATE SUMMARY FOR OCTOBER 23 2014...

CLIMATE NORMAL PERIOD 1981 TO 2010
CLIMATE RECORD PERIOD 1886 TO 2014


WEATHER ITEM   OBSERVED TIME   RECORD YEAR NORMAL DEPARTURE LAST
                VALUE   (LST)  VALUE       VALUE  FROM      YEAR
                                                  NORMAL
..................................................................
TEMPERATURE (F)
 YESTERDAY
  MAXIMUM         62    145 PM  79    1915  55      7       59
  MINIMUM         47   1112 PM  10    1957  31     16       30
  AVERAGE         55                        43     12       45

PRECIPITATION (IN)
  YESTERDAY        0.00          0.89 1954   0.02  -0.02     0.00
  MONTH TO DATE    0.47                      0.68  -0.21     0.36
  SINCE OCT 1      0.47                      0.68  -0.21     0.36
  SINCE JAN 1     17.65                     13.43   4.22    10.09

SNOWFALL (IN)
  YESTERDAY        0.0           2.8  1954   0.2   -0.2      0.0
  MONTH TO DATE    1.1                       2.7   -1.6       T
  SINCE SEP 1      1.1                       3.9   -2.8       T
  SINCE JUL 1      1.1                       4.2   -3.1       T
  SNOW DEPTH       0

DEGREE DAYS
 HEATING
  YESTERDAY       10                        22    -12       20
  MONTH TO DATE  259                       422   -163      461
  SINCE SEP 1    514                       708   -194      627
  SINCE JUL 1    584                       829   -245      651

 COOLING
  YESTERDAY        0                         0      0        0
  MONTH TO DATE    1                         0      1        0
  SINCE SEP 1     26                        21      5       80
  SINCE JAN 1    350                       297     53      449
..................................................................


WIND (MPH)
  HIGHEST WIND SPEED    29   HIGHEST WIND DIRECTION    SW (230)
  HIGHEST GUST SPEED    35   HIGHEST GUST DIRECTION    SW (230)
  AVERAGE WIND SPEED    16.5


SKY COVER
  AVERAGE SKY COVER 0.1


WEATHER CONDITIONS
 THE FOLLOWING WEATHER WAS RECORDED YESTERDAY.
  NO SIGNIFICANT WEATHER WAS OBSERVED.


RELATIVE HUMIDITY (PERCENT)
 HIGHEST    66          1000 PM
 LOWEST     40           500 PM
 AVERAGE    53

..........................................................


THE GREAT FALLS MT CLIMATE NORMALS FOR TODAY
                         NORMAL    RECORD    YEAR
 MAXIMUM TEMPERATURE (F)   54        78      1903
 MINIMUM TEMPERATURE (F)   31         1      1919


SUNRISE AND SUNSET
OCTOBER 24 2014.......SUNRISE   757 AM MDT   SUNSET   621 PM MDT
OCTOBER 25 2014.......SUNRISE   759 AM MDT   SUNSET   619 PM MDT


-  INDICATES NEGATIVE NUMBERS.
R  INDICATES RECORD WAS SET OR TIED.
MM INDICATES DATA IS MISSING.
T  INDICATES TRACE AMOUNT.




$$





U.S. Dept. of Commerce
NOAA National Weather Service
1325 East West Highway
Silver Spring, MD 20910
E-mail: w-nws.webmaster@noaa.gov
Page last modified: May 16, 2007
NATIONAL WEATHER SERVICE: for Safety, for Work, for Fun - FOR LIFE