761
CDUS45 KTFX 251018
CLIGTF


CLIMATE REPORT
NATIONAL WEATHER SERVICE GREAT FALLS MT
417 AM MDT FRI JUL 25 2014


...................................

...THE GREAT FALLS MT CLIMATE SUMMARY FOR JULY 24 2014...

CLIMATE NORMAL PERIOD 1981 TO 2010
CLIMATE RECORD PERIOD 1886 TO 2014


WEATHER ITEM   OBSERVED TIME   RECORD YEAR NORMAL DEPARTURE LAST
                VALUE   (LST)  VALUE       VALUE  FROM      YEAR
                                                  NORMAL
..................................................................
TEMPERATURE (F)
 YESTERDAY
  MAXIMUM         80   1123 AM 102    1929  86     -6       95
  MINIMUM         52   1159 PM  36    1918  53     -1       52
  AVERAGE         66                        69     -3       74

PRECIPITATION (IN)
  YESTERDAY        T             0.95 2009   0.04  -0.04     0.00
  MONTH TO DATE    0.78                      1.24  -0.46     0.22
  SINCE OCT 1     14.12                     11.50   2.62    11.00
  SINCE JAN 1     12.07                      9.50   2.57     7.66

SNOWFALL (IN)
  YESTERDAY        0.0           0.0  2002   0.0    0.0      0.0
  MONTH TO DATE    0.0                       0.0    0.0      0.0
  SINCE JUN 1      0.0                       0.3   -0.3      0.0
  SINCE JUL 1      0.0                       0.0    0.0      0.0
  SNOW DEPTH       0

DEGREE DAYS
 HEATING
  YESTERDAY        0                         1     -1        0
  MONTH TO DATE    3                        43    -40        9
  SINCE JUN 1    226                       234     -8      181
  SINCE JUL 1      3                        43    -40        9

 COOLING
  YESTERDAY        1                         5     -4        9
  MONTH TO DATE  132                        90     42      151
  SINCE JUN 1    132                       122     10      178
  SINCE JAN 1    132                       129      3      181
..................................................................


WIND (MPH)
  HIGHEST WIND SPEED    38   HIGHEST WIND DIRECTION     W (250)
  HIGHEST GUST SPEED    48   HIGHEST GUST DIRECTION    SW (240)
  AVERAGE WIND SPEED    15.8


SKY COVER
  AVERAGE SKY COVER 0.1


WEATHER CONDITIONS
 THE FOLLOWING WEATHER WAS RECORDED YESTERDAY.
  NO SIGNIFICANT WEATHER WAS OBSERVED.


RELATIVE HUMIDITY (PERCENT)
 HIGHEST    80           100 AM
 LOWEST     17           200 PM
 AVERAGE    49

..........................................................


THE GREAT FALLS MT CLIMATE NORMALS FOR TODAY
                         NORMAL    RECORD    YEAR
 MAXIMUM TEMPERATURE (F)   86       107      1933
 MINIMUM TEMPERATURE (F)   53        37      1918


SUNRISE AND SUNSET
JULY 25 2014..........SUNRISE   555 AM MDT   SUNSET   908 PM MDT
JULY 26 2014..........SUNRISE   556 AM MDT   SUNSET   907 PM MDT


-  INDICATES NEGATIVE NUMBERS.
R  INDICATES RECORD WAS SET OR TIED.
MM INDICATES DATA IS MISSING.
T  INDICATES TRACE AMOUNT.




$$





U.S. Dept. of Commerce
NOAA National Weather Service
1325 East West Highway
Silver Spring, MD 20910
E-mail: w-nws.webmaster@noaa.gov
Page last modified: May 16, 2007
NATIONAL WEATHER SERVICE: for Safety, for Work, for Fun - FOR LIFE