642
CDUS45 KTFX 241010
CLIGTF


CLIMATE REPORT
NATIONAL WEATHER SERVICE GREAT FALLS MT
409 AM MDT THU APR 24 2014


...................................

...THE GREAT FALLS MT CLIMATE SUMMARY FOR APRIL 23 2014...

CLIMATE NORMAL PERIOD 1981 TO 2010
CLIMATE RECORD PERIOD 1886 TO 2014


WEATHER ITEM   OBSERVED TIME   RECORD YEAR NORMAL DEPARTURE LAST
                VALUE   (LST)  VALUE       VALUE  FROM      YEAR
                                                  NORMAL
..................................................................
TEMPERATURE (F)
 YESTERDAY
  MAXIMUM         54    206 PM  84    2012  58     -4       49
  MINIMUM         34   1056 PM  16    1931  32      2       21
                                      1893
  AVERAGE         44                        45     -1       35

PRECIPITATION (IN)
  YESTERDAY        0.08          1.24 1892   0.05   0.03     0.00
  MONTH TO DATE    1.34                      1.05   0.29     0.88
  SINCE OCT 1      7.12                      4.94   2.18     5.50
  SINCE JAN 1      5.07                      2.94   2.13     2.16

SNOWFALL (IN)
  YESTERDAY        0.0           9.2  1960   0.3   -0.3      0.0
  MONTH TO DATE    2.4                       7.0   -4.6     14.4
  SINCE MAR 1     15.2                      18.9   -3.7     18.4
  SINCE JUL 1     72.7                      58.9   13.8     74.2
  SNOW DEPTH       0

DEGREE DAYS
 HEATING
  YESTERDAY       21                        20      1       30
  MONTH TO DATE  499                       527    -28      646
  SINCE MAR 1   1583                      1480    103     1538
  SINCE JUL 1   7237                      6985    252     6351

 COOLING
  YESTERDAY        0                         0      0        0
  MONTH TO DATE    0                         0      0        0
  SINCE MAR 1      0                         0      0        0
  SINCE JAN 1      0                         0      0        0
..................................................................


WIND (MPH)
  HIGHEST WIND SPEED    38   HIGHEST WIND DIRECTION    SW (240)
  HIGHEST GUST SPEED    46   HIGHEST GUST DIRECTION     W (270)
  AVERAGE WIND SPEED    21.8


SKY COVER
  AVERAGE SKY COVER 0.4


WEATHER CONDITIONS
 THE FOLLOWING WEATHER WAS RECORDED YESTERDAY.
  LIGHT RAIN
  FOG


RELATIVE HUMIDITY (PERCENT)
 HIGHEST    89           100 AM
 LOWEST     32           100 PM
 AVERAGE    61

..........................................................


THE GREAT FALLS MT CLIMATE NORMALS FOR TODAY
                         NORMAL    RECORD    YEAR
 MAXIMUM TEMPERATURE (F)   58        83      1910
 MINIMUM TEMPERATURE (F)   32        11      2009


SUNRISE AND SUNSET
APRIL 24 2014.........SUNRISE   620 AM MDT   SUNSET   828 PM MDT
APRIL 25 2014.........SUNRISE   619 AM MDT   SUNSET   829 PM MDT


-  INDICATES NEGATIVE NUMBERS.
R  INDICATES RECORD WAS SET OR TIED.
MM INDICATES DATA IS MISSING.
T  INDICATES TRACE AMOUNT.




$$





U.S. Dept. of Commerce
NOAA National Weather Service
1325 East West Highway
Silver Spring, MD 20910
E-mail: w-nws.webmaster@noaa.gov
Page last modified: May 16, 2007
NATIONAL WEATHER SERVICE: for Safety, for Work, for Fun - FOR LIFE