771
CDUS42 KRAH 250629
CLIGSO


CLIMATE REPORT
NATIONAL WEATHER SERVICE RALEIGH NC
227 AM EDT SAT OCT 25 2014


...................................

...THE PIEDMONT TRIAD INTL AIRPORT NC CLIMATE SUMMARY FOR OCTOBER 24 2014...

CLIMATE NORMAL PERIOD 1981 TO 2010
CLIMATE RECORD PERIOD 1903 TO 2014


WEATHER ITEM   OBSERVED TIME   RECORD YEAR NORMAL DEPARTURE LAST
                VALUE   (LST)  VALUE       VALUE  FROM      YEAR
                                                  NORMAL
..................................................................
TEMPERATURE (F)
 YESTERDAY
  MAXIMUM         69    415 PM  84    2001  68      1       57
  MINIMUM         42    522 AM  28    1969  46     -4       34
  AVERAGE         56                        57     -1       46

PRECIPITATION (IN)
  YESTERDAY        0.00          1.13 1914   0.10  -0.10     0.00
  MONTH TO DATE    1.58                      2.41  -0.83     1.11
  SINCE SEP 1      4.51                      6.60  -2.09     3.24
  SINCE JAN 1     30.39                     35.39  -5.00    41.63

DEGREE DAYS
 HEATING
  YESTERDAY        9                         9      0       19
  MONTH TO DATE  109                       136    -27       93
  SINCE SEP 1    126                       166    -40      107
  SINCE JUL 1    126                       167    -41      109

 COOLING
  YESTERDAY        0                         1     -1        0
  MONTH TO DATE   45                        33     12       49
  SINCE SEP 1    244                       218     26      221
  SINCE JAN 1   1497                      1480     17     1380
..................................................................


WIND (MPH)
  HIGHEST WIND SPEED     9   HIGHEST WIND DIRECTION     N (340)
  HIGHEST GUST SPEED    12   HIGHEST GUST DIRECTION    NW (320)
  AVERAGE WIND SPEED     3.0


SKY COVER
  POSSIBLE SUNSHINE  MM
  AVERAGE SKY COVER 0.6


WEATHER CONDITIONS
 THE FOLLOWING WEATHER WAS RECORDED YESTERDAY.
  NO SIGNIFICANT WEATHER WAS OBSERVED.


RELATIVE HUMIDITY (PERCENT)
 HIGHEST    83           400 AM
 LOWEST     35           400 PM
 AVERAGE    59

..........................................................


THE PIEDMONT TRIAD INTL AIRPORT NC CLIMATE NORMALS FOR TODAY
                         NORMAL    RECORD    YEAR
 MAXIMUM TEMPERATURE (F)   68        87      1921
 MINIMUM TEMPERATURE (F)   46        28      1962


SUNRISE AND SUNSET
OCTOBER 25 2014.......SUNRISE   736 AM EDT   SUNSET   631 PM EDT
OCTOBER 26 2014.......SUNRISE   737 AM EDT   SUNSET   630 PM EDT


-  INDICATES NEGATIVE NUMBERS.
R  INDICATES RECORD WAS SET OR TIED.
MM INDICATES DATA IS MISSING.
T  INDICATES TRACE AMOUNT.




$$






U.S. Dept. of Commerce
NOAA National Weather Service
1325 East West Highway
Silver Spring, MD 20910
E-mail: w-nws.webmaster@noaa.gov
Page last modified: May 16, 2007
NATIONAL WEATHER SERVICE: for Safety, for Work, for Fun - FOR LIFE