279
CDUS42 KRAH 020040
CLIGSO


CLIMATE REPORT
NATIONAL WEATHER SERVICE RALEIGH NC
839 PM EDT FRI AUG 1 2014


...................................

...THE PIEDMONT TRIAD INTL AIRPORT NC CLIMATE SUMMARY FOR AUGUST 1 2014...
VALID AS OF 0830 PM LOCAL TIME.

CLIMATE NORMAL PERIOD 1981 TO 2010
CLIMATE RECORD PERIOD 1903 TO 2014


WEATHER ITEM   OBSERVED TIME   RECORD YEAR NORMAL DEPARTURE LAST
                VALUE   (LST)  VALUE       VALUE  FROM      YEAR
                                                  NORMAL
..................................................................
TEMPERATURE (F)
 TODAY
  MAXIMUM         68    348 PM 100    1915  88    -20       86
  MINIMUM         64   1021 AM  56    1997  69     -5       70
                                      1914
  AVERAGE         66                        78    -12       78

PRECIPITATION (IN)
  TODAY            1.29          1.53 1994   0.13   1.16      T
  MONTH TO DATE    1.29                      0.13   1.16      T
  SINCE JUN 1      7.02                      8.34  -1.32    14.39
  SINCE JAN 1     24.51                     25.04  -0.53    32.74

DEGREE DAYS
 HEATING
  TODAY            0                         0      0        0
  MONTH TO DATE    0                         0      0        0
  SINCE JUN 1      0                         6     -6        0
  SINCE JUL 1      0                         0      0        0

 COOLING
  TODAY            1                        13    -12       13
  MONTH TO DATE    1                        13    -12       13
  SINCE JUN 1    742                       739      3      712
  SINCE JAN 1    939                       898     41      862
..................................................................


WIND (MPH)
  RESULTANT WIND SPEED   8   RESULTANT WIND DIRECTION  NE (40)
  HIGHEST WIND SPEED    17   HIGHEST WIND DIRECTION     E (70)
  HIGHEST GUST SPEED    22   HIGHEST GUST DIRECTION     E (70)
  AVERAGE WIND SPEED     8.4


SKY COVER
  POSSIBLE SUNSHINE  MM
  AVERAGE SKY COVER 1.0


WEATHER CONDITIONS
 THE FOLLOWING WEATHER WAS RECORDED TODAY.
  HEAVY RAIN
  RAIN
  LIGHT RAIN
  FOG


RELATIVE HUMIDITY (PERCENT)
 HIGHEST   100          1200 AM
 LOWEST     93           500 AM
 AVERAGE    97

..........................................................


THE PIEDMONT TRIAD INTL AIRPORT NC CLIMATE NORMALS FOR TOMORROW
                         NORMAL    RECORD    YEAR
 MAXIMUM TEMPERATURE (F)   87       101      1915
 MINIMUM TEMPERATURE (F)   69        57      1912


SUNRISE AND SUNSET
AUGUST  1 2014........SUNRISE   627 AM EDT   SUNSET   825 PM EDT
AUGUST  2 2014........SUNRISE   628 AM EDT   SUNSET   824 PM EDT


-  INDICATES NEGATIVE NUMBERS.
R  INDICATES RECORD WAS SET OR TIED.
MM INDICATES DATA IS MISSING.
T  INDICATES TRACE AMOUNT.




$$






U.S. Dept. of Commerce
NOAA National Weather Service
1325 East West Highway
Silver Spring, MD 20910
E-mail: w-nws.webmaster@noaa.gov
Page last modified: May 16, 2007
NATIONAL WEATHER SERVICE: for Safety, for Work, for Fun - FOR LIFE