183
CDUS42 KRAH 190637
CLIGSO


CLIMATE REPORT
NATIONAL WEATHER SERVICE RALEIGH NC
135 AM EST FRI DEC 19 2014


...................................

...THE PIEDMONT TRIAD INTL AIRPORT NC CLIMATE SUMMARY FOR DECEMBER 18 2014...

CLIMATE NORMAL PERIOD 1981 TO 2010
CLIMATE RECORD PERIOD 1903 TO 2014


WEATHER ITEM   OBSERVED TIME   RECORD YEAR NORMAL DEPARTURE LAST
                VALUE   (LST)  VALUE       VALUE  FROM      YEAR
                                                  NORMAL
..................................................................
TEMPERATURE (F)
 YESTERDAY
  MAXIMUM         47    347 PM  77    1924  50     -3       48
  MINIMUM         36    808 AM   7    1973  31      5       28
  AVERAGE         42                        41      1       38

PRECIPITATION (IN)
  YESTERDAY        0.00          1.36 1959   0.10  -0.10     0.00
  MONTH TO DATE    0.53                      1.76  -1.23     2.30
  SINCE DEC 1      0.53                      1.76  -1.23     2.30
  SINCE JAN 1     34.68                     40.98  -6.30    47.54

SNOWFALL (IN)
  YESTERDAY        0.0           3.0  2009   0.0    0.0      0.0
  MONTH TO DATE    0.0                       0.2   -0.2      0.0
  SINCE DEC 1      0.0                       0.2   -0.2      0.0
  SINCE JUL 1      0.0                       0.3   -0.3       T
  SNOW DEPTH       0

DEGREE DAYS
 HEATING
  YESTERDAY       23                        24     -1       27
  MONTH TO DATE  365                       403    -38      377
  SINCE DEC 1    365                       403    -38      377
  SINCE JUL 1   1115                      1083     32     1111

 COOLING
  YESTERDAY        0                         0      0        0
  MONTH TO DATE    0                         0      0        6
  SINCE DEC 1      0                         0      0        6
  SINCE JAN 1   1499                      1483     16     1387
..................................................................


WIND (MPH)
  HIGHEST WIND SPEED    12   HIGHEST WIND DIRECTION     N (20)
  HIGHEST GUST SPEED    15   HIGHEST GUST DIRECTION     N (10)
  AVERAGE WIND SPEED     4.3


SKY COVER
  POSSIBLE SUNSHINE  MM
  AVERAGE SKY COVER 0.6


WEATHER CONDITIONS
 THE FOLLOWING WEATHER WAS RECORDED YESTERDAY.
  NO SIGNIFICANT WEATHER WAS OBSERVED.


RELATIVE HUMIDITY (PERCENT)
 HIGHEST    64           100 AM
 LOWEST     34           300 PM
 AVERAGE    49

..........................................................


THE PIEDMONT TRIAD INTL AIRPORT NC CLIMATE NORMALS FOR TODAY
                         NORMAL    RECORD    YEAR
 MAXIMUM TEMPERATURE (F)   50        77      1924
 MINIMUM TEMPERATURE (F)   31         9      1973
                                             1950


SUNRISE AND SUNSET
DECEMBER 19 2014......SUNRISE   726 AM EST   SUNSET   508 PM EST
DECEMBER 20 2014......SUNRISE   726 AM EST   SUNSET   509 PM EST


-  INDICATES NEGATIVE NUMBERS.
R  INDICATES RECORD WAS SET OR TIED.
MM INDICATES DATA IS MISSING.
T  INDICATES TRACE AMOUNT.

$$






U.S. Dept. of Commerce
NOAA National Weather Service
1325 East West Highway
Silver Spring, MD 20910
E-mail: w-nws.webmaster@noaa.gov
Page last modified: May 16, 2007
NATIONAL WEATHER SERVICE: for Safety, for Work, for Fun - FOR LIFE