098
CDUS43 KGRR 240539
CLIGRR


CLIMATE REPORT
NATIONAL WEATHER SERVICE GRAND RAPIDS, MI
134 AM EDT THU APR 24 2014


...................................

...THE GRAND RAPIDS MI CLIMATE SUMMARY FOR APRIL 23 2014...

CLIMATE NORMAL PERIOD 1981 TO 2010
CLIMATE RECORD PERIOD 1892 TO 2014


WEATHER ITEM   OBSERVED TIME   RECORD YEAR NORMAL DEPARTURE LAST
                VALUE   (LST)  VALUE       VALUE  FROM      YEAR
                                                  NORMAL
..................................................................
TEMPERATURE (F)
 YESTERDAY
  MAXIMUM         58    419 PM  84    1925  62     -4       65
                                      1915
  MINIMUM         32    621 AM  20    1986  40     -8       41
  AVERAGE         45                        51     -6       53

PRECIPITATION (IN)
  YESTERDAY        0.00          1.44 1999   0.10  -0.10     0.57
  MONTH TO DATE    1.81                      2.55  -0.74    10.41
  SINCE MAR 1      3.35                      4.92  -1.57    11.35
  SINCE JAN 1      9.15                      8.80   0.35    18.41

SNOWFALL (IN)
  YESTERDAY        0.0           0.7  2005   0.0    0.0      0.0
  MONTH TO DATE    1.8                       1.7    0.1      0.5
  SINCE MAR 1      8.2                      10.0   -1.8      8.2
  SINCE JUL 1    116.0                      74.8   41.2     65.8
  SNOW DEPTH       0

DEGREE DAYS
 HEATING
  YESTERDAY       20                        14      6       12
  MONTH TO DATE  424                       427     -3      527
  SINCE MAR 1   1607                      1337    270     1555
  SINCE JUL 1   6888                      6114    774     6040

 COOLING
  YESTERDAY        0                         0      0        0
  MONTH TO DATE    2                         0      2        0
  SINCE MAR 1      2                         1      1        0
  SINCE JAN 1      2                         1      1        0
..................................................................


WIND (MPH)
  RESULTANT WIND SPEED   4   RESULTANT WIND DIRECTION  NW (330)
  HIGHEST WIND SPEED    18   HIGHEST WIND DIRECTION     N (350)
  HIGHEST GUST SPEED    24   HIGHEST GUST DIRECTION     N (350)
  AVERAGE WIND SPEED     6.9


SKY COVER
  POSSIBLE SUNSHINE  92 PERCENT
  AVERAGE SKY COVER 0.5


WEATHER CONDITIONS
 THE FOLLOWING WEATHER WAS RECORDED YESTERDAY.
  NO SIGNIFICANT WEATHER WAS OBSERVED.


RELATIVE HUMIDITY (PERCENT)
 HIGHEST    78           500 AM
 LOWEST     23           400 PM
 AVERAGE    51

..........................................................


THE GRAND RAPIDS MI CLIMATE NORMALS FOR TODAY
                         NORMAL    RECORD    YEAR
 MAXIMUM TEMPERATURE (F)   62        86      1915
 MINIMUM TEMPERATURE (F)   41        26      1971
                                             1969


SUNRISE AND SUNSET
APRIL 24 2014.........SUNRISE   646 AM EDT   SUNSET   835 PM EDT
APRIL 25 2014.........SUNRISE   645 AM EDT   SUNSET   836 PM EDT


-  INDICATES NEGATIVE NUMBERS.
R  INDICATES RECORD WAS SET OR TIED.
MM INDICATES DATA IS MISSING.
T  INDICATES TRACE AMOUNT.




$$






U.S. Dept. of Commerce
NOAA National Weather Service
1325 East West Highway
Silver Spring, MD 20910
E-mail: w-nws.webmaster@noaa.gov
Page last modified: May 16, 2007
NATIONAL WEATHER SERVICE: for Safety, for Work, for Fun - FOR LIFE