760
CDUS43 KGID 210639
CLIGRI


CLIMATE REPORT
NATIONAL WEATHER SERVICE HASTINGS NE
138 AM CDT MON APR 21 2014


...................................

...THE GRAND ISLAND NE CLIMATE SUMMARY FOR APRIL 20 2014...

CLIMATE NORMAL PERIOD 1981 TO 2010
CLIMATE RECORD PERIOD 1895 TO 2014


WEATHER ITEM   OBSERVED TIME   RECORD YEAR NORMAL DEPARTURE LAST
                VALUE   (LST)  VALUE       VALUE  FROM      YEAR
                                                  NORMAL
..................................................................
TEMPERATURE (F)
 YESTERDAY
  MAXIMUM         80   1239 PM  98    1902  65     15       49
  MINIMUM         51    607 AM  21    1953  40     11       31
  AVERAGE         66                        52     14       40

PRECIPITATION (IN)
  YESTERDAY        T             1.40 1951   0.10  -0.10     0.00
  MONTH TO DATE    0.96                      1.53  -0.57     2.95
  SINCE MAR 1      1.15                      3.33  -2.18     4.59
  SINCE JAN 1      1.80                      4.54  -2.74     5.72

SNOWFALL (IN)
  YESTERDAY        0.0           1.0  1941   0.0    0.0      0.0
  MONTH TO DATE    1.7                       1.3    0.4      6.9
  SINCE MAR 1      2.9                       6.7   -3.8     13.1
  SINCE JUL 1     16.4                      28.8  -12.4     34.5
  SNOW DEPTH       0

DEGREE DAYS
 HEATING
  YESTERDAY        0                        13    -13       25
  MONTH TO DATE  308                       330    -22      447
  SINCE MAR 1   1162                      1126     36     1335
  SINCE JUL 1   5997                      5887    110     5804

 COOLING
  YESTERDAY        1                         1      0        0
  MONTH TO DATE    2                         1      1        0
  SINCE MAR 1      2                         1      1        0
  SINCE JAN 1      2                         1      1        0
..................................................................


WIND (MPH)
  HIGHEST WIND SPEED    22   HIGHEST WIND DIRECTION     S (180)
  HIGHEST GUST SPEED    25   HIGHEST GUST DIRECTION     S (170)
  AVERAGE WIND SPEED     9.6


SKY COVER
  AVERAGE SKY COVER 0.2


WEATHER CONDITIONS
 THE FOLLOWING WEATHER WAS RECORDED YESTERDAY.
  LIGHT RAIN


RELATIVE HUMIDITY (PERCENT)
 HIGHEST    83           500 AM
 LOWEST     39           100 PM
 AVERAGE    61

..........................................................


THE GRAND ISLAND NE CLIMATE NORMALS FOR TODAY
                         NORMAL    RECORD    YEAR
 MAXIMUM TEMPERATURE (F)   65        93      1989
 MINIMUM TEMPERATURE (F)   40        22      1982
                                             1899


SUNRISE AND SUNSET
APRIL 21 2014.........SUNRISE   645 AM CDT   SUNSET   819 PM CDT
APRIL 22 2014.........SUNRISE   644 AM CDT   SUNSET   820 PM CDT


-  INDICATES NEGATIVE NUMBERS.
R  INDICATES RECORD WAS SET OR TIED.
MM INDICATES DATA IS MISSING.
T  INDICATES TRACE AMOUNT.




$$





U.S. Dept. of Commerce
NOAA National Weather Service
1325 East West Highway
Silver Spring, MD 20910
E-mail: w-nws.webmaster@noaa.gov
Page last modified: May 16, 2007
NATIONAL WEATHER SERVICE: for Safety, for Work, for Fun - FOR LIFE