529
CDUS43 KGID 220634
CLIGRI


CLIMATE REPORT
NATIONAL WEATHER SERVICE HASTINGS NE
1233 AM CST MON DEC 22 2014


...................................

...THE GRAND ISLAND NE CLIMATE SUMMARY FOR DECEMBER 21 2014...

CLIMATE NORMAL PERIOD 1981 TO 2010
CLIMATE RECORD PERIOD 1895 TO 2014


WEATHER ITEM   OBSERVED TIME   RECORD YEAR NORMAL DEPARTURE LAST
                VALUE   (LST)  VALUE       VALUE  FROM      YEAR
                                                  NORMAL
..................................................................
TEMPERATURE (F)
 YESTERDAY
  MAXIMUM         42   1159 PM  67    1933  36      6       28
  MINIMUM         25    309 AM -23    1983  15     10       13
  AVERAGE         34                        25      9       21

PRECIPITATION (IN)
  YESTERDAY        0.00          0.70 1914   0.02  -0.02     0.00
  MONTH TO DATE    0.45                      0.46  -0.01     0.10
  SINCE DEC 1      0.45                      0.46  -0.01     0.10
  SINCE JAN 1     27.25                     26.49   0.76    26.91

SNOWFALL (IN)
  YESTERDAY        0.0           7.0  1914   0.2   -0.2      0.0
  MONTH TO DATE    0.4                       3.4   -3.0      2.1
  SINCE DEC 1      0.4                       3.4   -3.0      2.1
  SINCE JUL 1      2.6                       7.6   -5.0      2.3
  SNOW DEPTH       0

DEGREE DAYS
 HEATING
  YESTERDAY       31                        40     -9       44
  MONTH TO DATE  668                       789   -121      861
  SINCE DEC 1    668                       789   -121      861
  SINCE JUL 1   2001                      2119   -118     2089

 COOLING
  YESTERDAY        0                         0      0        0
  MONTH TO DATE    0                         0      0        0
  SINCE DEC 1      0                         0      0        0
  SINCE JAN 1   1031                      1034     -3     1265
..................................................................


WIND (MPH)
  HIGHEST WIND SPEED    23   HIGHEST WIND DIRECTION     S (190)
  HIGHEST GUST SPEED    29   HIGHEST GUST DIRECTION     S (190)
  AVERAGE WIND SPEED    12.6


SKY COVER
  AVERAGE SKY COVER 0.8


WEATHER CONDITIONS
 THE FOLLOWING WEATHER WAS RECORDED YESTERDAY.
  FOG
  FOG W/VISIBILITY <= 1/4 MILE


RELATIVE HUMIDITY (PERCENT)
 HIGHEST   100           100 AM
 LOWEST     86           300 PM
 AVERAGE    93

..........................................................


THE GRAND ISLAND NE CLIMATE NORMALS FOR TODAY
                         NORMAL    RECORD    YEAR
 MAXIMUM TEMPERATURE (F)   36        71      1933
 MINIMUM TEMPERATURE (F)   15       -26      1989


SUNRISE AND SUNSET
DECEMBER 22 2014......SUNRISE   755 AM CST   SUNSET   509 PM CST
DECEMBER 23 2014......SUNRISE   756 AM CST   SUNSET   509 PM CST


-  INDICATES NEGATIVE NUMBERS.
R  INDICATES RECORD WAS SET OR TIED.
MM INDICATES DATA IS MISSING.
T  INDICATES TRACE AMOUNT.




$$

BRYANT




U.S. Dept. of Commerce
NOAA National Weather Service
1325 East West Highway
Silver Spring, MD 20910
E-mail: w-nws.webmaster@noaa.gov
Page last modified: May 16, 2007
NATIONAL WEATHER SERVICE: for Safety, for Work, for Fun - FOR LIFE