969
CDUS43 KGID 250630
CLIGRI


CLIMATE REPORT
NATIONAL WEATHER SERVICE HASTINGS NE
129 AM CDT SAT OCT 25 2014


...................................

...THE GRAND ISLAND NE CLIMATE SUMMARY FOR OCTOBER 24 2014...

CLIMATE NORMAL PERIOD 1981 TO 2010
CLIMATE RECORD PERIOD 1895 TO 2014


WEATHER ITEM   OBSERVED TIME   RECORD YEAR NORMAL DEPARTURE LAST
                VALUE   (LST)  VALUE       VALUE  FROM      YEAR
                                                  NORMAL
..................................................................
TEMPERATURE (F)
 YESTERDAY
  MAXIMUM         80    334 PM  86    1927  61     19       47
  MINIMUM         48   1159 PM  18    1938  37     11       34
  AVERAGE         64                        49     15       41

PRECIPITATION (IN)
  YESTERDAY        0.00          1.07 1997   0.06  -0.06      T
  MONTH TO DATE    1.28                      1.53  -0.25     3.64
  SINCE SEP 1      4.31                      3.76   0.55     6.02
  SINCE JAN 1     26.51                     24.53   1.98    25.43

SNOWFALL (IN)
  YESTERDAY        0.0           0.9  1957   0.0    0.0      0.0
  MONTH TO DATE    0.0                       0.6   -0.6      0.0
  SINCE SEP 1      0.0                       0.7   -0.7      0.0
  SINCE JUL 1      0.0                       0.7   -0.7      0.0
  SNOW DEPTH       0

DEGREE DAYS
 HEATING
  YESTERDAY        1                        16    -15       24
  MONTH TO DATE  209                       284    -75      271
  SINCE SEP 1    311                       389    -78      292
  SINCE JUL 1    315                       399    -84      295

 COOLING
  YESTERDAY        0                         0      0        0
  MONTH TO DATE    4                        10     -6       15
  SINCE SEP 1    101                       119    -18      202
  SINCE JAN 1   1031                      1033     -2     1265
..................................................................


WIND (MPH)
  HIGHEST WIND SPEED    15   HIGHEST WIND DIRECTION    SW (220)
  HIGHEST GUST SPEED    21   HIGHEST GUST DIRECTION    SW (220)
  AVERAGE WIND SPEED     6.8


SKY COVER
  AVERAGE SKY COVER 0.0


WEATHER CONDITIONS
 THE FOLLOWING WEATHER WAS RECORDED YESTERDAY.
  FOG
  HAZE


RELATIVE HUMIDITY (PERCENT)
 HIGHEST    93           200 AM
 LOWEST     32           300 PM
 AVERAGE    63

..........................................................


THE GRAND ISLAND NE CLIMATE NORMALS FOR TODAY
                         NORMAL    RECORD    YEAR
 MAXIMUM TEMPERATURE (F)   61        89      1927
 MINIMUM TEMPERATURE (F)   36        15      1936


SUNRISE AND SUNSET
OCTOBER 25 2014.......SUNRISE   756 AM CDT   SUNSET   638 PM CDT
OCTOBER 26 2014.......SUNRISE   757 AM CDT   SUNSET   637 PM CDT


-  INDICATES NEGATIVE NUMBERS.
R  INDICATES RECORD WAS SET OR TIED.
MM INDICATES DATA IS MISSING.
T  INDICATES TRACE AMOUNT.




$$







U.S. Dept. of Commerce
NOAA National Weather Service
1325 East West Highway
Silver Spring, MD 20910
E-mail: w-nws.webmaster@noaa.gov
Page last modified: May 16, 2007
NATIONAL WEATHER SERVICE: for Safety, for Work, for Fun - FOR LIFE