106
CDUS43 KGID 240656
CLIGRI


CLIMATE REPORT
NATIONAL WEATHER SERVICE HASTINGS NE
155 AM CDT THU APR 24 2014


...................................

...THE GRAND ISLAND NE CLIMATE SUMMARY FOR APRIL 23 2014...

CLIMATE NORMAL PERIOD 1981 TO 2010
CLIMATE RECORD PERIOD 1895 TO 2014


WEATHER ITEM   OBSERVED TIME   RECORD YEAR NORMAL DEPARTURE LAST
                VALUE   (LST)  VALUE       VALUE  FROM      YEAR
                                                  NORMAL
..................................................................
TEMPERATURE (F)
 YESTERDAY
  MAXIMUM         81    302 PM  94    1939  66     15       37
  MINIMUM         52    632 AM  23    1963  41     11       27
  AVERAGE         67                        53     14       32

PRECIPITATION (IN)
  YESTERDAY        1.04          2.18 1944   0.09   0.95     0.00
  MONTH TO DATE    2.00                      1.81   0.19     3.83
  SINCE MAR 1      2.19                      3.61  -1.42     5.47
  SINCE JAN 1      2.84                      4.82  -1.98     6.60

SNOWFALL (IN)
  YESTERDAY        0.0           4.1  1967   0.0    0.0      0.0
  MONTH TO DATE    1.7                       1.4    0.3      6.9
  SINCE MAR 1      2.9                       6.8   -3.9     13.1
  SINCE JUL 1     16.4                      28.9  -12.5     34.5
  SNOW DEPTH       0

DEGREE DAYS
 HEATING
  YESTERDAY        0                        12    -12       33
  MONTH TO DATE  322                       368    -46      519
  SINCE MAR 1   1176                      1164     12     1407
  SINCE JUL 1   6011                      5925     86     5876

 COOLING
  YESTERDAY        2                         1      1        0
  MONTH TO DATE    4                         4      0        0
  SINCE MAR 1      4                         4      0        0
  SINCE JAN 1      4                         4      0        0
..................................................................


WIND (MPH)
  HIGHEST WIND SPEED    38   HIGHEST WIND DIRECTION     S (170)
  HIGHEST GUST SPEED    49   HIGHEST GUST DIRECTION    SE (140)
  AVERAGE WIND SPEED    20.6


SKY COVER
  AVERAGE SKY COVER 0.4


WEATHER CONDITIONS
 THE FOLLOWING WEATHER WAS RECORDED YESTERDAY.
  THUNDERSTORM
  RAIN
  LIGHT RAIN
  FOG


RELATIVE HUMIDITY (PERCENT)
 HIGHEST    93          1000 PM
 LOWEST     36           100 PM
 AVERAGE    65

..........................................................


THE GRAND ISLAND NE CLIMATE NORMALS FOR TODAY
                         NORMAL    RECORD    YEAR
 MAXIMUM TEMPERATURE (F)   66        96      2012
 MINIMUM TEMPERATURE (F)   41        22      1956


SUNRISE AND SUNSET
APRIL 24 2014.........SUNRISE   641 AM CDT   SUNSET   823 PM CDT
APRIL 25 2014.........SUNRISE   639 AM CDT   SUNSET   824 PM CDT


-  INDICATES NEGATIVE NUMBERS.
R  INDICATES RECORD WAS SET OR TIED.
MM INDICATES DATA IS MISSING.
T  INDICATES TRACE AMOUNT.




$$





U.S. Dept. of Commerce
NOAA National Weather Service
1325 East West Highway
Silver Spring, MD 20910
E-mail: w-nws.webmaster@noaa.gov
Page last modified: May 16, 2007
NATIONAL WEATHER SERVICE: for Safety, for Work, for Fun - FOR LIFE