590
CDUS43 KGID 010631
CLIGRI


CLIMATE REPORT
NATIONAL WEATHER SERVICE HASTINGS NE
131 AM CDT MON SEP 1 2014


...................................

...THE GRAND ISLAND NE CLIMATE SUMMARY FOR AUGUST 31 2014...

CLIMATE NORMAL PERIOD 1981 TO 2010
CLIMATE RECORD PERIOD 1895 TO 2014


WEATHER ITEM   OBSERVED TIME   RECORD YEAR NORMAL DEPARTURE LAST
                VALUE   (LST)  VALUE       VALUE  FROM      YEAR
                                                  NORMAL
..................................................................
TEMPERATURE (F)
 YESTERDAY
  MAXIMUM         87    226 PM 103    1922  83      4       94
  MINIMUM         61   1148 PM  43    1967  59      2       69
  AVERAGE         74                        71      3       82

PRECIPITATION (IN)
  YESTERDAY        0.00          1.61 1935   0.09  -0.09     0.01
  MONTH TO DATE    5.87                      3.12   2.75     3.02
  SINCE JUN 1     17.71                     10.82   6.89     6.04
  SINCE JAN 1     22.20                     20.77   1.43    19.41

SNOWFALL (IN)
  YESTERDAY        0.0                       0.0    0.0      0.0
  MONTH TO DATE    0.0                       0.0    0.0      0.0
  SINCE JUN 1      0.0                       0.0    0.0      0.0
  SINCE JUL 1      0.0                       0.0    0.0      0.0
  SNOW DEPTH       0

DEGREE DAYS
 HEATING
  YESTERDAY        0                         1     -1        0
  MONTH TO DATE    0                         4     -4        0
  SINCE JUN 1     14                        34    -20       24
  SINCE JUL 1      4                        10     -6        3

 COOLING
  YESTERDAY        9                         7      2       17
  MONTH TO DATE  289                       287      2      348
  SINCE JUN 1    811                       849    -38      968
  SINCE JAN 1    930                       914     16     1063
..................................................................


WIND (MPH)
  HIGHEST WIND SPEED    33   HIGHEST WIND DIRECTION     N (340)
  HIGHEST GUST SPEED    42   HIGHEST GUST DIRECTION     N (340)
  AVERAGE WIND SPEED    12.3


SKY COVER
  AVERAGE SKY COVER 0.2


WEATHER CONDITIONS
 THE FOLLOWING WEATHER WAS RECORDED YESTERDAY.
  NO SIGNIFICANT WEATHER WAS OBSERVED.


RELATIVE HUMIDITY (PERCENT)
 HIGHEST    93          1100 PM
 LOWEST     48          1100 AM
 AVERAGE    71

..........................................................


THE GRAND ISLAND NE CLIMATE NORMALS FOR TODAY
                         NORMAL    RECORD    YEAR
 MAXIMUM TEMPERATURE (F)   83       106      1922
 MINIMUM TEMPERATURE (F)   59        43      1956
                                             1949


SUNRISE AND SUNSET
SEPTEMBER  1 2014.....SUNRISE   700 AM CDT   SUNSET   806 PM CDT
SEPTEMBER  2 2014.....SUNRISE   701 AM CDT   SUNSET   804 PM CDT


-  INDICATES NEGATIVE NUMBERS.
R  INDICATES RECORD WAS SET OR TIED.
MM INDICATES DATA IS MISSING.
T  INDICATES TRACE AMOUNT.




$$





U.S. Dept. of Commerce
NOAA National Weather Service
1325 East West Highway
Silver Spring, MD 20910
E-mail: w-nws.webmaster@noaa.gov
Page last modified: May 16, 2007
NATIONAL WEATHER SERVICE: for Safety, for Work, for Fun - FOR LIFE