286
CDUS43 KGID 160705
CLIGRI


CLIMATE REPORT
NATIONAL WEATHER SERVICE HASTINGS NE
204 AM CDT TUE SEP 16 2014


...................................

...THE GRAND ISLAND NE CLIMATE SUMMARY FOR SEPTEMBER 15 2014...

CLIMATE NORMAL PERIOD 1981 TO 2010
CLIMATE RECORD PERIOD 1895 TO 2014


WEATHER ITEM   OBSERVED TIME   RECORD YEAR NORMAL DEPARTURE LAST
                VALUE   (LST)  VALUE       VALUE  FROM      YEAR
                                                  NORMAL
..................................................................
TEMPERATURE (F)
 YESTERDAY
  MAXIMUM         67    350 PM  97    1955  79    -12       71
  MINIMUM         46   1110 PM  33    1916  53     -7       58
  AVERAGE         57                        66     -9       65

PRECIPITATION (IN)
  YESTERDAY        T             1.37 2006   0.08  -0.08     0.17
  MONTH TO DATE    2.06                      1.15   0.91     1.51
  SINCE SEP 1      2.06                      1.15   0.91     1.51
  SINCE JAN 1     24.26                     21.92   2.34    20.92

SNOWFALL (IN)
  YESTERDAY        0.0                       0.0    0.0      0.0
  MONTH TO DATE    0.0                       0.0    0.0      0.0
  SINCE SEP 1      0.0                       0.0    0.0      0.0
  SINCE JUL 1      0.0                       0.0    0.0      0.0
  SNOW DEPTH       0

DEGREE DAYS
 HEATING
  YESTERDAY        8                         3      5        0
  MONTH TO DATE   86                        27     59        1
  SINCE SEP 1     86                        27     59        1
  SINCE JUL 1     90                        37     53        4

 COOLING
  YESTERDAY        0                         4     -4        0
  MONTH TO DATE   38                        77    -39      138
  SINCE SEP 1     38                        77    -39      138
  SINCE JAN 1    968                       991    -23     1201
..................................................................


WIND (MPH)
  HIGHEST WIND SPEED    21   HIGHEST WIND DIRECTION     N (360)
  HIGHEST GUST SPEED    28   HIGHEST GUST DIRECTION     N (360)
  AVERAGE WIND SPEED     9.8


SKY COVER
  AVERAGE SKY COVER 0.3


WEATHER CONDITIONS
 THE FOLLOWING WEATHER WAS RECORDED YESTERDAY.
  THUNDERSTORM


RELATIVE HUMIDITY (PERCENT)
 HIGHEST    93           400 AM
 LOWEST     42           300 PM
 AVERAGE    68

..........................................................


THE GRAND ISLAND NE CLIMATE NORMALS FOR TODAY
                         NORMAL    RECORD    YEAR
 MAXIMUM TEMPERATURE (F)   78        97      1955
 MINIMUM TEMPERATURE (F)   52        28      1903


SUNRISE AND SUNSET
SEPTEMBER 16 2014.....SUNRISE   715 AM CDT   SUNSET   741 PM CDT
SEPTEMBER 17 2014.....SUNRISE   716 AM CDT   SUNSET   739 PM CDT


-  INDICATES NEGATIVE NUMBERS.
R  INDICATES RECORD WAS SET OR TIED.
MM INDICATES DATA IS MISSING.
T  INDICATES TRACE AMOUNT.




$$





U.S. Dept. of Commerce
NOAA National Weather Service
1325 East West Highway
Silver Spring, MD 20910
E-mail: w-nws.webmaster@noaa.gov
Page last modified: May 16, 2007
NATIONAL WEATHER SERVICE: for Safety, for Work, for Fun - FOR LIFE