067
CDUS43 KGRB 210650
CLIGRB


CLIMATE REPORT
NATIONAL WEATHER SERVICE GREEN BAY
148 AM CDT TUE OCT 21 2014


...................................

...THE GREEN BAY WI CLIMATE SUMMARY FOR OCTOBER 20 2014...

CLIMATE NORMAL PERIOD 1981 TO 2010
CLIMATE RECORD PERIOD 1886 TO 2014


WEATHER ITEM   OBSERVED TIME   RECORD YEAR NORMAL DEPARTURE LAST
                VALUE   (LST)  VALUE       VALUE  FROM      YEAR
                                                  NORMAL
..................................................................
TEMPERATURE (F)
 YESTERDAY
  MAXIMUM         55    134 PM  81    1953  55      0       48
  MINIMUM         39    440 AM  20    1895  37      2       31
  AVERAGE         47                        46      1       40

PRECIPITATION (IN)
  YESTERDAY        0.01          0.89 1965   0.08  -0.07     0.04
  MONTH TO DATE    2.41                      1.62   0.79     1.75
  SINCE SEP 1      7.10                      4.66   2.44     4.64
  SINCE JAN 1     27.82                     25.06   2.76    28.63

SNOWFALL (IN)
  YESTERDAY        0.0           2.9  1896   0.0    0.0      0.0
  MONTH TO DATE    0.0                       0.0    0.0      0.0
  SINCE SEP 1      0.0                       0.0    0.0      0.0
  SINCE JUL 1      0.0                       0.0    0.0      0.0
  SNOW DEPTH       0

DEGREE DAYS
 HEATING
  YESTERDAY       18                        19     -1       25
  MONTH TO DATE  321                       321      0      219
  SINCE SEP 1    518                       528    -10      390
  SINCE JUL 1    547                       591    -44      430

 COOLING
  YESTERDAY        0                         0      0        0
  MONTH TO DATE    0                         0      0        2
  SINCE SEP 1     19                        33    -14       57
  SINCE JAN 1    362                       395    -33      535
..................................................................


WIND (MPH)
  HIGHEST WIND SPEED    16   HIGHEST WIND DIRECTION     N (360)
  HIGHEST GUST SPEED    21   HIGHEST GUST DIRECTION     N (340)
  AVERAGE WIND SPEED     7.8


SKY COVER
  POSSIBLE SUNSHINE  MM
  AVERAGE SKY COVER 0.8


WEATHER CONDITIONS
 THE FOLLOWING WEATHER WAS RECORDED YESTERDAY.
  LIGHT RAIN


RELATIVE HUMIDITY (PERCENT)
 HIGHEST   100           400 AM
 LOWEST     64           300 PM
 AVERAGE    82

..........................................................


THE GREEN BAY WI CLIMATE NORMALS FOR TODAY
                         NORMAL    RECORD    YEAR
 MAXIMUM TEMPERATURE (F)   55        82      1953
                                             1947
 MINIMUM TEMPERATURE (F)   36        15      1895


SUNRISE AND SUNSET
OCTOBER 21 2014.......SUNRISE   715 AM CDT   SUNSET   558 PM CDT
OCTOBER 22 2014.......SUNRISE   717 AM CDT   SUNSET   557 PM CDT


-  INDICATES NEGATIVE NUMBERS.
R  INDICATES RECORD WAS SET OR TIED.
MM INDICATES DATA IS MISSING.
T  INDICATES TRACE AMOUNT.




$$





U.S. Dept. of Commerce
NOAA National Weather Service
1325 East West Highway
Silver Spring, MD 20910
E-mail: w-nws.webmaster@noaa.gov
Page last modified: May 16, 2007
NATIONAL WEATHER SERVICE: for Safety, for Work, for Fun - FOR LIFE