726
CDUS45 KMSO 212346
CLIGPI


CLIMATE REPORT
NATIONAL WEATHER SERVICE MISSOULA, MT
446 PM MST SUN DEC 21 2014


...................................

...THE KALISPELL MT CLIMATE SUMMARY FOR DECEMBER 21 2014...
VALID TODAY AS OF 0400 PM LOCAL TIME.

CLIMATE NORMAL PERIOD 1981 TO 2010
CLIMATE RECORD PERIOD 1894 TO 2014


WEATHER ITEM   OBSERVED TIME   RECORD YEAR NORMAL DEPARTURE LAST
                VALUE   (LST)  VALUE       VALUE  FROM      YEAR
                                                  NORMAL
..................................................................
TEMPERATURE (F)
 TODAY
  MAXIMUM         46   1220 PM  54    1933  29     17       23
  MINIMUM         33    856 AM -25    1990  14     19       14
  AVERAGE         40                        22     18       19

PRECIPITATION (IN)
  TODAY            0.20          0.88 1972   0.05   0.15     0.00
  MONTH TO DATE    1.33                      1.03   0.30     1.19
  SINCE OCT 1      5.06                      3.47   1.59     4.06
  SINCE JAN 1     20.54                     16.46   4.08    17.09

SNOWFALL (IN)
  TODAY            T
  MONTH TO DATE    6.6
  SINCE JAN 1     55.1
  SINCE JUL 1     16.9
  SNOW DEPTH       T

DEGREE DAYS
 HEATING
  TODAY           25                        43    -18       46
  MONTH TO DATE  775                       874    -99      979
  SINCE DEC 1    775                       874    -99      979
  SINCE JUL 1   2773                      3078   -305     3056

 COOLING
  TODAY            0                         0      0        0
  MONTH TO DATE    0                         0      0        0
  SINCE DEC 1      0                         0      0        0
  SINCE JAN 1    217                       147     70      264
..................................................................


WIND (MPH)
  HIGHEST WIND SPEED    16   HIGHEST WIND DIRECTION     S (160)
  HIGHEST GUST SPEED    20   HIGHEST GUST DIRECTION    SE (150)
  AVERAGE WIND SPEED     7.7


SKY COVER
  POSSIBLE SUNSHINE  MM
  AVERAGE SKY COVER 0.9


WEATHER CONDITIONS
 THE FOLLOWING WEATHER WAS RECORDED TODAY.
  LIGHT RAIN
  LIGHT SNOW
  FOG


RELATIVE HUMIDITY (PERCENT)
 HIGHEST   100           300 AM
 LOWEST     57           300 PM
 AVERAGE    79

..........................................................


THE KALISPELL MT CLIMATE NORMALS FOR TOMORROW
                         NORMAL    RECORD    YEAR
 MAXIMUM TEMPERATURE (F)   29        55      1933
 MINIMUM TEMPERATURE (F)   14       -12      1990


SUNRISE AND SUNSET
DECEMBER 21 2014......SUNRISE   825 AM MST   SUNSET   445 PM MST
DECEMBER 22 2014......SUNRISE   826 AM MST   SUNSET   446 PM MST


-  INDICATES NEGATIVE NUMBERS.
R  INDICATES RECORD WAS SET OR TIED.
MM INDICATES DATA IS MISSING.
T  INDICATES TRACE AMOUNT.




$$





U.S. Dept. of Commerce
NOAA National Weather Service
1325 East West Highway
Silver Spring, MD 20910
E-mail: w-nws.webmaster@noaa.gov
Page last modified: May 16, 2007
NATIONAL WEATHER SERVICE: for Safety, for Work, for Fun - FOR LIFE