282
CDUS45 KMSO 302331
CLIGPI


CLIMATE REPORT
NATIONAL WEATHER SERVICE MISSOULA, MT
431 PM MST FRI JAN 30 2015


...................................

...THE KALISPELL MT CLIMATE SUMMARY FOR JANUARY 30 2015...
VALID TODAY AS OF 0400 PM LOCAL TIME.

CLIMATE NORMAL PERIOD 1981 TO 2010
CLIMATE RECORD PERIOD 1894 TO 2015


WEATHER ITEM   OBSERVED TIME   RECORD YEAR NORMAL DEPARTURE LAST
                VALUE   (LST)  VALUE       VALUE  FROM      YEAR
                                                  NORMAL
..................................................................
TEMPERATURE (F)
 TODAY
  MAXIMUM         25    236 PM  51    1989  33     -8       29
  MINIMUM          9    614 AM -38    1950  18     -9       11
  AVERAGE         17                        25     -8       20

PRECIPITATION (IN)
  TODAY            0.00          0.46 1986   0.04  -0.04     0.04
  MONTH TO DATE    2.41                      1.30   1.11     1.35
  SINCE OCT 1      8.49                      5.30   3.19     5.80
  SINCE JAN 1      2.41                      1.30   1.11     1.35

SNOWFALL (IN)
  TODAY            0.0
  MONTH TO DATE   30.4
  SINCE JAN 1     30.4
  SINCE JUL 1     56.9
  SNOW DEPTH       5

DEGREE DAYS
 HEATING
  TODAY           48                        40      8       45
  MONTH TO DATE 1265                      1239     26     1145
  SINCE DEC 1   2494                      2549    -55     2507
  SINCE JUL 1   4492                      4753   -261     4584

 COOLING
  TODAY            0                         0      0        0
  MONTH TO DATE    0                         0      0        0
  SINCE DEC 1      0                         0      0        0
  SINCE JAN 1      0                         0      0        0
..................................................................


WIND (MPH)
  HIGHEST WIND SPEED     6   HIGHEST WIND DIRECTION    SE (150)
  HIGHEST GUST SPEED    13   HIGHEST GUST DIRECTION    SE (150)
  AVERAGE WIND SPEED     1.2


SKY COVER
  POSSIBLE SUNSHINE  MM
  AVERAGE SKY COVER 1.0


WEATHER CONDITIONS
 THE FOLLOWING WEATHER WAS RECORDED TODAY.
  FOG
  FOG W/VISIBILITY <= 1/4 MILE


RELATIVE HUMIDITY (PERCENT)
 HIGHEST   100           200 AM
 LOWEST     88           900 AM
 AVERAGE    94

..........................................................


THE KALISPELL MT CLIMATE NORMALS FOR TOMORROW
                         NORMAL    RECORD    YEAR
 MAXIMUM TEMPERATURE (F)   33        50      1971
 MINIMUM TEMPERATURE (F)   18       -38      1950


SUNRISE AND SUNSET
JANUARY 30 2015.......SUNRISE   808 AM MST   SUNSET   533 PM MST
JANUARY 31 2015.......SUNRISE   807 AM MST   SUNSET   535 PM MST


-  INDICATES NEGATIVE NUMBERS.
R  INDICATES RECORD WAS SET OR TIED.
MM INDICATES DATA IS MISSING.
T  INDICATES TRACE AMOUNT.




$$





U.S. Dept. of Commerce
NOAA National Weather Service
1325 East West Highway
Silver Spring, MD 20910
E-mail: w-nws.webmaster@noaa.gov
Page last modified: May 16, 2007
NATIONAL WEATHER SERVICE: for Safety, for Work, for Fun - FOR LIFE