670
CDUS42 KJAX 010531
CLIGNV


CLIMATE REPORT
NATIONAL WEATHER SERVICE JACKSONVILLE FL
131 AM EDT SAT NOV 1 2014


...................................

...THE GAINESVILLE CLIMATE SUMMARY FOR OCTOBER 31 2014...

CLIMATE NORMAL PERIOD 1981 TO 2010
CLIMATE RECORD PERIOD 1890 TO 2014


WEATHER ITEM   OBSERVED TIME   RECORD YEAR NORMAL DEPARTURE LAST
                VALUE   (LST)  VALUE       VALUE  FROM      YEAR
                                                  NORMAL
..................................................................
TEMPERATURE (F)
 YESTERDAY
  MAXIMUM         74    211 PM  93    1915  78     -4       86
  MINIMUM         51   1153 PM  35    1963  55     -4       60
  AVERAGE         63                        67     -4       73

PRECIPITATION (IN)
  YESTERDAY        0.00          3.32 1960   0.07  -0.07     0.00
  MONTH TO DATE    1.55                      2.88  -1.33     0.08
  SINCE SEP 1      8.83                      7.30   1.53     3.28
  SINCE JAN 1     45.89                     42.87   3.02    39.98

SNOWFALL (IN)
  YESTERDAY        0.0           0.0    MM   0.0    0.0      0.0
  MONTH TO DATE    0.0                       0.0    0.0      0.0
  SINCE SEP 1      0.0                       0.0    0.0      0.0
  SINCE JUL 1      0.0                       0.0    0.0      0.0
  SNOW DEPTH       0

DEGREE DAYS
 HEATING
  YESTERDAY        2                         2      0        0
  MONTH TO DATE   18                        26     -8       15
  SINCE SEP 1     18                        27     -9       15
  SINCE JUL 1     18                        27     -9       15

 COOLING
  YESTERDAY        0                         4     -4        8
  MONTH TO DATE  178                       210    -32      240
  SINCE SEP 1    585                       606    -21      679
  SINCE JAN 1   2531                      2550    -19     2741
..................................................................


WIND (MPH)
  HIGHEST WIND SPEED    14   HIGHEST WIND DIRECTION     W (290)
  HIGHEST GUST SPEED    19   HIGHEST GUST DIRECTION     W (290)
  AVERAGE WIND SPEED     6.9


SKY COVER
  POSSIBLE SUNSHINE  MM
  AVERAGE SKY COVER 0.3


WEATHER CONDITIONS
 THE FOLLOWING WEATHER WAS RECORDED YESTERDAY.
  NO SIGNIFICANT WEATHER WAS OBSERVED.


RELATIVE HUMIDITY (PERCENT)
 HIGHEST    93           300 AM
 LOWEST     37           500 PM
 AVERAGE    65

..........................................................


THE GAINESVILLE CLIMATE NORMALS FOR TODAY
                         NORMAL    RECORD    YEAR
 MAXIMUM TEMPERATURE (F)   78        90      1914
 MINIMUM TEMPERATURE (F)   55        32      1993


SUNRISE AND SUNSET
NOVEMBER  1 2014......SUNRISE   742 AM EDT   SUNSET   642 PM EDT
NOVEMBER  2 2014......SUNRISE   643 AM EST   SUNSET   542 PM EST


-  INDICATES NEGATIVE NUMBERS.
R  INDICATES RECORD WAS SET OR TIED.
MM INDICATES DATA IS MISSING.
T  INDICATES TRACE AMOUNT.




$$





U.S. Dept. of Commerce
NOAA National Weather Service
1325 East West Highway
Silver Spring, MD 20910
E-mail: w-nws.webmaster@noaa.gov
Page last modified: May 16, 2007
NATIONAL WEATHER SERVICE: for Safety, for Work, for Fun - FOR LIFE