756
CDUS42 KJAX 270531
CLIGNV


CLIMATE REPORT
NATIONAL WEATHER SERVICE JACKSONVILLE FL
1230 AM EST THU NOV 27 2014


...................................

...THE GAINESVILLE CLIMATE SUMMARY FOR NOVEMBER 26 2014...

CLIMATE NORMAL PERIOD 1981 TO 2010
CLIMATE RECORD PERIOD 1890 TO 2014


WEATHER ITEM   OBSERVED TIME   RECORD YEAR NORMAL DEPARTURE LAST
                VALUE   (LST)  VALUE       VALUE  FROM      YEAR
                                                  NORMAL
..................................................................
TEMPERATURE (F)
 YESTERDAY
  MAXIMUM         63    333 PM  84    1973  72     -9       77
                                      1967
                                      1946
  MINIMUM         38   1142 PM  22    1950  48    -10       59
  AVERAGE         51                        60     -9       68

PRECIPITATION (IN)
  YESTERDAY        0.35          1.71 2013   0.06   0.29     1.71
  MONTH TO DATE    2.47                      1.77   0.70     3.26
  SINCE SEP 1     11.30                      9.07   2.23     6.54
  SINCE JAN 1     48.36                     44.64   3.72    43.24

SNOWFALL (IN)
  YESTERDAY        0.0           0.0    MM   0.0    0.0      0.0
  MONTH TO DATE    0.0                       0.0    0.0      0.0
  SINCE SEP 1      0.0                       0.0    0.0      0.0
  SINCE JUL 1      0.0                       0.0    0.0      0.0
  SNOW DEPTH       0

DEGREE DAYS
 HEATING
  YESTERDAY       14                         6      8        0
  MONTH TO DATE  193                       107     86       30
  SINCE SEP 1    211                       134     77       45
  SINCE JUL 1    211                       134     77       45

 COOLING
  YESTERDAY        0                         1     -1        3
  MONTH TO DATE   32                        63    -31       84
  SINCE SEP 1    617                       669    -52      763
  SINCE JAN 1   2563                      2613    -50     2825
..................................................................


WIND (MPH)
  HIGHEST WIND SPEED    20   HIGHEST WIND DIRECTION    NW (320)
  HIGHEST GUST SPEED    29   HIGHEST GUST DIRECTION    NW (320)
  AVERAGE WIND SPEED     7.6


SKY COVER
  POSSIBLE SUNSHINE  MM
  AVERAGE SKY COVER 0.5


WEATHER CONDITIONS
 THE FOLLOWING WEATHER WAS RECORDED YESTERDAY.
  RAIN
  LIGHT RAIN
  FOG


RELATIVE HUMIDITY (PERCENT)
 HIGHEST   100           100 AM
 LOWEST     42           500 PM
 AVERAGE    71

..........................................................


THE GAINESVILLE CLIMATE NORMALS FOR TODAY
                         NORMAL    RECORD    YEAR
 MAXIMUM TEMPERATURE (F)   72        85      1973
                                             1946
 MINIMUM TEMPERATURE (F)   48        29      1930
                                             1922
                                             1903


SUNRISE AND SUNSET
NOVEMBER 27 2014......SUNRISE   703 AM EST   SUNSET   530 PM EST
NOVEMBER 28 2014......SUNRISE   704 AM EST   SUNSET   530 PM EST


-  INDICATES NEGATIVE NUMBERS.
R  INDICATES RECORD WAS SET OR TIED.
MM INDICATES DATA IS MISSING.
T  INDICATES TRACE AMOUNT.




$$






U.S. Dept. of Commerce
NOAA National Weather Service
1325 East West Highway
Silver Spring, MD 20910
E-mail: w-nws.webmaster@noaa.gov
Page last modified: May 16, 2007
NATIONAL WEATHER SERVICE: for Safety, for Work, for Fun - FOR LIFE