900
CDUS42 KJAX 230531
CLIGNV


CLIMATE REPORT
NATIONAL WEATHER SERVICE JACKSONVILLE FL
1231 AM EST SUN NOV 23 2014


...................................

...THE GAINESVILLE CLIMATE SUMMARY FOR NOVEMBER 22 2014...

CLIMATE NORMAL PERIOD 1981 TO 2010
CLIMATE RECORD PERIOD 1890 TO 2014


WEATHER ITEM   OBSERVED TIME   RECORD YEAR NORMAL DEPARTURE LAST
                VALUE   (LST)  VALUE       VALUE  FROM      YEAR
                                                  NORMAL
..................................................................
TEMPERATURE (F)
 YESTERDAY
  MAXIMUM         72    120 PM  86    1906  73     -1       79
  MINIMUM         47   1232 AM  25    2008  49     -2       60
                                      2000
  AVERAGE         60                        61     -1       70

PRECIPITATION (IN)
  YESTERDAY        0.01          3.00 1893   0.06  -0.05      T
  MONTH TO DATE    0.58                      1.51  -0.93     1.55
  SINCE SEP 1      9.41                      8.81   0.60     4.83
  SINCE JAN 1     46.47                     44.38   2.09    41.53

SNOWFALL (IN)
  YESTERDAY        0.0           0.0    MM   0.0    0.0      0.0
  MONTH TO DATE    0.0                       0.0    0.0      0.0
  SINCE SEP 1      0.0                       0.0    0.0      0.0
  SINCE JUL 1      0.0                       0.0    0.0      0.0
  SNOW DEPTH       0

DEGREE DAYS
 HEATING
  YESTERDAY        5                         5      0        0
  MONTH TO DATE  179                        83     96       16
  SINCE SEP 1    197                       110     87       31
  SINCE JUL 1    197                       110     87       31

 COOLING
  YESTERDAY        0                         2     -2        5
  MONTH TO DATE    8                        57    -49       77
  SINCE SEP 1    593                       663    -70      756
  SINCE JAN 1   2539                      2607    -68     2818
..................................................................


WIND (MPH)
  HIGHEST WIND SPEED    17   HIGHEST WIND DIRECTION     E (100)
  HIGHEST GUST SPEED    23   HIGHEST GUST DIRECTION    NE (60)
  AVERAGE WIND SPEED     9.5


SKY COVER
  POSSIBLE SUNSHINE  MM
  AVERAGE SKY COVER 0.9


WEATHER CONDITIONS
 THE FOLLOWING WEATHER WAS RECORDED YESTERDAY.
  LIGHT RAIN
  FOG


RELATIVE HUMIDITY (PERCENT)
 HIGHEST    93           400 AM
 LOWEST     73          1100 AM
 AVERAGE    83

..........................................................


THE GAINESVILLE CLIMATE NORMALS FOR TODAY
                         NORMAL    RECORD    YEAR
 MAXIMUM TEMPERATURE (F)   73        88      1906
 MINIMUM TEMPERATURE (F)   49        27      2000


SUNRISE AND SUNSET
NOVEMBER 23 2014......SUNRISE   700 AM EST   SUNSET   531 PM EST
NOVEMBER 24 2014......SUNRISE   701 AM EST   SUNSET   530 PM EST


-  INDICATES NEGATIVE NUMBERS.
R  INDICATES RECORD WAS SET OR TIED.
MM INDICATES DATA IS MISSING.
T  INDICATES TRACE AMOUNT.




$$





U.S. Dept. of Commerce
NOAA National Weather Service
1325 East West Highway
Silver Spring, MD 20910
E-mail: w-nws.webmaster@noaa.gov
Page last modified: May 16, 2007
NATIONAL WEATHER SERVICE: for Safety, for Work, for Fun - FOR LIFE