434
CDUS42 KJAX 170533
CLIGNV


CLIMATE REPORT
NATIONAL WEATHER SERVICE JACKSONVILLE
133 AM EDT THU APR 17 2014


...................................

...THE GAINESVILLE CLIMATE SUMMARY FOR APRIL 16 2014...

CLIMATE NORMAL PERIOD 1981 TO 2010
CLIMATE RECORD PERIOD 1890 TO 2014


WEATHER ITEM   OBSERVED TIME   RECORD YEAR NORMAL DEPARTURE LAST
                VALUE   (LST)  VALUE       VALUE  FROM      YEAR
                                                  NORMAL
..................................................................
TEMPERATURE (F)
 YESTERDAY
  MAXIMUM         69    250 PM  90    1967  80    -11       87
                                      1954
                                      1945
  MINIMUM         42    629 AM  37    1962  55    -13       61
  AVERAGE         56                        68    -12       74

PRECIPITATION (IN)
  YESTERDAY        0.00          2.53 1929   0.09  -0.09     0.00
  MONTH TO DATE    1.23                      1.56  -0.33     2.47
  SINCE MAR 1      6.73                      5.89   0.84     3.45
  SINCE JAN 1     16.30                     12.40   3.90     5.42

SNOWFALL (IN)
  YESTERDAY        0.0           0.0    MM   0.0    0.0      0.0
  MONTH TO DATE    0.0                       0.0    0.0      0.0
  SINCE MAR 1      0.0                       0.0    0.0      0.0
  SINCE JUL 1      0.0                       0.0    0.0      0.0
  SNOW DEPTH       0

DEGREE DAYS
 HEATING
  YESTERDAY        9                         1      8        0
  MONTH TO DATE   14                        31    -17        9
  SINCE MAR 1    177                       168      9      289
  SINCE JUL 1   1087                      1202   -115     1021

 COOLING
  YESTERDAY        0                         4     -4        9
  MONTH TO DATE   59                        51      8       87
  SINCE MAR 1     84                       105    -21      105
  SINCE JAN 1    121                       137    -16      205
..................................................................


WIND (MPH)
  HIGHEST WIND SPEED    21   HIGHEST WIND DIRECTION    NE (60)
  HIGHEST GUST SPEED    28   HIGHEST GUST DIRECTION    NE (50)
  AVERAGE WIND SPEED    11.5


SKY COVER
  POSSIBLE SUNSHINE  MM
  AVERAGE SKY COVER 0.6


WEATHER CONDITIONS
 THE FOLLOWING WEATHER WAS RECORDED YESTERDAY.
  NO SIGNIFICANT WEATHER WAS OBSERVED.


RELATIVE HUMIDITY (PERCENT)
 HIGHEST    83           300 AM
 LOWEST     49           100 PM
 AVERAGE    66

..........................................................


THE GAINESVILLE CLIMATE NORMALS FOR TODAY
                         NORMAL    RECORD    YEAR
 MAXIMUM TEMPERATURE (F)   81        90      1945
                                             1930
                                             1927
 MINIMUM TEMPERATURE (F)   55        32      1962


SUNRISE AND SUNSET
APRIL 17 2014.........SUNRISE   700 AM EDT   SUNSET   757 PM EDT
APRIL 18 2014.........SUNRISE   659 AM EDT   SUNSET   758 PM EDT


-  INDICATES NEGATIVE NUMBERS.
R  INDICATES RECORD WAS SET OR TIED.
MM INDICATES DATA IS MISSING.
T  INDICATES TRACE AMOUNT.




$$





U.S. Dept. of Commerce
NOAA National Weather Service
1325 East West Highway
Silver Spring, MD 20910
E-mail: w-nws.webmaster@noaa.gov
Page last modified: May 16, 2007
NATIONAL WEATHER SERVICE: for Safety, for Work, for Fun - FOR LIFE