814
CDUS42 KJAX 220555
CLIGNV


CLIMATE REPORT
NATIONAL WEATHER SERVICE JACKSONVILLE FL
1255 AM EST MON DEC 22 2014


...................................

...THE GAINESVILLE CLIMATE SUMMARY FOR DECEMBER 21 2014...

CLIMATE NORMAL PERIOD 1981 TO 2010
CLIMATE RECORD PERIOD 1890 TO 2014


WEATHER ITEM   OBSERVED TIME   RECORD YEAR NORMAL DEPARTURE LAST
                VALUE   (LST)  VALUE       VALUE  FROM      YEAR
                                                  NORMAL
..................................................................
TEMPERATURE (F)
 YESTERDAY
  MAXIMUM         64    450 PM  85    1931  67     -3       84
  MINIMUM         57   1252 AM  19    1901  43     14       56
  AVERAGE         61                        55      6       70

PRECIPITATION (IN)
  YESTERDAY        0.25          2.68 1916   0.09   0.16     0.00
  MONTH TO DATE    0.29                      1.60  -1.31     2.45
  SINCE DEC 1      0.29                      1.60  -1.31     2.45
  SINCE JAN 1     48.65                     46.53   2.12    45.74

SNOWFALL (IN)
  YESTERDAY        0.0           0.0    MM   0.0    0.0      0.0
  MONTH TO DATE    0.0                       0.0    0.0      0.0
  SINCE DEC 1      0.0                       0.0    0.0      0.0
  SINCE JUL 1      0.0                       0.0    0.0      0.0
  SNOW DEPTH       0

DEGREE DAYS
 HEATING
  YESTERDAY        4                        10     -6        0
  MONTH TO DATE  176                       185     -9      111
  SINCE DEC 1    176                       185     -9      111
  SINCE JUL 1    441                       346     95      204

 COOLING
  YESTERDAY        0                         1     -1        5
  MONTH TO DATE   20                        21     -1       38
  SINCE DEC 1     20                        21     -1       38
  SINCE JAN 1   2583                      2637    -54     2863
..................................................................


WIND (MPH)
  HIGHEST WIND SPEED    12   HIGHEST WIND DIRECTION    NE (50)
  HIGHEST GUST SPEED    14   HIGHEST GUST DIRECTION     E (80)
  AVERAGE WIND SPEED     5.4


SKY COVER
  POSSIBLE SUNSHINE  MM
  AVERAGE SKY COVER 1.0


WEATHER CONDITIONS
 THE FOLLOWING WEATHER WAS RECORDED YESTERDAY.
  RAIN
  LIGHT RAIN
  FOG


RELATIVE HUMIDITY (PERCENT)
 HIGHEST   100           200 AM
 LOWEST     93          1200 AM
 AVERAGE    97

..........................................................


THE GAINESVILLE CLIMATE NORMALS FOR TODAY
                         NORMAL    RECORD    YEAR
 MAXIMUM TEMPERATURE (F)   67        83      2013
 MINIMUM TEMPERATURE (F)   43        22      1901


SUNRISE AND SUNSET
DECEMBER 22 2014......SUNRISE   720 AM EST   SUNSET   535 PM EST
DECEMBER 23 2014......SUNRISE   721 AM EST   SUNSET   535 PM EST


-  INDICATES NEGATIVE NUMBERS.
R  INDICATES RECORD WAS SET OR TIED.
MM INDICATES DATA IS MISSING.
T  INDICATES TRACE AMOUNT.




$$





U.S. Dept. of Commerce
NOAA National Weather Service
1325 East West Highway
Silver Spring, MD 20910
E-mail: w-nws.webmaster@noaa.gov
Page last modified: May 16, 2007
NATIONAL WEATHER SERVICE: for Safety, for Work, for Fun - FOR LIFE