203
CDUS44 KHGX 220735
CLIGLS


CLIMATE REPORT
NATIONAL WEATHER SERVICE HOUSTON/GALVESTON TX
231 AM CDT WED OCT 22 2014


...................................

...THE GALVESTON CLIMATE SUMMARY FOR OCTOBER 21 2014...

CLIMATE NORMAL PERIOD 1981 TO 2010
CLIMATE RECORD PERIOD 1875 TO 2014


WEATHER ITEM   OBSERVED TIME   RECORD YEAR NORMAL DEPARTURE LAST
                VALUE   (LST)  VALUE       VALUE  FROM      YEAR
                                                  NORMAL
..................................................................
TEMPERATURE (F)
 YESTERDAY
  MAXIMUM         81    239 PM  87    1927  79      2       75
  MINIMUM         67    641 AM  49    1877  67      0       68
  AVERAGE         74                        73      1       72

PRECIPITATION (IN)
  YESTERDAY        0.00          3.81 1984   0.20  -0.20     0.44
  MONTH TO DATE    1.75                      4.02  -2.27     3.14
  SINCE SEP 1      7.86                     10.05  -2.19     8.20
  SINCE JAN 1     24.11                     41.23 -17.12    32.43

SNOWFALL (IN)
  YESTERDAY        0.0           0.0  2002  MM     MM        0.0
                                      2001
  MONTH TO DATE    0.0                      MM     MM        0.0
  SINCE SEP 1      0.0                      MM     MM        0.0
  SINCE JUL 1      0.0                      MM     MM        0.0
  SNOW DEPTH       0

DEGREE DAYS
 HEATING
  YESTERDAY        0                         0      0        0
  MONTH TO DATE    0                         0      0        0
  SINCE SEP 1      0                         0      0        0
  SINCE JUL 1      0                         0      0        0

 COOLING
  YESTERDAY        9                         8      1        7
  MONTH TO DATE  266                       228     38      234
  SINCE SEP 1    771                       727     44      776
  SINCE JAN 1   3098                      3121    -23     3170
..................................................................


WIND (MPH)
  RESULTANT WIND SPEED  10   RESULTANT WIND DIRECTION  NE (50)
  HIGHEST WIND SPEED    16   HIGHEST WIND DIRECTION    NE (60)
  HIGHEST GUST SPEED    21   HIGHEST GUST DIRECTION    NE (60)
  AVERAGE WIND SPEED    10.0


SKY COVER
  AVERAGE SKY COVER 0.0


WEATHER CONDITIONS
 THE FOLLOWING WEATHER WAS RECORDED YESTERDAY.
  FOG
  HAZE


RELATIVE HUMIDITY (PERCENT)
 HIGHEST    87
 LOWEST     48
 AVERAGE    68

..........................................................


THE GALVESTON CLIMATE NORMALS FOR TODAY
                         NORMAL    RECORD    YEAR
 MAXIMUM TEMPERATURE (F)   79        87      2004
 MINIMUM TEMPERATURE (F)   66        49      1911


SUNRISE AND SUNSET
OCTOBER 22 2014.......SUNRISE   725 AM CDT   SUNSET   642 PM CDT
OCTOBER 23 2014.......SUNRISE   726 AM CDT   SUNSET   641 PM CDT


-  INDICATES NEGATIVE NUMBERS.
R  INDICATES RECORD WAS SET OR TIED.
MM INDICATES DATA IS MISSING.
T  INDICATES TRACE AMOUNT.




$$





U.S. Dept. of Commerce
NOAA National Weather Service
1325 East West Highway
Silver Spring, MD 20910
E-mail: w-nws.webmaster@noaa.gov
Page last modified: May 16, 2007
NATIONAL WEATHER SERVICE: for Safety, for Work, for Fun - FOR LIFE