719
CDUS44 KHGX 270820
CLIGLS


CLIMATE REPORT
NATIONAL WEATHER SERVICE HOUSTON/GALVESTON TX
220 AM CST TUE JAN 27 2015


...................................

...THE GALVESTON CLIMATE SUMMARY FOR JANUARY 26 2015...

CLIMATE NORMAL PERIOD 1981 TO 2010
CLIMATE RECORD PERIOD 1875 TO 2015


WEATHER ITEM   OBSERVED TIME   RECORD YEAR NORMAL DEPARTURE LAST
                VALUE   (LST)  VALUE       VALUE  FROM      YEAR
                                                  NORMAL
..................................................................
TEMPERATURE (F)
 YESTERDAY
  MAXIMUM         66    311 PM  77    2005  62      4       64
  MINIMUM         44    630 AM  25    1940  49     -5       44
  AVERAGE         55                        55      0       54

PRECIPITATION (IN)
  YESTERDAY        0.00          2.24 1913   0.12  -0.12     0.00
  MONTH TO DATE    5.44                      3.56   1.88     1.30
  SINCE DEC 1      9.31                      7.08   2.23     1.95
  SINCE JAN 1      5.44                      3.56   1.88     1.30

SNOWFALL (IN)
  YESTERDAY        0.0           0.1  1897  MM     MM        0.0
  MONTH TO DATE    0.0                      MM     MM         T
  SINCE DEC 1      0.0                      MM     MM         T
  SINCE JUL 1      0.0                      MM     MM         T
  SNOW DEPTH       0

DEGREE DAYS
 HEATING
  YESTERDAY       10                        10      0       11
  MONTH TO DATE  399                       260    139      316
  SINCE DEC 1    594                       517     77      684
  SINCE JUL 1    745                       620    125      862

 COOLING
  YESTERDAY        0                         0      0        0
  MONTH TO DATE    0                         0      0        0
  SINCE DEC 1     21                        19      2       13
  SINCE JAN 1      0                         0      0        0
..................................................................


WIND (MPH)
  RESULTANT WIND SPEED   4   RESULTANT WIND DIRECTION   W (260)
  HIGHEST WIND SPEED    13   HIGHEST WIND DIRECTION    NW (320)
  HIGHEST GUST SPEED    15   HIGHEST GUST DIRECTION    SW (230)
  AVERAGE WIND SPEED     6.5


SKY COVER
  AVERAGE SKY COVER 0.0


WEATHER CONDITIONS
 THE FOLLOWING WEATHER WAS RECORDED YESTERDAY.
  NO SIGNIFICANT WEATHER WAS OBSERVED.


RELATIVE HUMIDITY (PERCENT)
 HIGHEST    83
 LOWEST     37
 AVERAGE    60

..........................................................


THE GALVESTON CLIMATE NORMALS FOR TODAY
                         NORMAL    RECORD    YEAR
 MAXIMUM TEMPERATURE (F)   62        75      1882
 MINIMUM TEMPERATURE (F)   49        21      1897


SUNRISE AND SUNSET
JANUARY 27 2015.......SUNRISE   711 AM CST   SUNSET   554 PM CST
JANUARY 28 2015.......SUNRISE   711 AM CST   SUNSET   554 PM CST


-  INDICATES NEGATIVE NUMBERS.
R  INDICATES RECORD WAS SET OR TIED.
MM INDICATES DATA IS MISSING.
T  INDICATES TRACE AMOUNT.




$$





U.S. Dept. of Commerce
NOAA National Weather Service
1325 East West Highway
Silver Spring, MD 20910
E-mail: w-nws.webmaster@noaa.gov
Page last modified: May 16, 2007
NATIONAL WEATHER SERVICE: for Safety, for Work, for Fun - FOR LIFE