059
CDUS44 KHGX 282122
CLIGLS


CLIMATE REPORT
NATIONAL WEATHER SERVICE HOUSTON/GALVESTON TX
422 PM CDT MON JUL 28 2014


...................................

...THE GALVESTON CLIMATE SUMMARY FOR JULY 28 2014...
VALID TODAY AS OF 400 PM LOCAL TIME.

CLIMATE NORMAL PERIOD 1981 TO 2010
CLIMATE RECORD PERIOD 1875 TO 2014


WEATHER ITEM   OBSERVED TIME   RECORD YEAR NORMAL DEPARTURE LAST
                VALUE   (LST)  VALUE       VALUE  FROM      YEAR
                                                  NORMAL
..................................................................
TEMPERATURE (F)
 TODAY
  MAXIMUM         92    146 PM  95    2005  90      2       91
                                      1995
                                      1989
  MINIMUM         80    539 AM  70    1903  80      0       82
  AVERAGE         86                        85      1       87

PRECIPITATION (IN)
  TODAY            0.00          4.34 1943   0.10  -0.10     0.00
  MONTH TO DATE    1.08                      3.59  -2.51     2.40
  SINCE JUN 1      2.61                      9.28  -6.67     5.66
  SINCE JAN 1     11.30                     26.58 -15.28    20.38

SNOWFALL (IN)
  TODAY            0.0          MM      MM  MM     MM        0.0
  MONTH TO DATE    0.0                      MM     MM        0.0
  SINCE JUN 1      0.0                      MM     MM        0.0
  SINCE JUL 1      0.0                      MM     MM        0.0
  SNOW DEPTH       0

DEGREE DAYS
 HEATING
  TODAY            0                         0      0        0
  MONTH TO DATE    0                         0      0        0
  SINCE JUN 1      0                         0      0        0
  SINCE JUL 1      0                         0      0        0

 COOLING
  TODAY           21                        20      1       22
  MONTH TO DATE  557                       544     13      564
  SINCE JUN 1   1115                      1079     36     1158
  SINCE JAN 1   1623                      1714    -91     1709
..................................................................


WIND (MPH)
  RESULTANT WIND SPEED   7   RESULTANT WIND DIRECTION  SW (210)
  HIGHEST WIND SPEED    16   HIGHEST WIND DIRECTION     S (170)
  HIGHEST GUST SPEED    19   HIGHEST GUST DIRECTION     S (190)
  AVERAGE WIND SPEED     8.3


SKY COVER
  AVERAGE SKY COVER 0.1


WEATHER CONDITIONS
 THE FOLLOWING WEATHER WAS RECORDED TODAY.
  NO SIGNIFICANT WEATHER WAS OBSERVED.


RELATIVE HUMIDITY (PERCENT)
 HIGHEST    94           500 AM
 LOWEST     59          1000 AM
 AVERAGE    77

..........................................................


THE GALVESTON CLIMATE NORMALS FOR TOMORROW
                         NORMAL    RECORD    YEAR
 MAXIMUM TEMPERATURE (F)   90        96      1875
 MINIMUM TEMPERATURE (F)   80        70      1939


SUNRISE AND SUNSET
JULY 28 2014..........SUNRISE   638 AM CDT   SUNSET   814 PM CDT
JULY 29 2014..........SUNRISE   638 AM CDT   SUNSET   813 PM CDT


-  INDICATES NEGATIVE NUMBERS.
R  INDICATES RECORD WAS SET OR TIED.
MM INDICATES DATA IS MISSING.
T  INDICATES TRACE AMOUNT.




$$






U.S. Dept. of Commerce
NOAA National Weather Service
1325 East West Highway
Silver Spring, MD 20910
E-mail: w-nws.webmaster@noaa.gov
Page last modified: May 16, 2007
NATIONAL WEATHER SERVICE: for Safety, for Work, for Fun - FOR LIFE