163
CDUS44 KHGX 180821
CLIGLS


CLIMATE REPORT
NATIONAL WEATHER SERVICE HOUSTON/GALVESTON TX
221 AM CST THU DEC 18 2014


...................................

...THE GALVESTON CLIMATE SUMMARY FOR DECEMBER 17 2014...

CLIMATE NORMAL PERIOD 1981 TO 2010
CLIMATE RECORD PERIOD 1875 TO 2014


WEATHER ITEM   OBSERVED TIME   RECORD YEAR NORMAL DEPARTURE LAST
                VALUE   (LST)  VALUE       VALUE  FROM      YEAR
                                                  NORMAL
..................................................................
TEMPERATURE (F)
 YESTERDAY
  MAXIMUM         67    156 PM  75    2006  64      3       65
                                      1933
                                      1889
  MINIMUM         53    508 AM  28    1932  50      3       45
  AVERAGE         60                        57      3       55

PRECIPITATION (IN)
  YESTERDAY        0.00          6.30 1995   0.11  -0.11     0.00
  MONTH TO DATE    0.58                      2.09  -1.51     0.14
  SINCE DEC 1      0.58                      2.09  -1.51     0.14
  SINCE JAN 1     28.60                     49.33 -20.73    38.73

SNOWFALL (IN)
  YESTERDAY        0.0           0.0  2001  MM     MM       MM
  MONTH TO DATE    0.0                      MM     MM        0.0
  SINCE DEC 1      0.0                      MM     MM        0.0
  SINCE JUL 1      0.0                      MM     MM        0.0
  SNOW DEPTH       0

DEGREE DAYS
 HEATING
  YESTERDAY        5                         9     -4       10
  MONTH TO DATE   58                       128    -70      214
  SINCE DEC 1     58                       128    -70      214
  SINCE JUL 1    209                       231    -22      392

 COOLING
  YESTERDAY        0                         0      0        0
  MONTH TO DATE   18                        14      4       11
  SINCE DEC 1     18                        14      4       11
  SINCE JAN 1   3256                      3303    -47     3322
..................................................................


WIND (MPH)
  RESULTANT WIND SPEED  11   RESULTANT WIND DIRECTION   E (80)
  HIGHEST WIND SPEED    17   HIGHEST WIND DIRECTION     E (100)
  HIGHEST GUST SPEED    24   HIGHEST GUST DIRECTION     E (90)
  AVERAGE WIND SPEED    11.9


SKY COVER
  AVERAGE SKY COVER 0.7


WEATHER CONDITIONS
 THE FOLLOWING WEATHER WAS RECORDED YESTERDAY.
  NO SIGNIFICANT WEATHER WAS OBSERVED.


RELATIVE HUMIDITY (PERCENT)
 HIGHEST    93
 LOWEST     61
 AVERAGE    77

..........................................................


THE GALVESTON CLIMATE NORMALS FOR TODAY
                         NORMAL    RECORD    YEAR
 MAXIMUM TEMPERATURE (F)   63        74      1889
 MINIMUM TEMPERATURE (F)   50        29      1884


SUNRISE AND SUNSET
DECEMBER 18 2014......SUNRISE   708 AM CST   SUNSET   524 PM CST
DECEMBER 19 2014......SUNRISE   708 AM CST   SUNSET   525 PM CST


-  INDICATES NEGATIVE NUMBERS.
R  INDICATES RECORD WAS SET OR TIED.
MM INDICATES DATA IS MISSING.
T  INDICATES TRACE AMOUNT.




$$





U.S. Dept. of Commerce
NOAA National Weather Service
1325 East West Highway
Silver Spring, MD 20910
E-mail: w-nws.webmaster@noaa.gov
Page last modified: May 16, 2007
NATIONAL WEATHER SERVICE: for Safety, for Work, for Fun - FOR LIFE