756
CDUS44 KJAN 180732
CLIGLH


CLIMATE REPORT
NATIONAL WEATHER SERVICE JACKSON MS
231 AM CDT FRI APR 18 2014


...................................

...THE GREENVILLE CLIMATE SUMMARY FOR APRIL 17 2014...

CLIMATE NORMAL PERIOD 1981 TO 2010
CLIMATE RECORD PERIOD 1920 TO 2014


WEATHER ITEM   OBSERVED TIME   RECORD YEAR NORMAL DEPARTURE LAST
                VALUE   (LST)  VALUE       VALUE  FROM      YEAR
                                                  NORMAL
..................................................................
TEMPERATURE (F)
 YESTERDAY
  MAXIMUM         68    316 PM  91    1925  75     -7       84
  MINIMUM         41    325 AM  36    1951  53    -12       69
  AVERAGE         55                        64     -9       77

PRECIPITATION (IN)
  YESTERDAY        T             0.97 1924   0.15  -0.15     0.00
  MONTH TO DATE    6.12                      2.88   3.24     2.36
  SINCE MAR 1     11.63                      7.43   4.20     7.11
  SINCE JAN 1     15.93                     17.42  -1.49    19.57

SNOWFALL (IN)
  YESTERDAY        0.0

DEGREE DAYS
 HEATING
  YESTERDAY       10                         3      7        0
  MONTH TO DATE  123                        90     33      104
  SINCE MAR 1    557                       426    131      579
  SINCE JUL 1   3164                      2735    429     2582

 COOLING
  YESTERDAY        0                         2     -2       12
  MONTH TO DATE   29                        25      4       54
  SINCE MAR 1     34                        42     -8       56
  SINCE JAN 1     34                        47    -13       66
..................................................................


WIND (MPH)
  HIGHEST WIND SPEED    16   HIGHEST WIND DIRECTION    SE (150)
  HIGHEST GUST SPEED    MM   HIGHEST GUST DIRECTION    SE (120)
  AVERAGE WIND SPEED     4.1


SKY COVER
  POSSIBLE SUNSHINE  MM
  AVERAGE SKY COVER 0.1


WEATHER CONDITIONS
 THE FOLLOWING WEATHER WAS RECORDED YESTERDAY.
  THUNDERSTORM


RELATIVE HUMIDITY (PERCENT)
 HIGHEST    93          1200 AM
 LOWEST     48          1200 PM
 AVERAGE    71

..........................................................


THE GREENVILLE CLIMATE NORMALS FOR TODAY
                         NORMAL    RECORD    YEAR
 MAXIMUM TEMPERATURE (F)   75        90      2006
                                             1981
 MINIMUM TEMPERATURE (F)   53        34      1921


SUNRISE AND SUNSET
APRIL 18 2014.........SUNRISE   630 AM CDT   SUNSET   737 PM CDT
APRIL 19 2014.........SUNRISE   629 AM CDT   SUNSET   738 PM CDT


-  INDICATES NEGATIVE NUMBERS.
R  INDICATES RECORD WAS SET OR TIED.
MM INDICATES DATA IS MISSING.
T  INDICATES TRACE AMOUNT.




$$





U.S. Dept. of Commerce
NOAA National Weather Service
1325 East West Highway
Silver Spring, MD 20910
E-mail: w-nws.webmaster@noaa.gov
Page last modified: May 16, 2007
NATIONAL WEATHER SERVICE: for Safety, for Work, for Fun - FOR LIFE