511
CDUS44 KJAN 280650
CLIGLH


CLIMATE REPORT
NATIONAL WEATHER SERVICE JACKSON MS
1248 AM CST FRI NOV 28 2014


...................................

...THE GREENVILLE CLIMATE SUMMARY FOR NOVEMBER 27 2014...

CLIMATE NORMAL PERIOD 1981 TO 2010
CLIMATE RECORD PERIOD 1920 TO 2014


WEATHER ITEM   OBSERVED TIME   RECORD YEAR NORMAL DEPARTURE LAST
                VALUE   (LST)  VALUE       VALUE  FROM      YEAR
                                                  NORMAL
..................................................................
TEMPERATURE (F)
 YESTERDAY
  MAXIMUM         48    340 PM  83    1965  60    -12       40
  MINIMUM         31   1150 PM  18    1938  39     -8       26
  AVERAGE         40                        50    -10       33

PRECIPITATION (IN)
  YESTERDAY        0.00          4.08 1973   0.21  -0.21     0.00
  MONTH TO DATE    2.39                      4.36  -1.97     3.53
  SINCE SEP 1      9.20                     11.76  -2.56    19.33
  SINCE JAN 1     48.92                     46.32   2.60    48.31

SNOWFALL (IN)
  YESTERDAY        0.0

DEGREE DAYS
 HEATING
  YESTERDAY       25                        16      9       32
  MONTH TO DATE  443                       301    142      368
  SINCE SEP 1    512                       415     97      459
  SINCE JUL 1    512                       415     97      459

 COOLING
  YESTERDAY        0                         0      0        0
  MONTH TO DATE    0                         9     -9       10
  SINCE SEP 1    507                       404    103      520
  SINCE JAN 1   2174                      2183     -9     2247
..................................................................


WIND (MPH)
  HIGHEST WIND SPEED    17   HIGHEST WIND DIRECTION     N (360)
  HIGHEST GUST SPEED    22   HIGHEST GUST DIRECTION     N (360)
  AVERAGE WIND SPEED     7.0


SKY COVER
  POSSIBLE SUNSHINE  MM
  AVERAGE SKY COVER 0.2


WEATHER CONDITIONS
 THE FOLLOWING WEATHER WAS RECORDED YESTERDAY.
  NO SIGNIFICANT WEATHER WAS OBSERVED.


RELATIVE HUMIDITY (PERCENT)
 HIGHEST    89           900 PM
 LOWEST     53           100 AM
 AVERAGE    71

..........................................................


THE GREENVILLE CLIMATE NORMALS FOR TODAY
                         NORMAL    RECORD    YEAR
 MAXIMUM TEMPERATURE (F)   59        81      1990
 MINIMUM TEMPERATURE (F)   39        18      1938


SUNRISE AND SUNSET
NOVEMBER 28 2014......SUNRISE   647 AM CST   SUNSET   456 PM CST
NOVEMBER 29 2014......SUNRISE   648 AM CST   SUNSET   456 PM CST


-  INDICATES NEGATIVE NUMBERS.
R  INDICATES RECORD WAS SET OR TIED.
MM INDICATES DATA IS MISSING.
T  INDICATES TRACE AMOUNT.




$$





U.S. Dept. of Commerce
NOAA National Weather Service
1325 East West Highway
Silver Spring, MD 20910
E-mail: w-nws.webmaster@noaa.gov
Page last modified: May 16, 2007
NATIONAL WEATHER SERVICE: for Safety, for Work, for Fun - FOR LIFE