172
CDUS44 KJAN 220632
CLIGLH


CLIMATE REPORT
NATIONAL WEATHER SERVICE JACKSON MS
1230 AM CST SAT NOV 22 2014


...................................

...THE GREENVILLE CLIMATE SUMMARY FOR NOVEMBER 21 2014...

CLIMATE NORMAL PERIOD 1981 TO 2010
CLIMATE RECORD PERIOD 1920 TO 2014


WEATHER ITEM   OBSERVED TIME   RECORD YEAR NORMAL DEPARTURE LAST
                VALUE   (LST)  VALUE       VALUE  FROM      YEAR
                                                  NORMAL
..................................................................
TEMPERATURE (F)
 YESTERDAY
  MAXIMUM         71    310 PM  80    2011  62      9       68
                                      1943
                                      1942
  MINIMUM         50    408 AM  21    2008  41      9       48
                                      1937
  AVERAGE         61                        52      9       58

PRECIPITATION (IN)
  YESTERDAY        0.00          4.35 1934   0.17  -0.17     0.32
  MONTH TO DATE    1.88                      3.16  -1.28     1.26
  SINCE SEP 1      8.69                     10.56  -1.87    17.06
  SINCE JAN 1     48.41                     45.12   3.29    46.04

SNOWFALL (IN)
  YESTERDAY        0.0

DEGREE DAYS
 HEATING
  YESTERDAY        4                        14    -10        7
  MONTH TO DATE  360                       212    148      219
  SINCE SEP 1    429                       326    103      310
  SINCE JUL 1    429                       326    103      310

 COOLING
  YESTERDAY        0                         0      0        0
  MONTH TO DATE    0                         9     -9       10
  SINCE SEP 1    507                       404    103      520
  SINCE JAN 1   2174                      2183     -9     2247
..................................................................


WIND (MPH)
  HIGHEST WIND SPEED    16   HIGHEST WIND DIRECTION     S (160)
  HIGHEST GUST SPEED    21   HIGHEST GUST DIRECTION     S (160)
  AVERAGE WIND SPEED     7.6


SKY COVER
  POSSIBLE SUNSHINE  MM
  AVERAGE SKY COVER 1.0


WEATHER CONDITIONS
 THE FOLLOWING WEATHER WAS RECORDED YESTERDAY.
  NO SIGNIFICANT WEATHER WAS OBSERVED.


RELATIVE HUMIDITY (PERCENT)
 HIGHEST    89           100 AM
 LOWEST     40           300 PM
 AVERAGE    65

..........................................................


THE GREENVILLE CLIMATE NORMALS FOR TODAY
                         NORMAL    RECORD    YEAR
 MAXIMUM TEMPERATURE (F)   62        83      1921
 MINIMUM TEMPERATURE (F)   41        20      2008


SUNRISE AND SUNSET
NOVEMBER 22 2014......SUNRISE   642 AM CST   SUNSET   458 PM CST
NOVEMBER 23 2014......SUNRISE   643 AM CST   SUNSET   458 PM CST


-  INDICATES NEGATIVE NUMBERS.
R  INDICATES RECORD WAS SET OR TIED.
MM INDICATES DATA IS MISSING.
T  INDICATES TRACE AMOUNT.




$$





U.S. Dept. of Commerce
NOAA National Weather Service
1325 East West Highway
Silver Spring, MD 20910
E-mail: w-nws.webmaster@noaa.gov
Page last modified: May 16, 2007
NATIONAL WEATHER SERVICE: for Safety, for Work, for Fun - FOR LIFE