200
CDUS43 KGLD 200742
CLIGLD

CLIMATE REPORT
NATIONAL WEATHER SERVICE GOODLAND
137 AM MDT SUN APR 20 2014

...................................

...THE GOODLAND KS CLIMATE SUMMARY FOR APRIL 19 2014...

CLIMATE NORMAL PERIOD 1981 TO 2010
CLIMATE RECORD PERIOD 1895 TO 2014

WEATHER ITEM   OBSERVED TIME   RECORD YEAR NORMAL DEPARTURE LAST
                VALUE   (LST)  VALUE       VALUE  FROM      YEAR
                                                  NORMAL
..................................................................
TEMPERATURE (F)
 YESTERDAY
  MAXIMUM         72    220 PM  87    2001  65      7       59
                                      1987
                                      1961
  MINIMUM         47   1159 PM  18    1953  36     11       21
  AVERAGE         60                        50     10       40

PRECIPITATION (IN)
  YESTERDAY        T             2.98 1981   0.06  -0.06     0.00
  MONTH TO DATE    0.20                      0.90  -0.70     0.29
  SINCE MAR 1      0.62                      1.97  -1.35     1.74
  SINCE JAN 1      1.56                      2.84  -1.28     2.59

SNOWFALL (IN)
  YESTERDAY        0.0                       0.2   -0.2      0.0
  MONTH TO DATE    0.4                       3.3   -2.9      3.5
  SINCE MAR 1      3.9                      10.1   -6.2     23.3
  SINCE JUL 1     29.1                      34.1   -5.0     46.5
  SNOW DEPTH       0

DEGREE DAYS
 HEATING
  YESTERDAY        5                        15    -10       25
  MONTH TO DATE  327                       336     -9      457
  SINCE MAR 1   1095                      1094      1     1300
  SINCE JUL 1   5639                      5511    128     5587

 COOLING
  YESTERDAY        0                         0      0        0
  MONTH TO DATE    1                         0      1        0
  SINCE MAR 1      1                         0      1        0
  SINCE JAN 1      1                         0      1        0
..................................................................

WIND (MPH)
  HIGHEST WIND SPEED    26   HIGHEST WIND DIRECTION     N (20)
  HIGHEST GUST SPEED    32   HIGHEST GUST DIRECTION    NE (40)
  AVERAGE WIND SPEED    14.8


SKY COVER
  AVERAGE SKY COVER 0.1


WEATHER CONDITIONS
 THE FOLLOWING WEATHER WAS RECORDED YESTERDAY.
  THUNDERSTORM
  LIGHT RAIN


RELATIVE HUMIDITY (PERCENT)
 HIGHEST    86
 LOWEST     41
 AVERAGE    64

..........................................................


THE GOODLAND KS CLIMATE NORMALS FOR TODAY
                         NORMAL    RECORD    YEAR
 MAXIMUM TEMPERATURE (F)   65        89      1962
 MINIMUM TEMPERATURE (F)   36        20      1953


SUNRISE AND SUNSET
APRIL 20 2014.........SUNRISE   603 AM MDT   SUNSET   729 PM MDT
APRIL 21 2014.........SUNRISE   601 AM MDT   SUNSET   730 PM MDT


-  INDICATES NEGATIVE NUMBERS.
R  INDICATES RECORD WAS SET OR TIED.
MM INDICATES DATA IS MISSING.
T  INDICATES TRACE AMOUNT.

&&

THE AVERAGE SOIL TEMPERATURE AT THE FOUR INCH DEPTH... 49

$$







U.S. Dept. of Commerce
NOAA National Weather Service
1325 East West Highway
Silver Spring, MD 20910
E-mail: w-nws.webmaster@noaa.gov
Page last modified: May 16, 2007
NATIONAL WEATHER SERVICE: for Safety, for Work, for Fun - FOR LIFE