337
CDUS43 KGLD 230737
CLIGLD

CLIMATE REPORT
NATIONAL WEATHER SERVICE GOODLAND
135 AM MDT WED APR 23 2014

...................................

...THE GOODLAND KS CLIMATE SUMMARY FOR APRIL 22 2014...

CLIMATE NORMAL PERIOD 1981 TO 2010
CLIMATE RECORD PERIOD 1895 TO 2014

WEATHER ITEM   OBSERVED TIME   RECORD YEAR NORMAL DEPARTURE LAST
                VALUE   (LST)  VALUE       VALUE  FROM      YEAR
                                                  NORMAL
..................................................................
TEMPERATURE (F)
 YESTERDAY
  MAXIMUM         82    412 PM  96    1989  66     16       55
  MINIMUM         42    516 AM  22    1982  37      5       24
  AVERAGE         62                        51     11       40

PRECIPITATION (IN)
  YESTERDAY        0.00          1.23 1944   0.07  -0.07     0.30
  MONTH TO DATE    0.20                      1.09  -0.89     0.59
  SINCE MAR 1      0.62                      2.16  -1.54     2.04
  SINCE JAN 1      1.56                      3.03  -1.47     2.89

SNOWFALL (IN)
  YESTERDAY        0.0                       0.1   -0.1      6.1
  MONTH TO DATE    0.4                       3.6   -3.2      9.6
  SINCE MAR 1      3.9                      10.4   -6.5     29.4
  SINCE JUL 1     29.1                      34.4   -5.3     52.6
  SNOW DEPTH       0

DEGREE DAYS
 HEATING
  YESTERDAY        3                        14    -11       25
  MONTH TO DATE  344                       379    -35      516
  SINCE MAR 1   1112                      1137    -25     1359
  SINCE JUL 1   5656                      5554    102     5646

 COOLING
  YESTERDAY        0                         0      0        0
  MONTH TO DATE    1                         0      1        0
  SINCE MAR 1      1                         0      1        0
  SINCE JAN 1      1                         0      1        0
..................................................................

WIND (MPH)
  HIGHEST WIND SPEED    38   HIGHEST WIND DIRECTION     S (170)
  HIGHEST GUST SPEED    46   HIGHEST GUST DIRECTION     S (160)
  AVERAGE WIND SPEED    25.1


SKY COVER
  AVERAGE SKY COVER 0.0


WEATHER CONDITIONS
THE FOLLOWING WEATHER WAS RECORDED YESTERDAY.
  NO SIGNIFICANT WEATHER WAS OBSERVED.


RELATIVE HUMIDITY (PERCENT)
 HIGHEST    72
 LOWEST     24
 AVERAGE    48

..........................................................


THE GOODLAND KS CLIMATE NORMALS FOR TODAY
                         NORMAL    RECORD    YEAR
 MAXIMUM TEMPERATURE (F)   66        90      1989
                                             1939
 MINIMUM TEMPERATURE (F)   37        21      2013


SUNRISE AND SUNSET
APRIL 23 2014.........SUNRISE   558 AM MDT   SUNSET   732 PM MDT
APRIL 24 2014.........SUNRISE   557 AM MDT   SUNSET   733 PM MDT


-  INDICATES NEGATIVE NUMBERS.
R  INDICATES RECORD WAS SET OR TIED.
MM INDICATES DATA IS MISSING.
T  INDICATES TRACE AMOUNT.

&&

THE AVERAGE SOIL TEMPERATURE AT THE FOUR INCH DEPTH... 54

$$







U.S. Dept. of Commerce
NOAA National Weather Service
1325 East West Highway
Silver Spring, MD 20910
E-mail: w-nws.webmaster@noaa.gov
Page last modified: May 16, 2007
NATIONAL WEATHER SERVICE: for Safety, for Work, for Fun - FOR LIFE