595
CDUS45 KGJT 280741
CLIGJT


CLIMATE REPORT
NATIONAL WEATHER SERVICE GRAND JUNCTION CO
1238 AM MST FRI NOV 28 2014


...................................

...THE GRAND JUNCTION CO CLIMATE SUMMARY FOR NOVEMBER 27 2014...

CLIMATE NORMAL PERIOD 1981 TO 2010
CLIMATE RECORD PERIOD 1893 TO 2014


WEATHER ITEM   OBSERVED TIME   RECORD YEAR NORMAL DEPARTURE LAST
                VALUE   (LST)  VALUE       VALUE  FROM      YEAR
                                                  NORMAL
..................................................................
TEMPERATURE (F)
 YESTERDAY
  MAXIMUM         53    237 PM  60    1901  44      9       44
  MINIMUM         21    708 AM   4    1976  23     -2       25
                                      1952
                                      1918
  AVERAGE         37                        34      3       35

PRECIPITATION (IN)
  YESTERDAY        0.00          0.72 2008   0.02  -0.02     0.00
  MONTH TO DATE    0.39                      0.67  -0.28     1.05
  SINCE SEP 1      2.81                      2.92  -0.11     5.50
  SINCE JAN 1     10.90                      8.77   2.13    11.47

SNOWFALL (IN)
  YESTERDAY        0.0          11.6  1919   0.1   -0.1      0.0
  MONTH TO DATE    T                         1.8   -1.8      4.7
  SINCE SEP 1      T                         2.2   -2.2      4.8
  SINCE JUL 1      T                         2.2   -2.2      4.8
  SNOW DEPTH       0

DEGREE DAYS
 HEATING
  YESTERDAY       28                        31     -3       30
  MONTH TO DATE  777                       681     96      677
  SINCE SEP 1   1138                      1126     12     1247
  SINCE JUL 1   1143                      1129     14     1247

 COOLING
  YESTERDAY        0                         0      0        0
  MONTH TO DATE    0                         0      0        0
  SINCE SEP 1    120                       106     14      143
  SINCE JAN 1   1046                      1125    -79     1269
..................................................................


WIND (MPH)
  HIGHEST WIND SPEED    10   HIGHEST WIND DIRECTION     E (110)
  HIGHEST GUST SPEED    11   HIGHEST GUST DIRECTION     E (110)
  AVERAGE WIND SPEED     2.9


SKY COVER
  POSSIBLE SUNSHINE  MM
  AVERAGE SKY COVER 0.0


WEATHER CONDITIONS
 THE FOLLOWING WEATHER WAS RECORDED YESTERDAY.
  NO SIGNIFICANT WEATHER WAS OBSERVED.


RELATIVE HUMIDITY (PERCENT)
 HIGHEST    92           600 AM
 LOWEST     38           200 PM
 AVERAGE    65

..........................................................


THE GRAND JUNCTION CO CLIMATE NORMALS FOR TODAY
                         NORMAL    RECORD    YEAR
 MAXIMUM TEMPERATURE (F)   44        60      1949
 MINIMUM TEMPERATURE (F)   23        -2      1976


SUNRISE AND SUNSET
NOVEMBER 28 2014......SUNRISE   711 AM MST   SUNSET   453 PM MST
NOVEMBER 29 2014......SUNRISE   712 AM MST   SUNSET   452 PM MST


-  INDICATES NEGATIVE NUMBERS.
R  INDICATES RECORD WAS SET OR TIED.
MM INDICATES DATA IS MISSING.
T  INDICATES TRACE AMOUNT.




$$






U.S. Dept. of Commerce
NOAA National Weather Service
1325 East West Highway
Silver Spring, MD 20910
E-mail: w-nws.webmaster@noaa.gov
Page last modified: May 16, 2007
NATIONAL WEATHER SERVICE: for Safety, for Work, for Fun - FOR LIFE