344
CDUS45 KGJT 232338
CLIGJT


CLIMATE REPORT
NATIONAL WEATHER SERVICE GRAND JUNCTION CO
435 PM MST SUN NOV 23 2014


...................................

...THE GRAND JUNCTION CO CLIMATE SUMMARY FOR NOVEMBER 23 2014...
VALID TODAY AS OF 0400 PM LOCAL TIME.

CLIMATE NORMAL PERIOD 1981 TO 2010
CLIMATE RECORD PERIOD 1893 TO 2014


WEATHER ITEM   OBSERVED TIME   RECORD YEAR NORMAL DEPARTURE LAST
                VALUE   (LST)  VALUE       VALUE  FROM      YEAR
                                                  NORMAL
..................................................................
TEMPERATURE (F)
 TODAY
  MAXIMUM         43    230 PM  62    1939  46     -3       37
  MINIMUM         30    646 AM   4    2003  25      5       30
  AVERAGE         37                        35      2       34

PRECIPITATION (IN)
  TODAY            T             0.71 1895   0.02  -0.02     0.24
  MONTH TO DATE    0.39                      0.58  -0.19     1.05
  SINCE SEP 1      2.81                      2.83  -0.02     5.50
  SINCE JAN 1     10.90                      8.68   2.22    11.47

SNOWFALL (IN)
  TODAY            T             1.2  2013   0.0    0.0      1.2
  MONTH TO DATE    T                         1.3   -1.3      4.7
  SINCE SEP 1      T                         1.7   -1.7      4.8
  SINCE JUL 1      T                         1.7   -1.7      4.8
  SNOW DEPTH       0

DEGREE DAYS
 HEATING
  TODAY           28                        30     -2       31
  MONTH TO DATE  645                       558     87      561
  SINCE SEP 1   1006                      1003      3     1131
  SINCE JUL 1   1011                      1006      5     1131

 COOLING
  TODAY            0                         0      0        0
  MONTH TO DATE    0                         0      0        0
  SINCE SEP 1    120                       106     14      143
  SINCE JAN 1   1046                      1125    -79     1269
..................................................................


WIND (MPH)
  HIGHEST WIND SPEED    24   HIGHEST WIND DIRECTION     N (360)
  HIGHEST GUST SPEED    32   HIGHEST GUST DIRECTION     N (350)
  AVERAGE WIND SPEED     9.7


SKY COVER
  POSSIBLE SUNSHINE  MM
  AVERAGE SKY COVER 0.6


WEATHER CONDITIONS
 THE FOLLOWING WEATHER WAS RECORDED TODAY.
  LIGHT RAIN
  LIGHT SNOW
  FOG


RELATIVE HUMIDITY (PERCENT)
 HIGHEST   100           100 AM
 LOWEST     34           300 PM
 AVERAGE    67

..........................................................


THE GRAND JUNCTION CO CLIMATE NORMALS FOR TOMORROW
                         NORMAL    RECORD    YEAR
 MAXIMUM TEMPERATURE (F)   46        64      1965
                                             1897
 MINIMUM TEMPERATURE (F)   24         4      1931


SUNRISE AND SUNSET
NOVEMBER 23 2014......SUNRISE   706 AM MST   SUNSET   455 PM MST
NOVEMBER 24 2014......SUNRISE   707 AM MST   SUNSET   454 PM MST


-  INDICATES NEGATIVE NUMBERS.
R  INDICATES RECORD WAS SET OR TIED.
MM INDICATES DATA IS MISSING.
T  INDICATES TRACE AMOUNT.




$$






U.S. Dept. of Commerce
NOAA National Weather Service
1325 East West Highway
Silver Spring, MD 20910
E-mail: w-nws.webmaster@noaa.gov
Page last modified: May 16, 2007
NATIONAL WEATHER SERVICE: for Safety, for Work, for Fun - FOR LIFE