692
CDUS45 KGJT 240731
CLIGJT


CLIMATE REPORT
NATIONAL WEATHER SERVICE GRAND JUNCTION CO
126 AM MDT THU APR 24 2014


...................................

...THE GRAND JUNCTION CO CLIMATE SUMMARY FOR APRIL 23 2014...

CLIMATE NORMAL PERIOD 1981 TO 2010
CLIMATE RECORD PERIOD 1893 TO 2014


WEATHER ITEM   OBSERVED TIME   RECORD YEAR NORMAL DEPARTURE LAST
                VALUE   (LST)  VALUE       VALUE  FROM      YEAR
                                                  NORMAL
..................................................................
TEMPERATURE (F)
 YESTERDAY
  MAXIMUM         67   1229 AM  89    2012  68     -1       52
  MINIMUM         36   1150 PM  28    1968  40     -4       36
  AVERAGE         52                        54     -2       44

PRECIPITATION (IN)
  YESTERDAY        0.00          0.38 2007   0.02  -0.02     0.00
  MONTH TO DATE    0.64                      0.71  -0.07     1.15
  SINCE MAR 1      0.74                      1.63  -0.89     1.50
  SINCE JAN 1      2.12                      2.75  -0.63     2.50

SNOWFALL (IN)
  YESTERDAY        0.0           0.0  2013   0.0    0.0      0.0
  MONTH TO DATE    T                         0.8   -0.8      4.6
  SINCE MAR 1      T                         3.4   -3.4      4.6
  SINCE JUL 1     25.7                      18.9    6.8     24.6
  SNOW DEPTH       0

DEGREE DAYS
 HEATING
  YESTERDAY       13                        11      2       21
  MONTH TO DATE  333                       332      1      422
  SINCE MAR 1    985                       985      0     1071
  SINCE JUL 1   5923                      5364    559     5834

 COOLING
  YESTERDAY        0                         0      0        0
  MONTH TO DATE    0                         0      0        0
  SINCE MAR 1      0                         0      0        0
  SINCE JAN 1      0                         0      0        0
..................................................................


WIND (MPH)
  HIGHEST WIND SPEED    35   HIGHEST WIND DIRECTION     W (260)
  HIGHEST GUST SPEED    42   HIGHEST GUST DIRECTION     W (250)
  AVERAGE WIND SPEED    14.3


SKY COVER
  POSSIBLE SUNSHINE  MM
  AVERAGE SKY COVER 0.1


WEATHER CONDITIONS
 THE FOLLOWING WEATHER WAS RECORDED YESTERDAY.
  NO SIGNIFICANT WEATHER WAS OBSERVED.


RELATIVE HUMIDITY (PERCENT)
 HIGHEST    50           700 AM
 LOWEST     11           500 PM
 AVERAGE    31

..........................................................


THE GRAND JUNCTION CO CLIMATE NORMALS FOR TODAY
                         NORMAL    RECORD    YEAR
 MAXIMUM TEMPERATURE (F)   68        89      2012
 MINIMUM TEMPERATURE (F)   41        29      1958
                                             1913


SUNRISE AND SUNSET
APRIL 24 2014.........SUNRISE   625 AM MDT   SUNSET   800 PM MDT
APRIL 25 2014.........SUNRISE   624 AM MDT   SUNSET   801 PM MDT


-  INDICATES NEGATIVE NUMBERS.
R  INDICATES RECORD WAS SET OR TIED.
MM INDICATES DATA IS MISSING.
T  INDICATES TRACE AMOUNT.




$$






U.S. Dept. of Commerce
NOAA National Weather Service
1325 East West Highway
Silver Spring, MD 20910
E-mail: w-nws.webmaster@noaa.gov
Page last modified: May 16, 2007
NATIONAL WEATHER SERVICE: for Safety, for Work, for Fun - FOR LIFE