541
CDUS45 KGJT 160750
CLIGJT


CLIMATE REPORT
NATIONAL WEATHER SERVICE GRAND JUNCTION CO
130 AM MDT WED APR 16 2014


...................................

...THE GRAND JUNCTION CO CLIMATE SUMMARY FOR APRIL 15 2014...

CLIMATE NORMAL PERIOD 1981 TO 2010
CLIMATE RECORD PERIOD 1893 TO 2014


WEATHER ITEM   OBSERVED TIME   RECORD YEAR NORMAL DEPARTURE LAST
                VALUE   (LST)  VALUE       VALUE  FROM      YEAR
                                                  NORMAL
..................................................................
TEMPERATURE (F)
 YESTERDAY
  MAXIMUM         59    518 PM  84    1962  65     -6       48
                                      1937
  MINIMUM         29    525 AM  24    1893  38     -9       37
  AVERAGE         44                        51     -7       43

PRECIPITATION (IN)
  YESTERDAY        0.00          0.47 1915   0.03  -0.03     0.43
  MONTH TO DATE    0.58                      0.48   0.10     0.74
  SINCE MAR 1      0.68                      1.40  -0.72     1.09
  SINCE JAN 1      2.06                      2.52  -0.46     2.09

SNOWFALL (IN)
  YESTERDAY        0.0           1.5  1924   0.0    0.0      0.0
  MONTH TO DATE    T                         0.7   -0.7      0.0
  SINCE MAR 1      T                         3.3   -3.3       T
  SINCE JUL 1     25.7                      18.8    6.9     20.0
  SNOW DEPTH       0

DEGREE DAYS
 HEATING
  YESTERDAY       21                        14      7       22
  MONTH TO DATE  256                       234     22      243
  SINCE MAR 1    908                       887     21      892
  SINCE JUL 1   5846                      5266    580     5655

 COOLING
  YESTERDAY        0                         0      0        0
  MONTH TO DATE    0                         0      0        0
  SINCE MAR 1      0                         0      0        0
  SINCE JAN 1      0                         0      0        0
..................................................................


WIND (MPH)
  HIGHEST WIND SPEED    16   HIGHEST WIND DIRECTION    SE (120)
  HIGHEST GUST SPEED    20   HIGHEST GUST DIRECTION    SE (120)
  AVERAGE WIND SPEED     7.7


SKY COVER
  POSSIBLE SUNSHINE  MM
  AVERAGE SKY COVER 0.0


WEATHER CONDITIONS
 THE FOLLOWING WEATHER WAS RECORDED YESTERDAY.
  NO SIGNIFICANT WEATHER WAS OBSERVED.


RELATIVE HUMIDITY (PERCENT)
 HIGHEST    70          1000 PM
 LOWEST     20           100 PM
 AVERAGE    45

..........................................................


THE GRAND JUNCTION CO CLIMATE NORMALS FOR TODAY
                         NORMAL    RECORD    YEAR
 MAXIMUM TEMPERATURE (F)   65        83      1925
 MINIMUM TEMPERATURE (F)   38        19      1999


SUNRISE AND SUNSET
APRIL 16 2014.........SUNRISE   636 AM MDT   SUNSET   753 PM MDT
APRIL 17 2014.........SUNRISE   634 AM MDT   SUNSET   754 PM MDT


-  INDICATES NEGATIVE NUMBERS.
R  INDICATES RECORD WAS SET OR TIED.
MM INDICATES DATA IS MISSING.
T  INDICATES TRACE AMOUNT.




$$






U.S. Dept. of Commerce
NOAA National Weather Service
1325 East West Highway
Silver Spring, MD 20910
E-mail: w-nws.webmaster@noaa.gov
Page last modified: May 16, 2007
NATIONAL WEATHER SERVICE: for Safety, for Work, for Fun - FOR LIFE