835
CDUS45 KGJT 262333
CLIGJT


CLIMATE REPORT
NATIONAL WEATHER SERVICE GRAND JUNCTION CO
433 PM MST MON JAN 26 2015


...................................

...THE GRAND JUNCTION CO CLIMATE SUMMARY FOR JANUARY 26 2015...
VALID TODAY AS OF 0400 PM LOCAL TIME.

CLIMATE NORMAL PERIOD 1981 TO 2010
CLIMATE RECORD PERIOD 1893 TO 2015


WEATHER ITEM   OBSERVED TIME   RECORD YEAR NORMAL DEPARTURE LAST
                VALUE   (LST)  VALUE       VALUE  FROM      YEAR
                                                  NORMAL
..................................................................
TEMPERATURE (F)
 TODAY
  MAXIMUM         58R   328 PM  58    1972  39     19       37
  MINIMUM         24    512 AM -16    1898  18      6       15
  AVERAGE         41                        28     13       26

PRECIPITATION (IN)
  TODAY            0.00          0.49 2000   0.02  -0.02     0.00
  MONTH TO DATE    0.44                      0.50  -0.06     0.04
  SINCE DEC 1      1.50                      1.09   0.41     1.00
  SINCE JAN 1      0.44                      0.50  -0.06     0.04

SNOWFALL (IN)
  TODAY            0.0           7.6  1957   0.1   -0.1      0.0
  MONTH TO DATE    1.3                       4.3   -3.0      0.7
  SINCE DEC 1      6.9                       9.2   -2.3     11.4
  SINCE JUL 1      6.9                      11.7   -4.8     16.2
  SNOW DEPTH       0

DEGREE DAYS
 HEATING
  TODAY           24                        37    -13       39
  MONTH TO DATE  903                       986    -83     1077
  SINCE DEC 1   1917                      2117   -200     2593
  SINCE JUL 1   3141                      3345   -204     3932

 COOLING
  TODAY            0                         0      0        0
  MONTH TO DATE    0                         0      0        0
  SINCE DEC 1      0                         0      0        0
  SINCE JAN 1      0                         0      0        0
..................................................................


WIND (MPH)
  HIGHEST WIND SPEED    16   HIGHEST WIND DIRECTION     S (170)
  HIGHEST GUST SPEED    20   HIGHEST GUST DIRECTION    SE (150)
  AVERAGE WIND SPEED     7.1


SKY COVER
  POSSIBLE SUNSHINE  MM
  AVERAGE SKY COVER 0.0


WEATHER CONDITIONS
 THE FOLLOWING WEATHER WAS RECORDED TODAY.
  NO SIGNIFICANT WEATHER WAS OBSERVED.


RELATIVE HUMIDITY (PERCENT)
 HIGHEST    88           200 AM
 LOWEST     28           400 PM
 AVERAGE    58

..........................................................


THE GRAND JUNCTION CO CLIMATE NORMALS FOR TOMORROW
                         NORMAL    RECORD    YEAR
 MAXIMUM TEMPERATURE (F)   39        55      1971
                                             1970
                                             1956
 MINIMUM TEMPERATURE (F)   18       -14      1917


SUNRISE AND SUNSET
JANUARY 26 2015.......SUNRISE   726 AM MST   SUNSET   528 PM MST
JANUARY 27 2015.......SUNRISE   725 AM MST   SUNSET   529 PM MST


-  INDICATES NEGATIVE NUMBERS.
R  INDICATES RECORD WAS SET OR TIED.
MM INDICATES DATA IS MISSING.
T  INDICATES TRACE AMOUNT.




$$





U.S. Dept. of Commerce
NOAA National Weather Service
1325 East West Highway
Silver Spring, MD 20910
E-mail: w-nws.webmaster@noaa.gov
Page last modified: May 16, 2007
NATIONAL WEATHER SERVICE: for Safety, for Work, for Fun - FOR LIFE