452
CDUS45 KGJT 310731
CLIGJT


CLIMATE REPORT
NATIONAL WEATHER SERVICE GRAND JUNCTION CO
129 AM MDT FRI OCT 31 2014


...................................

...THE GRAND JUNCTION CO CLIMATE SUMMARY FOR OCTOBER 30 2014...

CLIMATE NORMAL PERIOD 1981 TO 2010
CLIMATE RECORD PERIOD 1893 TO 2014


WEATHER ITEM   OBSERVED TIME   RECORD YEAR NORMAL DEPARTURE LAST
                VALUE   (LST)  VALUE       VALUE  FROM      YEAR
                                                  NORMAL
..................................................................
TEMPERATURE (F)
 YESTERDAY
  MAXIMUM         69    359 PM  78    1950  60      9       45
  MINIMUM         33    552 AM  19    1972  34     -1       36
  AVERAGE         51                        47      4       41

PRECIPITATION (IN)
  YESTERDAY        0.00          0.52 2005   0.03  -0.03     0.04
  MONTH TO DATE    0.58                      1.03  -0.45     1.36
  SINCE SEP 1      2.42                      2.22   0.20     4.45
  SINCE JAN 1     10.51                      8.07   2.44    10.42

SNOWFALL (IN)
  YESTERDAY        0.0           3.4  1972   0.1   -0.1       T
  MONTH TO DATE    0.0                       0.4   -0.4      0.1
  SINCE SEP 1      0.0                       0.4   -0.4      0.1
  SINCE JUL 1      0.0                       0.4   -0.4      0.1
  SNOW DEPTH       0

DEGREE DAYS
 HEATING
  YESTERDAY       14                        18     -4       24
  MONTH TO DATE  308                       356    -48      464
  SINCE SEP 1    349                       427    -78      546
  SINCE JUL 1    354                       430    -76      546

 COOLING
  YESTERDAY        0                         0      0        0
  MONTH TO DATE    0                         1     -1        0
  SINCE SEP 1    120                       104     16      143
  SINCE JAN 1   1046                      1123    -77     1269
..................................................................


WIND (MPH)
  HIGHEST WIND SPEED    15   HIGHEST WIND DIRECTION     E (100)
  HIGHEST GUST SPEED    18   HIGHEST GUST DIRECTION     E (110)
  AVERAGE WIND SPEED     6.0


SKY COVER
  POSSIBLE SUNSHINE  MM
  AVERAGE SKY COVER 0.0


WEATHER CONDITIONS
 THE FOLLOWING WEATHER WAS RECORDED YESTERDAY.
  NO SIGNIFICANT WEATHER WAS OBSERVED.


RELATIVE HUMIDITY (PERCENT)
 HIGHEST    56           500 AM
 LOWEST     15           300 PM
 AVERAGE    36

..........................................................


THE GRAND JUNCTION CO CLIMATE NORMALS FOR TODAY
                         NORMAL    RECORD    YEAR
 MAXIMUM TEMPERATURE (F)   59        76      1950
 MINIMUM TEMPERATURE (F)   34        18      1993
                                             1989


SUNRISE AND SUNSET
OCTOBER 31 2014.......SUNRISE   741 AM MDT   SUNSET   614 PM MDT
NOVEMBER  1 2014......SUNRISE   742 AM MDT   SUNSET   613 PM MDT


-  INDICATES NEGATIVE NUMBERS.
R  INDICATES RECORD WAS SET OR TIED.
MM INDICATES DATA IS MISSING.
T  INDICATES TRACE AMOUNT.




$$






U.S. Dept. of Commerce
NOAA National Weather Service
1325 East West Highway
Silver Spring, MD 20910
E-mail: w-nws.webmaster@noaa.gov
Page last modified: May 16, 2007
NATIONAL WEATHER SERVICE: for Safety, for Work, for Fun - FOR LIFE