243
CDUS45 KGJT 200737
CLIGJT


CLIMATE REPORT
NATIONAL WEATHER SERVICE GRAND JUNCTION CO
135 AM MDT WED AUG 20 2014


...................................

...THE GRAND JUNCTION CO CLIMATE SUMMARY FOR AUGUST 19 2014...

CLIMATE NORMAL PERIOD 1981 TO 2010
CLIMATE RECORD PERIOD 1893 TO 2014


WEATHER ITEM   OBSERVED TIME   RECORD YEAR NORMAL DEPARTURE LAST
                VALUE   (LST)  VALUE       VALUE  FROM      YEAR
                                                  NORMAL
..................................................................
TEMPERATURE (F)
 YESTERDAY
  MAXIMUM         78   1243 AM  98    2002  89    -11       97
  MINIMUM         61   1028 PM  49    1978  61      0       63
  AVERAGE         70                        75     -5       80

PRECIPITATION (IN)
  YESTERDAY        0.28          0.60 1925   0.03   0.25     0.00
  MONTH TO DATE    2.13                      0.56   1.57     0.22
  SINCE JUN 1      3.28                      1.63   1.65     1.60
  SINCE JAN 1      7.06                      5.46   1.60     5.01

SNOWFALL (IN)
  YESTERDAY        0.0           0.0  2013   0.0    0.0      0.0
  MONTH TO DATE    0.0                       0.0    0.0      0.0
  SINCE JUN 1      0.0                       0.0    0.0      0.0
  SINCE JUL 1      0.0                       0.0    0.0      0.0
  SNOW DEPTH       0

DEGREE DAYS
 HEATING
  YESTERDAY        0                         0      0        0
  MONTH TO DATE    0                         0      0        0
  SINCE JUN 1     19                        23     -4        5
  SINCE JUL 1      0                         1     -1        0

 COOLING
  YESTERDAY        5                        10     -5       15
  MONTH TO DATE  175                       222    -47      180
  SINCE JUN 1    823                       863    -40      947
  SINCE JAN 1    882                       914    -32     1002
..................................................................


WIND (MPH)
  HIGHEST WIND SPEED    23   HIGHEST WIND DIRECTION    NW (330)
  HIGHEST GUST SPEED    27   HIGHEST GUST DIRECTION    NW (310)
  AVERAGE WIND SPEED     9.8


SKY COVER
  POSSIBLE SUNSHINE  MM
  AVERAGE SKY COVER 0.5


WEATHER CONDITIONS
 THE FOLLOWING WEATHER WAS RECORDED YESTERDAY.
  THUNDERSTORM
  RAIN
  LIGHT RAIN
  FOG


RELATIVE HUMIDITY (PERCENT)
 HIGHEST   100           800 PM
 LOWEST     25           100 AM
 AVERAGE    63

..........................................................


THE GRAND JUNCTION CO CLIMATE NORMALS FOR TODAY
                         NORMAL    RECORD    YEAR
 MAXIMUM TEMPERATURE (F)   89        99      1992
 MINIMUM TEMPERATURE (F)   61        46      1980


SUNRISE AND SUNSET
AUGUST 20 2014........SUNRISE   632 AM MDT   SUNSET   802 PM MDT
AUGUST 21 2014........SUNRISE   633 AM MDT   SUNSET   801 PM MDT


-  INDICATES NEGATIVE NUMBERS.
R  INDICATES RECORD WAS SET OR TIED.
MM INDICATES DATA IS MISSING.
T  INDICATES TRACE AMOUNT.




$$






U.S. Dept. of Commerce
NOAA National Weather Service
1325 East West Highway
Silver Spring, MD 20910
E-mail: w-nws.webmaster@noaa.gov
Page last modified: May 16, 2007
NATIONAL WEATHER SERVICE: for Safety, for Work, for Fun - FOR LIFE