537
CDUS45 KGGW 290741
CLIGGW


CLIMATE REPORT
NATIONAL WEATHER SERVICE GLASGOW MT
140 AM MDT FRI AUG 29 2014


...................................

...THE GLASGOW MT CLIMATE SUMMARY FOR AUGUST 28 2014...

CLIMATE NORMAL PERIOD 1981 TO 2010
CLIMATE RECORD PERIOD 1893 TO 2014


WEATHER ITEM   OBSERVED TIME   RECORD YEAR NORMAL DEPARTURE LAST
                VALUE   (LST)  VALUE       VALUE  FROM      YEAR
                                                  NORMAL
..................................................................
TEMPERATURE (F)
 YESTERDAY
  MAXIMUM         89    205 PM 100    2012  81      8       97
  MINIMUM         56    538 AM  32    1911  53      3       65
  AVERAGE         73                        67      6       81

PRECIPITATION (IN)
  YESTERDAY        0.04          1.45 1997   0.04   0.00     0.03
  MONTH TO DATE    6.51                      1.14   5.37     0.18
  SINCE OCT 1     14.19                     10.62   3.57    14.79
  SINCE JAN 1     12.74                      9.07   3.67    12.59

SNOWFALL (IN)
  YESTERDAY        0.0           T    1997   0.0    0.0      0.0
  MONTH TO DATE    0.0                       0.0    0.0      0.0
  SINCE JUN 1      0.0                       0.0    0.0      0.0
  SINCE JUL 1      0.0                       0.0    0.0      0.0
  SNOW DEPTH       0

DEGREE DAYS
 HEATING
  YESTERDAY        0                         2     -2        0
  MONTH TO DATE   43                        25     18        5
  SINCE JUN 1    155                       148      7       99
  SINCE JUL 1     47                        43      4       15

 COOLING
  YESTERDAY        8                         4      4       16
  MONTH TO DATE  201                       185     16      218
  SINCE JUN 1    438                       467    -29      439
  SINCE JAN 1    472                       484    -12      448
..................................................................


WIND (MPH)
  HIGHEST WIND SPEED    43   HIGHEST WIND DIRECTION     N (340)
  HIGHEST GUST SPEED    55   HIGHEST GUST DIRECTION     N (340)
  AVERAGE WIND SPEED    10.5


SKY COVER
  POSSIBLE SUNSHINE  MM
  AVERAGE SKY COVER 0.1


WEATHER CONDITIONS
 THE FOLLOWING WEATHER WAS RECORDED YESTERDAY.
  THUNDERSTORM
  LIGHT RAIN
  FOG


RELATIVE HUMIDITY (PERCENT)
 HIGHEST    86           300 AM
 LOWEST     25           500 PM
 AVERAGE    56

..........................................................


THE GLASGOW MT CLIMATE NORMALS FOR TODAY
                         NORMAL    RECORD    YEAR
 MAXIMUM TEMPERATURE (F)   80        99      1938
 MINIMUM TEMPERATURE (F)   52        33      1902


SUNRISE AND SUNSET
AUGUST 29 2014........SUNRISE   620 AM MDT   SUNSET   754 PM MDT
AUGUST 30 2014........SUNRISE   622 AM MDT   SUNSET   752 PM MDT


-  INDICATES NEGATIVE NUMBERS.
R  INDICATES RECORD WAS SET OR TIED.
MM INDICATES DATA IS MISSING.
T  INDICATES TRACE AMOUNT.




$$






U.S. Dept. of Commerce
NOAA National Weather Service
1325 East West Highway
Silver Spring, MD 20910
E-mail: w-nws.webmaster@noaa.gov
Page last modified: May 16, 2007
NATIONAL WEATHER SERVICE: for Safety, for Work, for Fun - FOR LIFE