283
CDUS45 KGGW 250019
CLIGGW


CLIMATE REPORT
NATIONAL WEATHER SERVICE GLASGOW MT
618 PM MDT THU JUL 24 2014


...................................

...THE GLASGOW MT CLIMATE SUMMARY FOR JULY 24 2014...
VALID TODAY AS OF 0500 PM LOCAL TIME.

CLIMATE NORMAL PERIOD 1981 TO 2010
CLIMATE RECORD PERIOD 1893 TO 2014


WEATHER ITEM   OBSERVED TIME   RECORD YEAR NORMAL DEPARTURE LAST
                VALUE   (LST)  VALUE       VALUE  FROM      YEAR
                                                  NORMAL
..................................................................
TEMPERATURE (F)
 TODAY
  MAXIMUM         93        MM 108    1929  87      6       88
  MINIMUM         64        MM  42    1901  58      6       58
  AVERAGE         79                        73      6       73

PRECIPITATION (IN)
  TODAY            0.04          1.34 2001   0.05  -0.01     0.11
  MONTH TO DATE    0.58                      1.45  -0.87     0.84
  SINCE OCT 1      7.68                      9.15  -1.47    14.50
  SINCE JAN 1      6.23                      7.60  -1.37    12.30

SNOWFALL (IN)
  TODAY            0.0           T    1999   0.0    0.0      0.0
  MONTH TO DATE    0.0                       0.0    0.0      0.0
  SINCE JUN 1      0.0                       0.0    0.0      0.0
  SINCE JUL 1      0.0                       0.0    0.0      0.0
  SNOW DEPTH       0

DEGREE DAYS
 HEATING
  TODAY            0                         0      0        0
  MONTH TO DATE    4                        15    -11        3
  SINCE JUN 1    112                       120     -8       87
  SINCE JUL 1      4                        15    -11        3

 COOLING
  TODAY           14                         8      6        8
  MONTH TO DATE  168                       151     17      161
  SINCE JUN 1    188                       226    -38      210
  SINCE JAN 1    222                       243    -21      219
..................................................................


WIND (MPH)
  HIGHEST WIND SPEED    27   HIGHEST WIND DIRECTION     W (290)
  HIGHEST GUST SPEED    60   HIGHEST GUST DIRECTION    NW (310)
  AVERAGE WIND SPEED    16.0


SKY COVER
  POSSIBLE SUNSHINE  MM
  AVERAGE SKY COVER 0.1


WEATHER CONDITIONS
 THE FOLLOWING WEATHER WAS RECORDED TODAY.
  THUNDERSTORM
  LIGHT RAIN


RELATIVE HUMIDITY (PERCENT)
 HIGHEST    87           400 AM
 LOWEST     32           100 PM
 AVERAGE    60

..........................................................


THE GLASGOW MT CLIMATE NORMALS FOR TOMORROW
                         NORMAL    RECORD    YEAR
 MAXIMUM TEMPERATURE (F)   87       108      1929
 MINIMUM TEMPERATURE (F)   58        42      1918


SUNRISE AND SUNSET
JULY 24 2014..........SUNRISE   532 AM MDT   SUNSET   853 PM MDT
JULY 25 2014..........SUNRISE   533 AM MDT   SUNSET   852 PM MDT


-  INDICATES NEGATIVE NUMBERS.
R  INDICATES RECORD WAS SET OR TIED.
MM INDICATES DATA IS MISSING.
T  INDICATES TRACE AMOUNT.




$$





U.S. Dept. of Commerce
NOAA National Weather Service
1325 East West Highway
Silver Spring, MD 20910
E-mail: w-nws.webmaster@noaa.gov
Page last modified: May 16, 2007
NATIONAL WEATHER SERVICE: for Safety, for Work, for Fun - FOR LIFE