302
CDUS45 KGGW 240019
CLIGGW


CLIMATE REPORT
NATIONAL WEATHER SERVICE GLASGOW MT
618 PM MDT TUE SEP 23 2014


...................................

...THE GLASGOW MT CLIMATE SUMMARY FOR SEPTEMBER 23 2014...
VALID TODAY AS OF 0500 PM LOCAL TIME.

CLIMATE NORMAL PERIOD 1981 TO 2010
CLIMATE RECORD PERIOD 1893 TO 2014


WEATHER ITEM   OBSERVED TIME   RECORD YEAR NORMAL DEPARTURE LAST
                VALUE   (LST)  VALUE       VALUE  FROM      YEAR
                                                  NORMAL
..................................................................
TEMPERATURE (F)
 TODAY
  MAXIMUM         83        MM  95    1992  68     15       73
  MINIMUM         47        MM  19    1894  41      6       49
  AVERAGE         65                        55     10       61

PRECIPITATION (IN)
  TODAY            0.00          0.97 1977   0.04  -0.04     0.00
  MONTH TO DATE    0.40                      0.72  -0.32     1.67
  SINCE OCT 1     14.80                     11.44   3.36    16.46
  SINCE JAN 1     13.35                      9.89   3.46    14.26

SNOWFALL (IN)
  TODAY            0.0           4.6  1926   0.0    0.0      0.0
  MONTH TO DATE    0.0                       0.1   -0.1      0.0
  SINCE SEP 1      0.0                       0.1   -0.1      0.0
  SINCE JUL 1      0.0                       0.1   -0.1      0.0
  SNOW DEPTH       0

DEGREE DAYS
 HEATING
  TODAY            0                        11    -11        4
  MONTH TO DATE  180                       156     24       36
  SINCE SEP 1    180                       156     24       36
  SINCE JUL 1    233                       209     24       51

 COOLING
  TODAY            0                         0      0        0
  MONTH TO DATE    5                        37    -32       86
  SINCE SEP 1      5                        37    -32       86
  SINCE JAN 1    477                       532    -55      563
..................................................................


WIND (MPH)
  HIGHEST WIND SPEED    15   HIGHEST WIND DIRECTION     W (280)
  HIGHEST GUST SPEED    18   HIGHEST GUST DIRECTION     W (280)
  AVERAGE WIND SPEED     6.9


SKY COVER
  POSSIBLE SUNSHINE  MM
  AVERAGE SKY COVER 0.0


WEATHER CONDITIONS
 THE FOLLOWING WEATHER WAS RECORDED TODAY.
  NO SIGNIFICANT WEATHER WAS OBSERVED.


RELATIVE HUMIDITY (PERCENT)
 HIGHEST    93           700 AM
 LOWEST     33           100 PM
 AVERAGE    63

..........................................................


THE GLASGOW MT CLIMATE NORMALS FOR TOMORROW
                         NORMAL    RECORD    YEAR
 MAXIMUM TEMPERATURE (F)   68        93      1917
 MINIMUM TEMPERATURE (F)   41        20      1926


SUNRISE AND SUNSET
SEPTEMBER 23 2014.....SUNRISE   655 AM MDT   SUNSET   702 PM MDT
SEPTEMBER 24 2014.....SUNRISE   656 AM MDT   SUNSET   700 PM MDT


-  INDICATES NEGATIVE NUMBERS.
R  INDICATES RECORD WAS SET OR TIED.
MM INDICATES DATA IS MISSING.
T  INDICATES TRACE AMOUNT.




$$






U.S. Dept. of Commerce
NOAA National Weather Service
1325 East West Highway
Silver Spring, MD 20910
E-mail: w-nws.webmaster@noaa.gov
Page last modified: May 16, 2007
NATIONAL WEATHER SERVICE: for Safety, for Work, for Fun - FOR LIFE