046
CDUS45 KGGW 290743
CLIGGW


CLIMATE REPORT
NATIONAL WEATHER SERVICE GLASGOW MT
1243 AM MST THU JAN 29 2015


...................................

...THE GLASGOW MT CLIMATE SUMMARY FOR JANUARY 28 2015...

CLIMATE NORMAL PERIOD 1981 TO 2010
CLIMATE RECORD PERIOD 1893 TO 2015


WEATHER ITEM   OBSERVED TIME   RECORD YEAR NORMAL DEPARTURE LAST
                VALUE   (LST)  VALUE       VALUE  FROM      YEAR
                                                  NORMAL
..................................................................
TEMPERATURE (F)
 YESTERDAY
  MAXIMUM         38    416 PM  57    1992  25     13       25
  MINIMUM         26   1155 PM -41    1929   5     21       -6
  AVERAGE         32                        15     17       10

PRECIPITATION (IN)
  YESTERDAY        0.00          0.25 1904   0.00   0.00     0.00
  MONTH TO DATE    0.63                      0.34   0.29     0.06
  SINCE OCT 1      1.89                      1.89   0.00     1.51
  SINCE JAN 1      0.63                      0.34   0.29     0.06

SNOWFALL (IN)
  YESTERDAY        0.0           5.5  2004   0.2   -0.2      0.0
  MONTH TO DATE   16.1                       7.4    8.7      0.4
  SINCE DEC 1     16.3                      15.4    0.9     15.5
  SINCE JUL 1     27.7                      22.0    5.7     19.2
  SNOW DEPTH       0

DEGREE DAYS
 HEATING
  YESTERDAY       33                        50    -17       55
  MONTH TO DATE 1284                      1440   -156     1269
  SINCE DEC 1   2599                      2949   -350     3048
  SINCE JUL 1   4684                      4942   -258     4959

 COOLING
  YESTERDAY        0                         0      0        0
  MONTH TO DATE    0                         0      0        0
  SINCE DEC 1      0                         0      0        0
  SINCE JAN 1      0                         0      0        0
..................................................................


WIND (MPH)
  HIGHEST WIND SPEED    26   HIGHEST WIND DIRECTION    NW (330)
  HIGHEST GUST SPEED    33   HIGHEST GUST DIRECTION    NW (330)
  AVERAGE WIND SPEED    13.2


SKY COVER
  POSSIBLE SUNSHINE  MM
  AVERAGE SKY COVER 0.4


WEATHER CONDITIONS
 THE FOLLOWING WEATHER WAS RECORDED YESTERDAY.
  FOG
  HAZE


RELATIVE HUMIDITY (PERCENT)
 HIGHEST    89          1200 AM
 LOWEST     70           500 AM
 AVERAGE    80

..........................................................


THE GLASGOW MT CLIMATE NORMALS FOR TODAY
                         NORMAL    RECORD    YEAR
 MAXIMUM TEMPERATURE (F)   25        58      1931
 MINIMUM TEMPERATURE (F)    5       -41      1950


SUNRISE AND SUNSET
JANUARY 29 2015.......SUNRISE   739 AM MST   SUNSET   501 PM MST
JANUARY 30 2015.......SUNRISE   737 AM MST   SUNSET   503 PM MST


-  INDICATES NEGATIVE NUMBERS.
R  INDICATES RECORD WAS SET OR TIED.
MM INDICATES DATA IS MISSING.
T  INDICATES TRACE AMOUNT.

$$




U.S. Dept. of Commerce
NOAA National Weather Service
1325 East West Highway
Silver Spring, MD 20910
E-mail: w-nws.webmaster@noaa.gov
Page last modified: May 16, 2007
NATIONAL WEATHER SERVICE: for Safety, for Work, for Fun - FOR LIFE