852
CDUS45 KGGW 280018
CLIGGW


CLIMATE REPORT
NATIONAL WEATHER SERVICE GLASGOW MT
618 PM MDT SUN JUL 27 2014


...................................

...THE GLASGOW MT CLIMATE SUMMARY FOR JULY 27 2014...
VALID TODAY AS OF 0500 PM LOCAL TIME.

CLIMATE NORMAL PERIOD 1981 TO 2010
CLIMATE RECORD PERIOD 1893 TO 2014


WEATHER ITEM   OBSERVED TIME   RECORD YEAR NORMAL DEPARTURE LAST
                VALUE   (LST)  VALUE       VALUE  FROM      YEAR
                                                  NORMAL
..................................................................
TEMPERATURE (F)
 TODAY
  MAXIMUM         85        MM 106    1951  87     -2       81
                                      1933
  MINIMUM         50        MM  41    1894  59     -9       50
  AVERAGE         68                        73     -5       66

PRECIPITATION (IN)
  TODAY            0.00          1.16 1955   0.05  -0.05     0.00
  MONTH TO DATE    0.58                      1.60  -1.02     0.84
  SINCE OCT 1      7.68                      9.30  -1.62    14.50
  SINCE JAN 1      6.23                      7.75  -1.52    12.30

SNOWFALL (IN)
  TODAY            0.0           T    1996   0.0    0.0      0.0
  MONTH TO DATE    0.0                       0.0    0.0      0.0
  SINCE JUN 1      0.0                       0.0    0.0      0.0
  SINCE JUL 1      0.0                       0.0    0.0      0.0
  SNOW DEPTH       0

DEGREE DAYS
 HEATING
  TODAY            0                         0      0        0
  MONTH TO DATE    4                        15    -11       10
  SINCE JUN 1    112                       120     -8       94
  SINCE JUL 1      4                        15    -11       10

 COOLING
  TODAY            3                         8     -5        1
  MONTH TO DATE  172                       175     -3      162
  SINCE JUN 1    192                       250    -58      211
  SINCE JAN 1    226                       267    -41      220
..................................................................


WIND (MPH)
  HIGHEST WIND SPEED    10   HIGHEST WIND DIRECTION     N (350)
  HIGHEST GUST SPEED    20   HIGHEST GUST DIRECTION     N (350)
  AVERAGE WIND SPEED     5.5


SKY COVER
  POSSIBLE SUNSHINE  MM
  AVERAGE SKY COVER 0.1


WEATHER CONDITIONS
 THE FOLLOWING WEATHER WAS RECORDED TODAY.
  NO SIGNIFICANT WEATHER WAS OBSERVED.


RELATIVE HUMIDITY (PERCENT)
 HIGHEST    93           500 AM
 LOWEST     26           400 PM
 AVERAGE    60

..........................................................


THE GLASGOW MT CLIMATE NORMALS FOR TOMORROW
                         NORMAL    RECORD    YEAR
 MAXIMUM TEMPERATURE (F)   87       109      1917
 MINIMUM TEMPERATURE (F)   59        39      1894


SUNRISE AND SUNSET
JULY 27 2014..........SUNRISE   536 AM MDT   SUNSET   849 PM MDT
JULY 28 2014..........SUNRISE   537 AM MDT   SUNSET   848 PM MDT


-  INDICATES NEGATIVE NUMBERS.
R  INDICATES RECORD WAS SET OR TIED.
MM INDICATES DATA IS MISSING.
T  INDICATES TRACE AMOUNT.




$$





U.S. Dept. of Commerce
NOAA National Weather Service
1325 East West Highway
Silver Spring, MD 20910
E-mail: w-nws.webmaster@noaa.gov
Page last modified: May 16, 2007
NATIONAL WEATHER SERVICE: for Safety, for Work, for Fun - FOR LIFE