892
CDUS45 KGGW 240740
CLIGGW


CLIMATE REPORT
NATIONAL WEATHER SERVICE GLASGOW MT
140 AM MDT THU APR 24 2014


...................................

...THE GLASGOW MT CLIMATE SUMMARY FOR APRIL 23 2014...

CLIMATE NORMAL PERIOD 1981 TO 2010
CLIMATE RECORD PERIOD 1893 TO 2014


WEATHER ITEM   OBSERVED TIME   RECORD YEAR NORMAL DEPARTURE LAST
                VALUE   (LST)  VALUE       VALUE  FROM      YEAR
                                                  NORMAL
..................................................................
TEMPERATURE (F)
 YESTERDAY
  MAXIMUM         60    516 PM  88    2012  61     -1       53
  MINIMUM         39   1125 PM  10    1931  34      5       22
  AVERAGE         50                        48      2       38

PRECIPITATION (IN)
  YESTERDAY        0.13          0.97 1957   0.04   0.09      T
  MONTH TO DATE    0.32                      0.59  -0.27     1.12
  SINCE OCT 1      2.83                      3.19  -0.36     4.98
  SINCE JAN 1      1.38                      1.64  -0.26     2.78

SNOWFALL (IN)
  YESTERDAY        0.0           0.2  1960   0.0    0.0       T
  MONTH TO DATE    0.0                       1.6   -1.6     11.7
  SINCE MAR 1      6.6                       6.3    0.3     25.0
  SINCE JUL 1     30.4                      33.3   -2.9     62.3
  SNOW DEPTH       0    (12Z/6AM MDT)

DEGREE DAYS
 HEATING
  YESTERDAY       15                        17     -2       27
  MONTH TO DATE  532                       490     42      690
  SINCE MAR 1   1686                      1524    162     1946
  SINCE JUL 1   8334                      7894    440     8153

 COOLING
  YESTERDAY        0                         0      0        0
  MONTH TO DATE    0                         0      0        0
  SINCE MAR 1      0                         0      0        0
  SINCE JAN 1      0                         0      0        0
..................................................................


WIND (MPH)
  HIGHEST WIND SPEED    32   HIGHEST WIND DIRECTION     W (280)
  HIGHEST GUST SPEED    40   HIGHEST GUST DIRECTION     W (280)
  AVERAGE WIND SPEED    19.4


SKY COVER
  POSSIBLE SUNSHINE  MM
  AVERAGE SKY COVER 0.4


WEATHER CONDITIONS
 THE FOLLOWING WEATHER WAS RECORDED YESTERDAY.
  RAIN
  LIGHT RAIN
  FOG


RELATIVE HUMIDITY (PERCENT)
 HIGHEST    92           700 AM
 LOWEST     21           500 PM
 AVERAGE    57

..........................................................


THE GLASGOW MT CLIMATE NORMALS FOR TODAY
                         NORMAL    RECORD    YEAR
 MAXIMUM TEMPERATURE (F)   61        87      1962
 MINIMUM TEMPERATURE (F)   35        15      1931


SUNRISE AND SUNSET
APRIL 24 2014.........SUNRISE   600 AM MDT   SUNSET   810 PM MDT
APRIL 25 2014.........SUNRISE   558 AM MDT   SUNSET   812 PM MDT


-  INDICATES NEGATIVE NUMBERS.
R  INDICATES RECORD WAS SET OR TIED.
MM INDICATES DATA IS MISSING.
T  INDICATES TRACE AMOUNT.




$$






U.S. Dept. of Commerce
NOAA National Weather Service
1325 East West Highway
Silver Spring, MD 20910
E-mail: w-nws.webmaster@noaa.gov
Page last modified: May 16, 2007
NATIONAL WEATHER SERVICE: for Safety, for Work, for Fun - FOR LIFE