565
CDUS45 KGGW 221233
CLIGGW


CLIMATE REPORT
NATIONAL WEATHER SERVICE GLASGOW MT
530 AM MST SAT NOV 22 2014


...................................

...THE GLASGOW MT CLIMATE SUMMARY FOR NOVEMBER 22 2014...
VALID AS OF 0500 AM LOCAL TIME.

CLIMATE NORMAL PERIOD 1981 TO 2010
CLIMATE RECORD PERIOD 1893 TO 2014


WEATHER ITEM   OBSERVED TIME   RECORD YEAR NORMAL DEPARTURE LAST
                VALUE   (LST)  VALUE       VALUE  FROM      YEAR
                                                  NORMAL
..................................................................
TEMPERATURE (F)
 TODAY
  MINIMUM         26   1200 AM -25    1900  16     10        2

PRECIPITATION (IN)
  TODAY            0.00          0.24 1967   0.01  -0.01      T
  MONTH TO DATE    0.34                      0.30   0.04     0.34
  SINCE OCT 1      0.75                      1.05  -0.30     0.58
  SINCE JAN 1     14.49                     11.16   3.33    15.00

SNOWFALL (IN)
  TODAY            0.0           3.4  1958   0.2   -0.2       T
  MONTH TO DATE    7.0                       3.5    3.5      3.6
  SINCE SEP 1      7.0                       5.0    2.0      3.7
  SINCE JUL 1      7.0                       5.0    2.0      3.7
  SNOW DEPTH       1   (12Z/5AM MST)

DEGREE DAYS
 HEATING
  TODAY           35                        39     -4       54
  MONTH TO DATE  938                       737    201      779
  SINCE SEP 1   1658                      1608     50     1569
  SINCE JUL 1   1711                      1661     50     1584

 COOLING
  TODAY            0                         0      0        0
  MONTH TO DATE    0                         0      0        0
  SINCE SEP 1     23                        38    -15       86
  SINCE JAN 1    495                       533    -38      563
..................................................................





WEATHER CONDITIONS
 THE FOLLOWING WEATHER WAS RECORDED TODAY.
  NO SIGNIFICANT WEATHER WAS OBSERVED.


RELATIVE HUMIDITY (PERCENT)
 HIGHEST    85           100 AM

..........................................................


THE GLASGOW MT CLIMATE NORMALS FOR TOMORROW
                         NORMAL    RECORD    YEAR
 MAXIMUM TEMPERATURE (F)   35        61      2011
 MINIMUM TEMPERATURE (F)   15       -26      1985


SUNRISE AND SUNSET
NOVEMBER 22 2014......SUNRISE   724 AM MST   SUNSET   421 PM MST
NOVEMBER 23 2014......SUNRISE   725 AM MST   SUNSET   420 PM MST


-  INDICATES NEGATIVE NUMBERS.
R  INDICATES RECORD WAS SET OR TIED.
MM INDICATES DATA IS MISSING.
T  INDICATES TRACE AMOUNT.




$$






U.S. Dept. of Commerce
NOAA National Weather Service
1325 East West Highway
Silver Spring, MD 20910
E-mail: w-nws.webmaster@noaa.gov
Page last modified: May 16, 2007
NATIONAL WEATHER SERVICE: for Safety, for Work, for Fun - FOR LIFE