669
CDUS44 KSHV 312137
CLIGGG


CLIMATE REPORT
NATIONAL WEATHER SERVICE SHREVEPORT, LA
434 PM CDT FRI OCT 31 2014


...................................

...THE LONGVIEW CLIMATE SUMMARY FOR OCTOBER 31 2014...
VALID TODAY AS OF 0400 PM LOCAL TIME.

CLIMATE NORMAL PERIOD 1981 TO 2010
CLIMATE RECORD PERIOD 1902 TO 2014


WEATHER ITEM   OBSERVED TIME   RECORD YEAR NORMAL DEPARTURE LAST
                VALUE   (LST)  VALUE       VALUE  FROM      YEAR
                                                  NORMAL
..................................................................
TEMPERATURE (F)
 TODAY
  MAXIMUM         70    221 PM  93    1944  73     -3       79
  MINIMUM         48    456 AM  25    1993  50     -2       53
  AVERAGE         59                        62     -3       66

PRECIPITATION (IN)
  TODAY            0.00          2.27 1941   0.12  -0.12     0.15
  MONTH TO DATE    5.51                      4.58   0.93     5.31
  SINCE DEC 1     36.41                     43.06  -6.65    36.53
  SINCE JAN 1     32.26                     38.57  -6.31    32.18

SNOWFALL (IN)
  TODAY            0.0
  MONTH TO DATE    0.0
  SINCE SEP 1      0.0
  SINCE JUL 1      0.0
  SNOW DEPTH       0

DEGREE DAYS
 HEATING
  TODAY            6                         5      1        0
  MONTH TO DATE   21                        83    -62       49
  SINCE SEP 1     21                        89    -68       49
  SINCE JUL 1     21                        89    -68       49

 COOLING
  TODAY            0                         2     -2        1
  MONTH TO DATE  164                       116     48      132
  SINCE SEP 1    590                       455    135      617
  SINCE JAN 1   2444                      2395     49     2712
..................................................................


WIND (MPH)
  HIGHEST WIND SPEED    20   HIGHEST WIND DIRECTION     N (340)
  HIGHEST GUST SPEED    26   HIGHEST GUST DIRECTION    NW (330)
  AVERAGE WIND SPEED     9.0


SKY COVER
  POSSIBLE SUNSHINE  MM
  AVERAGE SKY COVER 0.0


WEATHER CONDITIONS
 THE FOLLOWING WEATHER WAS RECORDED TODAY.
  NO SIGNIFICANT WEATHER WAS OBSERVED.


RELATIVE HUMIDITY (PERCENT)
 HIGHEST    89           200 AM
 LOWEST     39           100 PM
 AVERAGE    64

..........................................................


THE LONGVIEW CLIMATE NORMALS FOR TOMORROW
                         NORMAL    RECORD    YEAR
 MAXIMUM TEMPERATURE (F)   73        93      1944
 MINIMUM TEMPERATURE (F)   50        26      1993


SUNRISE AND SUNSET
OCTOBER 31 2014.......SUNRISE   735 AM CDT   SUNSET   629 PM CDT
NOVEMBER  1 2014......SUNRISE   736 AM CDT   SUNSET   628 PM CDT


-  INDICATES NEGATIVE NUMBERS.
R  INDICATES RECORD WAS SET OR TIED.
MM INDICATES DATA IS MISSING.
T  INDICATES TRACE AMOUNT.




$$





U.S. Dept. of Commerce
NOAA National Weather Service
1325 East West Highway
Silver Spring, MD 20910
E-mail: w-nws.webmaster@noaa.gov
Page last modified: May 16, 2007
NATIONAL WEATHER SERVICE: for Safety, for Work, for Fun - FOR LIFE