872
CDUS44 KSHV 250737
CLIGGG


CLIMATE REPORT
NATIONAL WEATHER SERVICE SHREVEPORT, LA
234 AM CDT SAT OCT 25 2014


...................................

...THE LONGVIEW CLIMATE SUMMARY FOR OCTOBER 24 2014...

CLIMATE NORMAL PERIOD 1981 TO 2010
CLIMATE RECORD PERIOD 1902 TO 2014


WEATHER ITEM   OBSERVED TIME   RECORD YEAR NORMAL DEPARTURE LAST
                VALUE   (LST)  VALUE       VALUE  FROM      YEAR
                                                  NORMAL
..................................................................
TEMPERATURE (F)
 YESTERDAY
  MAXIMUM         80    321 PM  90    1927  76      4       80
  MINIMUM         50    506 AM  31    1929  52     -2       51
  AVERAGE         65                        64      1       66

PRECIPITATION (IN)
  YESTERDAY        0.00          1.85 1954   0.15  -0.15     0.00
  MONTH TO DATE    5.26                      3.66   1.60     1.52
  SINCE DEC 1     36.16                     42.14  -5.98    32.74
  SINCE JAN 1     32.01                     37.65  -5.64    28.39

SNOWFALL (IN)
  YESTERDAY        0.0
  MONTH TO DATE    0.0
  SINCE SEP 1      0.0
  SINCE JUL 1      0.0
  SNOW DEPTH       0

DEGREE DAYS
 HEATING
  YESTERDAY        0                         4     -4        0
  MONTH TO DATE    8                        50    -42       38
  SINCE SEP 1      8                        56    -48       38
  SINCE JUL 1      8                        56    -48       38

 COOLING
  YESTERDAY        0                         3     -3        1
  MONTH TO DATE  135                        99     36      119
  SINCE SEP 1    561                       438    123      604
  SINCE JAN 1   2415                      2378     37     2699
..................................................................


WIND (MPH)
  HIGHEST WIND SPEED     6   HIGHEST WIND DIRECTION     S (170)
  HIGHEST GUST SPEED     8   HIGHEST GUST DIRECTION     E (100)
  AVERAGE WIND SPEED     2.1


SKY COVER
  POSSIBLE SUNSHINE  MM
  AVERAGE SKY COVER 0.0


WEATHER CONDITIONS
 THE FOLLOWING WEATHER WAS RECORDED YESTERDAY.
  NO SIGNIFICANT WEATHER WAS OBSERVED.


RELATIVE HUMIDITY (PERCENT)
 HIGHEST    93           100 AM
 LOWEST     43           100 PM
 AVERAGE    68

..........................................................


THE LONGVIEW CLIMATE NORMALS FOR TODAY
                         NORMAL    RECORD    YEAR
 MAXIMUM TEMPERATURE (F)   75        91      1947
 MINIMUM TEMPERATURE (F)   52        31      1929


SUNRISE AND SUNSET
OCTOBER 25 2014.......SUNRISE   730 AM CDT   SUNSET   635 PM CDT
OCTOBER 26 2014.......SUNRISE   731 AM CDT   SUNSET   634 PM CDT


-  INDICATES NEGATIVE NUMBERS.
R  INDICATES RECORD WAS SET OR TIED.
MM INDICATES DATA IS MISSING.
T  INDICATES TRACE AMOUNT.




$$





U.S. Dept. of Commerce
NOAA National Weather Service
1325 East West Highway
Silver Spring, MD 20910
E-mail: w-nws.webmaster@noaa.gov
Page last modified: May 16, 2007
NATIONAL WEATHER SERVICE: for Safety, for Work, for Fun - FOR LIFE