863
CDUS44 KSHV 252143
CLIGGG


CLIMATE REPORT
NATIONAL WEATHER SERVICE SHREVEPORT, LA
443 PM CDT FRI JUL 25 2014


...................................

...THE LONGVIEW CLIMATE SUMMARY FOR JULY 25 2014...
VALID TODAY AS OF 0400 PM LOCAL TIME.

CLIMATE NORMAL PERIOD 1981 TO 2010
CLIMATE RECORD PERIOD 1902 TO 2014


WEATHER ITEM   OBSERVED TIME   RECORD YEAR NORMAL DEPARTURE LAST
                VALUE   (LST)  VALUE       VALUE  FROM      YEAR
                                                  NORMAL
..................................................................
TEMPERATURE (F)
 TODAY
  MAXIMUM         93    338 PM 107    1943  94     -1       96
  MINIMUM         70    353 AM  63    1911  74     -4       69
  AVERAGE         82                        84     -2       83

PRECIPITATION (IN)
  TODAY            0.00          1.56 1996   0.07  -0.07     0.00
  MONTH TO DATE    2.21                      2.47  -0.26     1.11
  SINCE DEC 1     28.53                     31.70  -3.17    23.61
  SINCE JAN 1     24.38                     27.21  -2.83    19.26

DEGREE DAYS
 HEATING
  TODAY            0                         0      0        0
  MONTH TO DATE    0                         0      0        0
  SINCE JUN 1      0                         0      0        0
  SINCE JUL 1      0                         0      0        0

 COOLING
  TODAY           17                        19     -2       18
  MONTH TO DATE  384                       462    -78      436
  SINCE JUN 1    844                       901    -57      952
  SINCE JAN 1   1198                      1280    -82     1340
..................................................................


WIND (MPH)
  HIGHEST WIND SPEED    12   HIGHEST WIND DIRECTION     S (180)
  HIGHEST GUST SPEED    17   HIGHEST GUST DIRECTION    SW (210)
  AVERAGE WIND SPEED     3.2


SKY COVER
  POSSIBLE SUNSHINE  MM
  AVERAGE SKY COVER 0.3


WEATHER CONDITIONS
 THE FOLLOWING WEATHER WAS RECORDED TODAY.
  FOG
  HAZE


RELATIVE HUMIDITY (PERCENT)
 HIGHEST    97           400 AM
 LOWEST     49           300 PM
 AVERAGE    73

..........................................................


THE LONGVIEW CLIMATE NORMALS FOR TOMORROW
                         NORMAL    RECORD    YEAR
 MAXIMUM TEMPERATURE (F)   94       106      1954
 MINIMUM TEMPERATURE (F)   74        63      1911


SUNRISE AND SUNSET
JULY 25 2014..........SUNRISE   629 AM CDT   SUNSET   822 PM CDT
JULY 26 2014..........SUNRISE   630 AM CDT   SUNSET   821 PM CDT


-  INDICATES NEGATIVE NUMBERS.
R  INDICATES RECORD WAS SET OR TIED.
MM INDICATES DATA IS MISSING.
T  INDICATES TRACE AMOUNT.




$$





U.S. Dept. of Commerce
NOAA National Weather Service
1325 East West Highway
Silver Spring, MD 20910
E-mail: w-nws.webmaster@noaa.gov
Page last modified: May 16, 2007
NATIONAL WEATHER SERVICE: for Safety, for Work, for Fun - FOR LIFE