366
CDUS44 KSHV 260831
CLIGGG


CLIMATE REPORT
NATIONAL WEATHER SERVICE SHREVEPORT, LA
231 AM CST WED NOV 26 2014


...................................

...THE LONGVIEW CLIMATE SUMMARY FOR NOVEMBER 25 2014...

CLIMATE NORMAL PERIOD 1981 TO 2010
CLIMATE RECORD PERIOD 1902 TO 2014


WEATHER ITEM   OBSERVED TIME   RECORD YEAR NORMAL DEPARTURE LAST
                VALUE   (LST)  VALUE       VALUE  FROM      YEAR
                                                  NORMAL
..................................................................
TEMPERATURE (F)
 YESTERDAY
  MAXIMUM         63    359 PM  86    1910  64     -1       37
  MINIMUM         33    738 AM  21    1938  42     -9       34
  AVERAGE         48                        53     -5       36

PRECIPITATION (IN)
  YESTERDAY        0.00          3.10 1946   0.16  -0.16     0.82
  MONTH TO DATE    4.25                      3.69   0.56     3.91
  SINCE DEC 1     40.66                     46.75  -6.09    40.44
  SINCE JAN 1     36.51                     42.26  -5.75    36.09

SNOWFALL (IN)
  YESTERDAY        0.0
  MONTH TO DATE    0.0
  SINCE SEP 1      0.0
  SINCE JUL 1      0.0
  SNOW DEPTH       0

DEGREE DAYS
 HEATING
  YESTERDAY       17                        12      5       29
  MONTH TO DATE  350                       213    137      261
  SINCE SEP 1    371                       302     69      310
  SINCE JUL 1    371                       302     69      310

 COOLING
  YESTERDAY        0                         0      0        0
  MONTH TO DATE    3                        22    -19       15
  SINCE SEP 1    593                       477    116      632
  SINCE JAN 1   2447                      2417     30     2727
..................................................................


WIND (MPH)
  HIGHEST WIND SPEED    12   HIGHEST WIND DIRECTION     S (200)
  HIGHEST GUST SPEED    21   HIGHEST GUST DIRECTION    NE (30)
  AVERAGE WIND SPEED     4.8


SKY COVER
  POSSIBLE SUNSHINE  MM
  AVERAGE SKY COVER 0.0


WEATHER CONDITIONS
 THE FOLLOWING WEATHER WAS RECORDED YESTERDAY.
  NO SIGNIFICANT WEATHER WAS OBSERVED.


RELATIVE HUMIDITY (PERCENT)
 HIGHEST    89           600 AM
 LOWEST     23           200 PM
 AVERAGE    56

..........................................................


THE LONGVIEW CLIMATE NORMALS FOR TODAY
                         NORMAL    RECORD    YEAR
 MAXIMUM TEMPERATURE (F)   63        87      1965
 MINIMUM TEMPERATURE (F)   42        21      1916


SUNRISE AND SUNSET
NOVEMBER 26 2014......SUNRISE   658 AM CST   SUNSET   514 PM CST
NOVEMBER 27 2014......SUNRISE   659 AM CST   SUNSET   514 PM CST


-  INDICATES NEGATIVE NUMBERS.
R  INDICATES RECORD WAS SET OR TIED.
MM INDICATES DATA IS MISSING.
T  INDICATES TRACE AMOUNT.




$$





U.S. Dept. of Commerce
NOAA National Weather Service
1325 East West Highway
Silver Spring, MD 20910
E-mail: w-nws.webmaster@noaa.gov
Page last modified: May 16, 2007
NATIONAL WEATHER SERVICE: for Safety, for Work, for Fun - FOR LIFE