934
CDUS44 KSHV 230735
CLIGGG


CLIMATE REPORT
NATIONAL WEATHER SERVICE SHREVEPORT, LA
234 AM CDT THU OCT 23 2014


...................................

...THE LONGVIEW CLIMATE SUMMARY FOR OCTOBER 22 2014...

CLIMATE NORMAL PERIOD 1981 TO 2010
CLIMATE RECORD PERIOD 1902 TO 2014


WEATHER ITEM   OBSERVED TIME   RECORD YEAR NORMAL DEPARTURE LAST
                VALUE   (LST)  VALUE       VALUE  FROM      YEAR
                                                  NORMAL
..................................................................
TEMPERATURE (F)
 YESTERDAY
  MAXIMUM         79    310 PM  95    1934  76      3       72
  MINIMUM         57    538 AM  32    1937  52      5       53
  AVERAGE         68                        64      4       63

PRECIPITATION (IN)
  YESTERDAY        0.00          3.00 1972   0.15  -0.15     0.00
  MONTH TO DATE    5.26                      3.35   1.91     1.52
  SINCE DEC 1     36.16                     41.83  -5.67    32.74
  SINCE JAN 1     32.01                     37.34  -5.33    28.39

SNOWFALL (IN)
  YESTERDAY        0.0
  MONTH TO DATE    0.0
  SINCE SEP 1      0.0
  SINCE JUL 1      0.0
  SNOW DEPTH       0

DEGREE DAYS
 HEATING
  YESTERDAY        0                         4     -4        2
  MONTH TO DATE    8                        42    -34       36
  SINCE SEP 1      8                        48    -40       36
  SINCE JUL 1      8                        48    -40       36

 COOLING
  YESTERDAY        3                         3      0        0
  MONTH TO DATE  135                        93     42      118
  SINCE SEP 1    561                       432    129      603
  SINCE JAN 1   2415                      2372     43     2698
..................................................................


WIND (MPH)
  HIGHEST WIND SPEED    14   HIGHEST WIND DIRECTION     E (90)
  HIGHEST GUST SPEED    19   HIGHEST GUST DIRECTION     E (110)
  AVERAGE WIND SPEED     5.0


SKY COVER
  POSSIBLE SUNSHINE  MM
  AVERAGE SKY COVER 0.0


WEATHER CONDITIONS
 THE FOLLOWING WEATHER WAS RECORDED YESTERDAY.
  FOG
  HAZE


RELATIVE HUMIDITY (PERCENT)
 HIGHEST   100           400 AM
 LOWEST     39           200 PM
 AVERAGE    70

..........................................................


THE LONGVIEW CLIMATE NORMALS FOR TODAY
                         NORMAL    RECORD    YEAR
 MAXIMUM TEMPERATURE (F)   76        94      1939
 MINIMUM TEMPERATURE (F)   52        35      2006
                                             1952


SUNRISE AND SUNSET
OCTOBER 23 2014.......SUNRISE   729 AM CDT   SUNSET   637 PM CDT
OCTOBER 24 2014.......SUNRISE   729 AM CDT   SUNSET   636 PM CDT


-  INDICATES NEGATIVE NUMBERS.
R  INDICATES RECORD WAS SET OR TIED.
MM INDICATES DATA IS MISSING.
T  INDICATES TRACE AMOUNT.




$$





U.S. Dept. of Commerce
NOAA National Weather Service
1325 East West Highway
Silver Spring, MD 20910
E-mail: w-nws.webmaster@noaa.gov
Page last modified: May 16, 2007
NATIONAL WEATHER SERVICE: for Safety, for Work, for Fun - FOR LIFE