241
CDUS44 KSHV 200835
CLIGGG


CLIMATE REPORT
NATIONAL WEATHER SERVICE SHREVEPORT, LA
235 AM CST SAT DEC 20 2014


...................................

...THE LONGVIEW CLIMATE SUMMARY FOR DECEMBER 19 2014...

CLIMATE NORMAL PERIOD 1981 TO 2010
CLIMATE RECORD PERIOD 1902 TO 2014


WEATHER ITEM   OBSERVED TIME   RECORD YEAR NORMAL DEPARTURE LAST
                VALUE   (LST)  VALUE       VALUE  FROM      YEAR
                                                  NORMAL
..................................................................
TEMPERATURE (F)
 YESTERDAY
  MAXIMUM         50    525 PM  78    2012  58     -8       73
                                      1957
  MINIMUM         47   1159 PM  15    1929  37     10       49
  AVERAGE         49                        47      2       61

PRECIPITATION (IN)
  YESTERDAY        0.34          0.71 1918   0.14   0.20      T
                                      1918
                                      2011
  MONTH TO DATE    1.66                      2.93  -1.27     1.87
  SINCE DEC 1      1.66                      2.93  -1.27     1.87
  SINCE JAN 1     38.17                     45.99  -7.82    38.27

SNOWFALL (IN)
  YESTERDAY       MM
  MONTH TO DATE    0.0
  SINCE DEC 1      0.0
  SINCE JUL 1      0.0
  SNOW DEPTH       0

DEGREE DAYS
 HEATING
  YESTERDAY       16                        18     -2        4
  MONTH TO DATE  216                       313    -97      342
  SINCE DEC 1    216                       313    -97      342
  SINCE JUL 1    626                       685    -59      770

 COOLING
  YESTERDAY        0                         0      0        0
  MONTH TO DATE    5                         0      5        6
  SINCE DEC 1      5                         0      5        6
  SINCE JAN 1   2461                      2417     44     2733
..................................................................


WIND (MPH)
  HIGHEST WIND SPEED    16   HIGHEST WIND DIRECTION     E (110)
  HIGHEST GUST SPEED    21   HIGHEST GUST DIRECTION    SE (120)
  AVERAGE WIND SPEED     6.8


SKY COVER
  POSSIBLE SUNSHINE  MM
  AVERAGE SKY COVER 1.0


WEATHER CONDITIONS
 THE FOLLOWING WEATHER WAS RECORDED YESTERDAY.
  RAIN
  LIGHT RAIN
  FOG


RELATIVE HUMIDITY (PERCENT)
 HIGHEST    93          1200 AM
 LOWEST     80           500 PM
 AVERAGE    87

..........................................................


THE LONGVIEW CLIMATE NORMALS FOR TODAY
                         NORMAL    RECORD    YEAR
 MAXIMUM TEMPERATURE (F)   58        79      2008
 MINIMUM TEMPERATURE (F)   37        16      1929


SUNRISE AND SUNSET
DECEMBER 20 2014......SUNRISE   716 AM CST   SUNSET   517 PM CST
DECEMBER 21 2014......SUNRISE   716 AM CST   SUNSET   518 PM CST


-  INDICATES NEGATIVE NUMBERS.
R  INDICATES RECORD WAS SET OR TIED.
MM INDICATES DATA IS MISSING.
T  INDICATES TRACE AMOUNT.




$$





U.S. Dept. of Commerce
NOAA National Weather Service
1325 East West Highway
Silver Spring, MD 20910
E-mail: w-nws.webmaster@noaa.gov
Page last modified: May 16, 2007
NATIONAL WEATHER SERVICE: for Safety, for Work, for Fun - FOR LIFE