247
CDUS44 KSHV 240746
CLIGGG


CLIMATE REPORT
NATIONAL WEATHER SERVICE SHREVEPORT, LA
246 AM CDT THU APR 24 2014


...................................

...THE LONGVIEW CLIMATE SUMMARY FOR APRIL 23 2014...

CLIMATE NORMAL PERIOD 1981 TO 2010
CLIMATE RECORD PERIOD 1902 TO 2014


WEATHER ITEM   OBSERVED TIME   RECORD YEAR NORMAL DEPARTURE LAST
                VALUE   (LST)  VALUE       VALUE  FROM      YEAR
                                                  NORMAL
..................................................................
TEMPERATURE (F)
 YESTERDAY
  MAXIMUM         84    412 PM  91    2011  78      6       80
  MINIMUM         55    518 AM  39    1959  55      0       49
  AVERAGE         70                        67      3       65

PRECIPITATION (IN)
  YESTERDAY        0.00          3.83 1995   0.11  -0.11     0.00
  MONTH TO DATE    2.29                      2.43  -0.14     2.34
  SINCE DEC 1     13.17                     18.63  -5.46    18.16
  SINCE JAN 1      9.02                     14.14  -5.12    13.81

SNOWFALL (IN)
  YESTERDAY        0.0
  MONTH TO DATE    0.0
  SINCE MAR 1      0.1
  SINCE JUL 1      0.3
  SNOW DEPTH       0

DEGREE DAYS
 HEATING
  YESTERDAY        0                         2     -2        0
  MONTH TO DATE  107                        82     25      113
  SINCE MAR 1    455                       337    118      412
  SINCE JUL 1   2579                      2241    338     2002

 COOLING
  YESTERDAY        5                         3      2        0
  MONTH TO DATE   65                        57      8       64
  SINCE MAR 1     75                        84     -9       82
  SINCE JAN 1     80                        96    -16       90
..................................................................


WIND (MPH)
  HIGHEST WIND SPEED    17   HIGHEST WIND DIRECTION    SE (150)
  HIGHEST GUST SPEED    22   HIGHEST GUST DIRECTION     S (190)
  AVERAGE WIND SPEED     6.4


SKY COVER
  POSSIBLE SUNSHINE  MM
  AVERAGE SKY COVER 0.0


WEATHER CONDITIONS
 THE FOLLOWING WEATHER WAS RECORDED YESTERDAY.
  FOG
  HAZE


RELATIVE HUMIDITY (PERCENT)
 HIGHEST    93           300 AM
 LOWEST     37           300 PM
 AVERAGE    65

..........................................................


THE LONGVIEW CLIMATE NORMALS FOR TODAY
                         NORMAL    RECORD    YEAR
 MAXIMUM TEMPERATURE (F)   78        92      1935
 MINIMUM TEMPERATURE (F)   56        38      2005


SUNRISE AND SUNSET
APRIL 24 2014.........SUNRISE   639 AM CDT   SUNSET   755 PM CDT
APRIL 25 2014.........SUNRISE   638 AM CDT   SUNSET   756 PM CDT


-  INDICATES NEGATIVE NUMBERS.
R  INDICATES RECORD WAS SET OR TIED.
MM INDICATES DATA IS MISSING.
T  INDICATES TRACE AMOUNT.




$$





U.S. Dept. of Commerce
NOAA National Weather Service
1325 East West Highway
Silver Spring, MD 20910
E-mail: w-nws.webmaster@noaa.gov
Page last modified: May 16, 2007
NATIONAL WEATHER SERVICE: for Safety, for Work, for Fun - FOR LIFE