601
CDUS41 KALY 010631
CLIGFL


CLIMATE REPORT
NATIONAL WEATHER SERVICE ALBANY NY
230 AM EDT FRI AUG 1 2014


...................................

...THE GLENS FALLS NY CLIMATE SUMMARY FOR JULY 31 2014...

CLIMATE NORMAL PERIOD 1981 TO 2010
CLIMATE RECORD PERIOD 1949 TO 2014


WEATHER ITEM   OBSERVED TIME   RECORD YEAR NORMAL DEPARTURE LAST
                VALUE   (LST)  VALUE       VALUE  FROM      YEAR
                                                  NORMAL
..................................................................
TEMPERATURE (F)
 YESTERDAY
  MAXIMUM         76    431 PM  91    2002  81     -5       80
  MINIMUM         56    529 AM  42    2010  57     -1       52
  AVERAGE         66                        69     -3       66

PRECIPITATION (IN)
  YESTERDAY        0.05          2.48 2000   0.13  -0.08     0.00
  MONTH TO DATE    5.70                      4.09   1.61     4.73
  SINCE JUN 1     10.10                      7.64   2.46    10.42
  SINCE JAN 1     23.21                     22.13   1.08    22.35

DEGREE DAYS
 HEATING
  YESTERDAY        0                         1     -1        0
  MONTH TO DATE    1                        31    -30        5
  SINCE JUN 1     33                       111    -78       94
  SINCE JUL 1      1                        21    -20        5

 COOLING
  YESTERDAY        1                         4     -3        1
  MONTH TO DATE  159                       139     20      263
  SINCE JUN 1    233                       208     25      363
  SINCE JAN 1    253                       220     33      396
..................................................................


WIND (MPH)
  HIGHEST WIND SPEED    14   HIGHEST WIND DIRECTION     S (200)
  HIGHEST GUST SPEED    19   HIGHEST GUST DIRECTION     S (180)
  AVERAGE WIND SPEED     4.4


SKY COVER
  AVERAGE SKY COVER 0.5



RELATIVE HUMIDITY (PERCENT)
 HIGHEST    93           400 AM
 LOWEST     53           600 PM
 AVERAGE    73

..........................................................


THE GLENS FALLS NY CLIMATE NORMALS FOR TODAY
                         NORMAL    RECORD    YEAR
 MAXIMUM TEMPERATURE (F)   81        96      2006
 MINIMUM TEMPERATURE (F)   57        42      1953


SUNRISE AND SUNSET
AUGUST  1 2014........SUNRISE   544 AM EDT   SUNSET   817 PM EDT
AUGUST  2 2014........SUNRISE   545 AM EDT   SUNSET   815 PM EDT


-  INDICATES NEGATIVE NUMBERS.
R  INDICATES RECORD WAS SET OR TIED.
MM INDICATES DATA IS MISSING.
T  INDICATES TRACE AMOUNT.




$$





U.S. Dept. of Commerce
NOAA National Weather Service
1325 East West Highway
Silver Spring, MD 20910
E-mail: w-nws.webmaster@noaa.gov
Page last modified: May 16, 2007
NATIONAL WEATHER SERVICE: for Safety, for Work, for Fun - FOR LIFE