056
CDUS43 KFGF 260645
CLIGFK


CLIMATE REPORT
NATIONAL WEATHER SERVICE EASTERN NORTH DAKOTA/GRAND FORKS
145 AM CDT SAT JUL 26 2014


...................................

...THE GRAND FORKS INTL AP ND CLIMATE SUMMARY FOR JULY 25 2014...

CLIMATE NORMAL PERIOD 1981 TO 2010
CLIMATE RECORD PERIOD 1941 TO 2014


WEATHER ITEM   OBSERVED TIME   RECORD YEAR NORMAL DEPARTURE LAST
                VALUE   (LST)  VALUE       VALUE  FROM      YEAR
                                                  NORMAL
..................................................................
TEMPERATURE (F)
 YESTERDAY
  MAXIMUM         81    420 PM  98    1989  82     -1       77
  MINIMUM         58   1159 PM  40    1972  56      2       56
  AVERAGE         70                        69      1       67

PRECIPITATION (IN)
  YESTERDAY        0.00          3.31 1993   0.08  -0.08      T
  MONTH TO DATE    3.69                      2.62   1.07     1.96
  SINCE JUN 1     10.29                      6.10   4.19     5.06
  SINCE JAN 1     17.47                     11.82   5.65    13.23

SNOWFALL (IN)
  YESTERDAY        0.0          MM      MM   0.0    0.0      0.0
  MONTH TO DATE    0.0                       0.0    0.0      0.0
  SINCE JUN 1      0.0                       0.0    0.0      0.0
  SINCE JUL 1      0.0                       0.0    0.0      0.0
  SNOW DEPTH       0

DEGREE DAYS
 HEATING
  YESTERDAY        0                         1     -1        0
  MONTH TO DATE   29                        26      3        9
  SINCE JUN 1     75                       129    -54       86
  SINCE JUL 1     29                        26      3        9

 COOLING
  YESTERDAY        5                         5      0        2
  MONTH TO DATE  100                       115    -15      164
  SINCE JUN 1    167                       190    -23      277
  SINCE JAN 1    220                       207     13      286
..................................................................


WIND (MPH)
  HIGHEST WIND SPEED    16   HIGHEST WIND DIRECTION    SE (150)
  HIGHEST GUST SPEED    20   HIGHEST GUST DIRECTION    NW (300)
  AVERAGE WIND SPEED     7.5


SKY COVER
  POSSIBLE SUNSHINE  MM
  AVERAGE SKY COVER 0.5


WEATHER CONDITIONS
 THE FOLLOWING WEATHER WAS RECORDED YESTERDAY.
  NO SIGNIFICANT WEATHER WAS OBSERVED.


RELATIVE HUMIDITY (PERCENT)
 HIGHEST    93           500 AM
 LOWEST     39           400 PM
 AVERAGE    66

..........................................................


THE GRAND FORKS INTL AP ND CLIMATE NORMALS FOR TODAY
                         NORMAL    RECORD    YEAR
 MAXIMUM TEMPERATURE (F)   82       103      1941
 MINIMUM TEMPERATURE (F)   56        39      1981


SUNRISE AND SUNSET
JULY 26 2014..........SUNRISE   558 AM CDT   SUNSET   912 PM CDT
JULY 27 2014..........SUNRISE   559 AM CDT   SUNSET   911 PM CDT


-  INDICATES NEGATIVE NUMBERS.
R  INDICATES RECORD WAS SET OR TIED.
MM INDICATES DATA IS MISSING.
T  INDICATES TRACE AMOUNT.




$$






U.S. Dept. of Commerce
NOAA National Weather Service
1325 East West Highway
Silver Spring, MD 20910
E-mail: w-nws.webmaster@noaa.gov
Page last modified: May 16, 2007
NATIONAL WEATHER SERVICE: for Safety, for Work, for Fun - FOR LIFE