711
CDUS43 KFGF 280707
CLIGFK


CLIMATE REPORT
NATIONAL WEATHER SERVICE EASTERN NORTH DAKOTA/GRAND FORKS
137 AM CDT MON JUL 28 2014


...................................

...THE GRAND FORKS INTL AP ND CLIMATE SUMMARY FOR JULY 27 2014...

CLIMATE NORMAL PERIOD 1981 TO 2010
CLIMATE RECORD PERIOD 1941 TO 2014


WEATHER ITEM   OBSERVED TIME   RECORD YEAR NORMAL DEPARTURE LAST
                VALUE   (LST)  VALUE       VALUE  FROM      YEAR
                                                  NORMAL
..................................................................
TEMPERATURE (F)
 YESTERDAY
  MAXIMUM         69    321 PM 101    1941  82    -13       72
  MINIMUM         60    712 AM  45    2013  56      4       45
                                      1971
                                      1965
  AVERAGE         65                        69     -4       59

PRECIPITATION (IN)
  YESTERDAY        0.01          1.54 2001   0.09  -0.08     0.00
  MONTH TO DATE    3.70                      2.80   0.90     1.96
  SINCE JUN 1     10.30                      6.28   4.02     5.06
  SINCE JAN 1     17.48                     12.00   5.48    13.23

SNOWFALL (IN)
  YESTERDAY        0.0          MM      MM   0.0    0.0      0.0
  MONTH TO DATE    0.0                       0.0    0.0      0.0
  SINCE JUN 1      0.0                       0.0    0.0      0.0
  SINCE JUL 1      0.0                       0.0    0.0      0.0
  SNOW DEPTH       0

DEGREE DAYS
 HEATING
  YESTERDAY        0                         1     -1        6
  MONTH TO DATE   29                        28      1       21
  SINCE JUN 1     75                       131    -56       98
  SINCE JUL 1     29                        28      1       21

 COOLING
  YESTERDAY        0                         5     -5        0
  MONTH TO DATE  102                       125    -23      164
  SINCE JUN 1    169                       200    -31      277
  SINCE JAN 1    222                       217      5      286
..................................................................


WIND (MPH)
  HIGHEST WIND SPEED    24   HIGHEST WIND DIRECTION    NW (330)
  HIGHEST GUST SPEED    31   HIGHEST GUST DIRECTION    NW (330)
  AVERAGE WIND SPEED    13.3


SKY COVER
  POSSIBLE SUNSHINE  MM
  AVERAGE SKY COVER 0.9


WEATHER CONDITIONS
 THE FOLLOWING WEATHER WAS RECORDED YESTERDAY.
  LIGHT RAIN
  FOG


RELATIVE HUMIDITY (PERCENT)
 HIGHEST    97           400 AM
 LOWEST     68           500 PM
 AVERAGE    83

..........................................................


THE GRAND FORKS INTL AP ND CLIMATE NORMALS FOR TODAY
                         NORMAL    RECORD    YEAR
 MAXIMUM TEMPERATURE (F)   82       100      1941
 MINIMUM TEMPERATURE (F)   56        42      2013


SUNRISE AND SUNSET
JULY 28 2014..........SUNRISE   600 AM CDT   SUNSET   910 PM CDT
JULY 29 2014..........SUNRISE   601 AM CDT   SUNSET   908 PM CDT


-  INDICATES NEGATIVE NUMBERS.
R  INDICATES RECORD WAS SET OR TIED.
MM INDICATES DATA IS MISSING.
T  INDICATES TRACE AMOUNT.




$$





U.S. Dept. of Commerce
NOAA National Weather Service
1325 East West Highway
Silver Spring, MD 20910
E-mail: w-nws.webmaster@noaa.gov
Page last modified: May 16, 2007
NATIONAL WEATHER SERVICE: for Safety, for Work, for Fun - FOR LIFE