743
CDUS43 KFGF 190653
CLIGFK


CLIMATE REPORT
NATIONAL WEATHER SERVICE EASTERN NORTH DAKOTA/GRAND FORKS
138 AM CDT SAT APR 19 2014


...................................

...THE GRAND FORKS INTL AP ND CLIMATE SUMMARY FOR APRIL 18 2014...

CLIMATE NORMAL PERIOD 1981 TO 2010
CLIMATE RECORD PERIOD 1941 TO 2014


WEATHER ITEM   OBSERVED TIME   RECORD YEAR NORMAL DEPARTURE LAST
                VALUE   (LST)  VALUE       VALUE  FROM      YEAR
                                                  NORMAL
..................................................................
TEMPERATURE (F)
 YESTERDAY
  MAXIMUM         53    253 PM  89    1987  56     -3       37
  MINIMUM         29    238 AM  17    1988  31     -2       29
                                      1953
  AVERAGE         41                        44     -3       33

PRECIPITATION (IN)
  YESTERDAY        T             0.50 1971   0.03  -0.03      T
  MONTH TO DATE    0.21                      0.52  -0.31     0.70
  SINCE MAR 1      1.14                      1.48  -0.34     1.68
  SINCE JAN 1      2.21                      2.55  -0.34     2.47

SNOWFALL (IN)
  YESTERDAY        0.0           0.8  2002   0.1   -0.1      0.2
  MONTH TO DATE    1.1                       1.9   -0.8      6.7
  SINCE MAR 1     14.6                       9.1    5.5     20.3
  SINCE JUL 1     60.3                      46.3   14.0     50.2
  SNOW DEPTH       0

DEGREE DAYS
 HEATING
  YESTERDAY       24                        22      2       32
  MONTH TO DATE  573                       472    101      668
  SINCE MAR 1   2028                      1707    321     2234
  SINCE JUL 1   9923                      8857   1066     9235

 COOLING
  YESTERDAY        0                         0      0        0
  MONTH TO DATE    0                         0      0        0
  SINCE MAR 1      0                         0      0        0
  SINCE JAN 1      0                         0      0        0
..................................................................


WIND (MPH)
  HIGHEST WIND SPEED    32   HIGHEST WIND DIRECTION    SE (140)
  HIGHEST GUST SPEED    40   HIGHEST GUST DIRECTION    SE (140)
  AVERAGE WIND SPEED    17.9


SKY COVER
  POSSIBLE SUNSHINE  MM
  AVERAGE SKY COVER 0.9


WEATHER CONDITIONS
 THE FOLLOWING WEATHER WAS RECORDED YESTERDAY.
  LIGHT RAIN


RELATIVE HUMIDITY (PERCENT)
 HIGHEST    69           100 AM
 LOWEST     34          1200 PM
 AVERAGE    52

..........................................................


THE GRAND FORKS INTL AP ND CLIMATE NORMALS FOR TODAY
                         NORMAL    RECORD    YEAR
 MAXIMUM TEMPERATURE (F)   57        85      1985
                                             1952
 MINIMUM TEMPERATURE (F)   32        19      1991
                                             1988


SUNRISE AND SUNSET
APRIL 19 2014.........SUNRISE   632 AM CDT   SUNSET   825 PM CDT
APRIL 20 2014.........SUNRISE   630 AM CDT   SUNSET   826 PM CDT


-  INDICATES NEGATIVE NUMBERS.
R  INDICATES RECORD WAS SET OR TIED.
MM INDICATES DATA IS MISSING.
T  INDICATES TRACE AMOUNT.




$$





U.S. Dept. of Commerce
NOAA National Weather Service
1325 East West Highway
Silver Spring, MD 20910
E-mail: w-nws.webmaster@noaa.gov
Page last modified: May 16, 2007
NATIONAL WEATHER SERVICE: for Safety, for Work, for Fun - FOR LIFE