356
CDUS43 KIND 240539
CLIGEZ


CLIMATE REPORT
NATIONAL WEATHER SERVICE INDIANAPOLIS IN
139 AM EDT THU APR 24 2014


...................................

...THE SHELBYVILLE IN CLIMATE SUMMARY FOR APRIL 23 2014...

CLIMATE NORMAL PERIOD 1981 TO 2010
CLIMATE RECORD PERIOD 9999 TO 9999


WEATHER ITEM   OBSERVED TIME   NORMAL DEPARTURE LAST
                VALUE   (LST)  VALUE  FROM      YEAR
                                      NORMAL
......................................................
TEMPERATURE (F)
 YESTERDAY
  MAXIMUM         62    520 PM  66     -4       67
  MINIMUM         36    620 AM  45     -9       48
  AVERAGE         49            55     -6       58

PRECIPITATION (IN)
  YESTERDAY        0.00          0.16  -0.16     0.05
  MONTH TO DATE    4.02          3.06   0.96     2.33
  SINCE MAR 1      6.08          6.49  -0.41     3.59
  SINCE JAN 1      9.96         11.24  -1.28     8.79

DEGREE DAYS
 HEATING
  YESTERDAY       16            10      6        7
  MONTH TO DATE  262           314    -52      273
  SINCE MAR 1   1080          1034     46     1120
  SINCE JUL 1   5578          5197    381     4922

 COOLING
  YESTERDAY        0             0      0        0
  MONTH TO DATE    8             0      8       15
  SINCE MAR 1      8             1      7       15
  SINCE JAN 1      8             1      7       15
......................................................


WIND (MPH)
  HIGHEST WIND SPEED    15   HIGHEST WIND DIRECTION     N (350)
  HIGHEST GUST SPEED    17   HIGHEST GUST DIRECTION     N (350)
  AVERAGE WIND SPEED     6.5


SKY COVER
  AVERAGE SKY COVER 0.0


WEATHER CONDITIONS
 THE FOLLOWING WEATHER WAS RECORDED YESTERDAY.
  HAZE


RELATIVE HUMIDITY (PERCENT)
 HIGHEST    75           600 AM
 LOWEST     32           400 PM
 AVERAGE    54

..........................................................


THE SHELBYVILLE IN CLIMATE NORMALS FOR TODAY
                         NORMAL
 MAXIMUM TEMPERATURE (F)   66
 MINIMUM TEMPERATURE (F)   45


SUNRISE AND SUNSET
APRIL 24 2014.........SUNRISE   653 AM EDT   SUNSET   830 PM EDT
APRIL 25 2014.........SUNRISE   652 AM EDT   SUNSET   831 PM EDT


-  INDICATES NEGATIVE NUMBERS.
R  INDICATES RECORD WAS SET OR TIED.
MM INDICATES DATA IS MISSING.
T  INDICATES TRACE AMOUNT.




$$






U.S. Dept. of Commerce
NOAA National Weather Service
1325 East West Highway
Silver Spring, MD 20910
E-mail: w-nws.webmaster@noaa.gov
Page last modified: May 16, 2007
NATIONAL WEATHER SERVICE: for Safety, for Work, for Fun - FOR LIFE