395
CDUS43 KIND 180536
CLIGEZ


CLIMATE REPORT
NATIONAL WEATHER SERVICE INDIANAPOLIS IN
1236 AM EST THU DEC 18 2014


...................................

...THE SHELBYVILLE IN CLIMATE SUMMARY FOR DECEMBER 17 2014...

CLIMATE NORMAL PERIOD 1981 TO 2010
CLIMATE RECORD PERIOD 9999 TO 9999


WEATHER ITEM   OBSERVED TIME   NORMAL DEPARTURE LAST
                VALUE   (LST)  VALUE  FROM      YEAR
                                      NORMAL
......................................................
TEMPERATURE (F)
 YESTERDAY
  MAXIMUM         34   1246 AM  38     -4       30
  MINIMUM         26   1158 PM  24      2       20
  AVERAGE         30            31     -1       25

PRECIPITATION (IN)
  YESTERDAY        T             0.08  -0.08      T
  MONTH TO DATE    2.04          1.72   0.32     1.30
  SINCE DEC 1      2.04          1.72   0.32     1.30
  SINCE JAN 1     39.00         42.01  -3.01    30.54

DEGREE DAYS
 HEATING
  YESTERDAY       35            34      1       40
  MONTH TO DATE  476           535    -59      601
  SINCE DEC 1    476           535    -59      601
  SINCE JUL 1   1660          1610     50     1667

 COOLING
  YESTERDAY        0             0      0        0
  MONTH TO DATE    0             0      0        0
  SINCE DEC 1      0             0      0        0
  SINCE JAN 1   1080           913    167     1179
......................................................


WIND (MPH)
  HIGHEST WIND SPEED    18   HIGHEST WIND DIRECTION     W (290)
  HIGHEST GUST SPEED    22   HIGHEST GUST DIRECTION    NW (300)
  AVERAGE WIND SPEED    11.3


SKY COVER
  AVERAGE SKY COVER 0.9


WEATHER CONDITIONS
 THE FOLLOWING WEATHER WAS RECORDED YESTERDAY.
  LT FREEZING RAIN
  LIGHT SNOW
  FOG


RELATIVE HUMIDITY (PERCENT)
 HIGHEST    85           300 AM
 LOWEST     75          1200 PM
 AVERAGE    80

..........................................................


THE SHELBYVILLE IN CLIMATE NORMALS FOR TODAY
                         NORMAL
 MAXIMUM TEMPERATURE (F)   38
 MINIMUM TEMPERATURE (F)   23


SUNRISE AND SUNSET
DECEMBER 18 2014......SUNRISE   759 AM EST   SUNSET   521 PM EST
DECEMBER 19 2014......SUNRISE   759 AM EST   SUNSET   522 PM EST


-  INDICATES NEGATIVE NUMBERS.
R  INDICATES RECORD WAS SET OR TIED.
MM INDICATES DATA IS MISSING.
T  INDICATES TRACE AMOUNT.




$$





U.S. Dept. of Commerce
NOAA National Weather Service
1325 East West Highway
Silver Spring, MD 20910
E-mail: w-nws.webmaster@noaa.gov
Page last modified: May 16, 2007
NATIONAL WEATHER SERVICE: for Safety, for Work, for Fun - FOR LIFE