964
CDUS43 KIND 300532
CLIGEZ


CLIMATE REPORT
NATIONAL WEATHER SERVICE INDIANAPOLIS IN
132 AM EDT WED JUL 30 2014


...................................

...THE SHELBYVILLE IN CLIMATE SUMMARY FOR JULY 29 2014...

CLIMATE NORMAL PERIOD 1981 TO 2010
CLIMATE RECORD PERIOD 9999 TO 9999


WEATHER ITEM   OBSERVED TIME   NORMAL DEPARTURE LAST
                VALUE   (LST)  VALUE  FROM      YEAR
                                      NORMAL
......................................................
TEMPERATURE (F)
 YESTERDAY
  MAXIMUM         76    544 PM  84     -8       79
  MINIMUM         51    321 AM  63    -12       52
  AVERAGE         64            74    -10       66

PRECIPITATION (IN)
  YESTERDAY        0.09          0.14  -0.05     0.00
  MONTH TO DATE    3.12          4.44  -1.32     1.35
  SINCE JUN 1      8.52          8.84  -0.32     5.83
  SINCE JAN 1     24.01         26.62  -2.61    18.14

DEGREE DAYS
 HEATING
  YESTERDAY        1             0      1        0
  MONTH TO DATE    2             0      2        2
  SINCE JUN 1      3            15    -12        7
  SINCE JUL 1      2             0      2        2

 COOLING
  YESTERDAY        0             9     -9        1
  MONTH TO DATE  190           261    -71      284
  SINCE JUN 1    506           470     36      550
  SINCE JAN 1    669           551    118      718
......................................................


WIND (MPH)
  HIGHEST WIND SPEED    16   HIGHEST WIND DIRECTION    NW (300)
  HIGHEST GUST SPEED    20   HIGHEST GUST DIRECTION    NW (300)
  AVERAGE WIND SPEED     4.8


SKY COVER
  AVERAGE SKY COVER 0.4


WEATHER CONDITIONS
 THE FOLLOWING WEATHER WAS RECORDED YESTERDAY.
  THUNDERSTORM
  RAIN
  LIGHT RAIN
  FOG


RELATIVE HUMIDITY (PERCENT)
 HIGHEST    90          1000 PM
 LOWEST     46           200 PM
 AVERAGE    68

..........................................................


THE SHELBYVILLE IN CLIMATE NORMALS FOR TODAY
                         NORMAL
 MAXIMUM TEMPERATURE (F)   84
 MINIMUM TEMPERATURE (F)   63


SUNRISE AND SUNSET
JULY 30 2014..........SUNRISE   641 AM EDT   SUNSET   858 PM EDT
JULY 31 2014..........SUNRISE   642 AM EDT   SUNSET   857 PM EDT


-  INDICATES NEGATIVE NUMBERS.
R  INDICATES RECORD WAS SET OR TIED.
MM INDICATES DATA IS MISSING.
T  INDICATES TRACE AMOUNT.




$$





U.S. Dept. of Commerce
NOAA National Weather Service
1325 East West Highway
Silver Spring, MD 20910
E-mail: w-nws.webmaster@noaa.gov
Page last modified: May 16, 2007
NATIONAL WEATHER SERVICE: for Safety, for Work, for Fun - FOR LIFE