251
CDUS45 KRIW 280730
CLIGEY


CLIMATE REPORT
NATIONAL WEATHER SERVICE RIVERTON WY
130 AM MDT THU AUG 28 2014


...................................

...THE GREYBULL WY CLIMATE SUMMARY FOR AUGUST 27 2014...

CLIMATE NORMAL PERIOD 1981 TO 2010
CLIMATE RECORD PERIOD 1998 TO 2014


WEATHER ITEM   OBSERVED TIME   RECORD YEAR NORMAL DEPARTURE LAST
                VALUE   (LST)  VALUE       VALUE  FROM      YEAR
                                                  NORMAL
..................................................................
TEMPERATURE (F)
 YESTERDAY
  MAXIMUM         79    437 PM  99    2011  86     -7       91
  MINIMUM         52    507 AM  42    2005  52      0       64
  AVERAGE         66                        69     -3       78

PRECIPITATION (IN)
  YESTERDAY        0.00          T    2010   0.02  -0.02      T
                                      2010
                                      2013
  MONTH TO DATE    0.98                      0.33   0.65      T
  SINCE JUN 1      2.13                      2.19  -0.06     0.72
  SINCE JAN 1      3.83                      5.36  -1.53     2.62

DEGREE DAYS
 HEATING
  YESTERDAY        0                         1     -1        0
  MONTH TO DATE   24                         5     19        0
  SINCE JUN 1     80                        81     -1       36
  SINCE JUL 1     24                        11     13        0

 COOLING
  YESTERDAY        1                         5     -4       13
  MONTH TO DATE  205                       212     -7      281
  SINCE JUN 1    598                       595      3      837
  SINCE JAN 1    640                       615     25      864
..................................................................


WIND (MPH)
  HIGHEST WIND SPEED    13   HIGHEST WIND DIRECTION     S (170)
  HIGHEST GUST SPEED    21   HIGHEST GUST DIRECTION     S (200)
  AVERAGE WIND SPEED     4.3


SKY COVER
  POSSIBLE SUNSHINE  MM
  AVERAGE SKY COVER 0.0


WEATHER CONDITIONS
 THE FOLLOWING WEATHER WAS RECORDED YESTERDAY.
  NO SIGNIFICANT WEATHER WAS OBSERVED.


RELATIVE HUMIDITY (PERCENT)
 HIGHEST    89           500 AM
 LOWEST     33           500 PM
 AVERAGE    61

..........................................................


THE GREYBULL WY CLIMATE NORMALS FOR TODAY
                         NORMAL    RECORD    YEAR
 MAXIMUM TEMPERATURE (F)   86        98      2012
 MINIMUM TEMPERATURE (F)   51        42      2004


SUNRISE AND SUNSET
AUGUST 28 2014........SUNRISE   630 AM MDT   SUNSET   756 PM MDT
AUGUST 29 2014........SUNRISE   631 AM MDT   SUNSET   754 PM MDT


-  INDICATES NEGATIVE NUMBERS.
R  INDICATES RECORD WAS SET OR TIED.
MM INDICATES DATA IS MISSING.
T  INDICATES TRACE AMOUNT.




$$





U.S. Dept. of Commerce
NOAA National Weather Service
1325 East West Highway
Silver Spring, MD 20910
E-mail: w-nws.webmaster@noaa.gov
Page last modified: May 16, 2007
NATIONAL WEATHER SERVICE: for Safety, for Work, for Fun - FOR LIFE