159
CDUS45 KRIW 240737
CLIGEY


CLIMATE REPORT
NATIONAL WEATHER SERVICE RIVERTON WY
133 AM MDT FRI OCT 24 2014


...................................

...THE GREYBULL WY CLIMATE SUMMARY FOR OCTOBER 23 2014...

CLIMATE NORMAL PERIOD 1981 TO 2010
CLIMATE RECORD PERIOD 1998 TO 2014


WEATHER ITEM   OBSERVED TIME   RECORD YEAR NORMAL DEPARTURE LAST
                VALUE   (LST)  VALUE       VALUE  FROM      YEAR
                                                  NORMAL
..................................................................
TEMPERATURE (F)
 YESTERDAY
  MAXIMUM         70R   331 PM  70    2011  57     13       62
                                      1999
  MINIMUM         31    418 AM  20    2006  30      1       30
                                      2002
  AVERAGE         51                        43      8       46

PRECIPITATION (IN)
  YESTERDAY        0.00          0.07 2001   0.02  -0.02     0.00
  MONTH TO DATE    0.01                      0.52  -0.51     1.04
  SINCE SEP 1      0.87                      1.40  -0.53     2.15
  SINCE JAN 1      4.73                      6.85  -2.12     4.77

DEGREE DAYS
 HEATING
  YESTERDAY       14                        22     -8       19
  MONTH TO DATE  267                       401   -134      496
  SINCE SEP 1    419                       611   -192      618
  SINCE JUL 1    446                       632   -186      618

 COOLING
  YESTERDAY        0                         0      0        0
  MONTH TO DATE    0                         0      0        0
  SINCE SEP 1     43                        36      7       96
  SINCE JAN 1    698                       669     29     1005
..................................................................


WIND (MPH)
  HIGHEST WIND SPEED    13   HIGHEST WIND DIRECTION    SE (140)
  HIGHEST GUST SPEED    15   HIGHEST GUST DIRECTION     E (100)
  AVERAGE WIND SPEED     2.5


SKY COVER
  POSSIBLE SUNSHINE  MM
  AVERAGE SKY COVER 0.1


WEATHER CONDITIONS
 THE FOLLOWING WEATHER WAS RECORDED YESTERDAY.
  NO SIGNIFICANT WEATHER WAS OBSERVED.


RELATIVE HUMIDITY (PERCENT)
 HIGHEST    72           500 AM
 LOWEST     20           200 PM
 AVERAGE    46

..........................................................


THE GREYBULL WY CLIMATE NORMALS FOR TODAY
                         NORMAL    RECORD    YEAR
 MAXIMUM TEMPERATURE (F)   57        72      2007
 MINIMUM TEMPERATURE (F)   29        22      2006


SUNRISE AND SUNSET
OCTOBER 24 2014.......SUNRISE   739 AM MDT   SUNSET   613 PM MDT
OCTOBER 25 2014.......SUNRISE   740 AM MDT   SUNSET   612 PM MDT


-  INDICATES NEGATIVE NUMBERS.
R  INDICATES RECORD WAS SET OR TIED.
MM INDICATES DATA IS MISSING.
T  INDICATES TRACE AMOUNT.




$$






U.S. Dept. of Commerce
NOAA National Weather Service
1325 East West Highway
Silver Spring, MD 20910
E-mail: w-nws.webmaster@noaa.gov
Page last modified: May 16, 2007
NATIONAL WEATHER SERVICE: for Safety, for Work, for Fun - FOR LIFE