926
CDUS45 KRIW 250056
CLIGEY


CLIMATE REPORT
NATIONAL WEATHER SERVICE RIVERTON WY
656 PM MDT THU APR 24 2014


...................................

...THE GREYBULL WY CLIMATE SUMMARY FOR APRIL 24 2014...
VALID TODAY AS OF 0500 PM LOCAL TIME.

CLIMATE NORMAL PERIOD 1981 TO 2010
CLIMATE RECORD PERIOD 1998 TO 2014


WEATHER ITEM   OBSERVED TIME   RECORD YEAR NORMAL DEPARTURE LAST
                VALUE   (LST)  VALUE       VALUE  FROM      YEAR
                                                  NORMAL
..................................................................
TEMPERATURE (F)
 TODAY
  MAXIMUM         66        MM  86    2012  63      3       50
  MINIMUM         31        MM  25    2002  35     -4       27
  AVERAGE         49

PRECIPITATION (IN)
  TODAY            0.00          0.17 2006   0.03  -0.03      T
  MONTH TO DATE    0.46                      0.53  -0.07     0.31
  SINCE MAR 1      0.64                      0.93  -0.29     0.40
  SINCE JAN 1      0.90                      1.34  -0.44     0.82

DEGREE DAYS
 HEATING
  TODAY           16                        16      0       26
  MONTH TO DATE  458                       468    -10      602
  SINCE MAR 1   1363                      1339     24     1460
  SINCE JUL 1   7250                      7310    -60     7334

 COOLING
  TODAY            0                         0      0        0
  MONTH TO DATE    0                         0      0        0
  SINCE MAR 1      0                         0      0        0
  SINCE JAN 1      0                         0      0        0
..................................................................


WIND (MPH)
  HIGHEST WIND SPEED    12   HIGHEST WIND DIRECTION     S (160)
  HIGHEST GUST SPEED    32   HIGHEST GUST DIRECTION     W (270)
  AVERAGE WIND SPEED     7.0


SKY COVER
  POSSIBLE SUNSHINE  MM
  AVERAGE SKY COVER 0.2


WEATHER CONDITIONS
 THE FOLLOWING WEATHER WAS RECORDED TODAY.
  NO SIGNIFICANT WEATHER WAS OBSERVED.


RELATIVE HUMIDITY (PERCENT)
 HIGHEST    63           400 AM
 LOWEST     14           200 PM
 AVERAGE    39

..........................................................


THE GREYBULL WY CLIMATE NORMALS FOR TOMORROW
                         NORMAL    RECORD    YEAR
 MAXIMUM TEMPERATURE (F)   64        79      2012
 MINIMUM TEMPERATURE (F)   35        24      2009
                                             2008


SUNRISE AND SUNSET
APRIL 24 2014.........SUNRISE   613 AM MDT   SUNSET   808 PM MDT
APRIL 25 2014.........SUNRISE   612 AM MDT   SUNSET   809 PM MDT


-  INDICATES NEGATIVE NUMBERS.
R  INDICATES RECORD WAS SET OR TIED.
MM INDICATES DATA IS MISSING.
T  INDICATES TRACE AMOUNT.




$$






U.S. Dept. of Commerce
NOAA National Weather Service
1325 East West Highway
Silver Spring, MD 20910
E-mail: w-nws.webmaster@noaa.gov
Page last modified: May 16, 2007
NATIONAL WEATHER SERVICE: for Safety, for Work, for Fun - FOR LIFE