848
CDUS45 KRIW 280735
CLIGEY


CLIMATE REPORT
NATIONAL WEATHER SERVICE RIVERTON WY
135 AM MDT MON JUL 28 2014


...................................

...THE GREYBULL WY CLIMATE SUMMARY FOR JULY 27 2014...

CLIMATE NORMAL PERIOD 1981 TO 2010
CLIMATE RECORD PERIOD 1998 TO 2014


WEATHER ITEM   OBSERVED TIME   RECORD YEAR NORMAL DEPARTURE LAST
                VALUE   (LST)  VALUE       VALUE  FROM      YEAR
                                                  NORMAL
..................................................................
TEMPERATURE (F)
 YESTERDAY
  MAXIMUM         92    556 PM 100    2006  92      0       90
  MINIMUM         53    549 AM  47    2005  58     -5       65
  AVERAGE         73                        75     -2       78

PRECIPITATION (IN)
  YESTERDAY        0.00          0.05 2009   0.02  -0.02      T
  MONTH TO DATE    0.21                      0.60  -0.39     0.29
  SINCE JUN 1      1.15                      1.80  -0.65     0.69
  SINCE JAN 1      2.85                      4.97  -2.12     2.59

DEGREE DAYS
 HEATING
  YESTERDAY        0                         0      0        0
  MONTH TO DATE    0                         1     -1        0
  SINCE JUN 1     56                        71    -15       36
  SINCE JUL 1      0                         1     -1        0

 COOLING
  YESTERDAY        8                        10     -2       13
  MONTH TO DATE  310                       238     72      356
  SINCE JUN 1    359                       344     15      529
  SINCE JAN 1    401                       364     37      556
..................................................................


WIND (MPH)
  HIGHEST WIND SPEED    12   HIGHEST WIND DIRECTION    NW (330)
  HIGHEST GUST SPEED    15   HIGHEST GUST DIRECTION    SE (150)
  AVERAGE WIND SPEED     3.8


SKY COVER
  POSSIBLE SUNSHINE  MM
  AVERAGE SKY COVER 0.0


WEATHER CONDITIONS
 THE FOLLOWING WEATHER WAS RECORDED YESTERDAY.
  NO SIGNIFICANT WEATHER WAS OBSERVED.


RELATIVE HUMIDITY (PERCENT)
 HIGHEST    54           500 AM
 LOWEST      8           500 PM
 AVERAGE    31

..........................................................


THE GREYBULL WY CLIMATE NORMALS FOR TODAY
                         NORMAL    RECORD    YEAR
 MAXIMUM TEMPERATURE (F)   92       104      1999
 MINIMUM TEMPERATURE (F)   58        50      2002


SUNRISE AND SUNSET
JULY 28 2014..........SUNRISE   555 AM MDT   SUNSET   842 PM MDT
JULY 29 2014..........SUNRISE   556 AM MDT   SUNSET   841 PM MDT


-  INDICATES NEGATIVE NUMBERS.
R  INDICATES RECORD WAS SET OR TIED.
MM INDICATES DATA IS MISSING.
T  INDICATES TRACE AMOUNT.




$$





U.S. Dept. of Commerce
NOAA National Weather Service
1325 East West Highway
Silver Spring, MD 20910
E-mail: w-nws.webmaster@noaa.gov
Page last modified: May 16, 2007
NATIONAL WEATHER SERVICE: for Safety, for Work, for Fun - FOR LIFE