216
CDUS46 KOTX 302326
CLIGEG


CLIMATE REPORT
NATIONAL WEATHER SERVICE SPOKANE, WA
425 PM PDT THU OCT 30 2014


...................................

...THE SPOKANE WA AIRPORT CLIMATE SUMMARY FOR OCTOBER 30 2014...
VALID AS OF 0400 PM LOCAL TIME.

CLIMATE NORMAL PERIOD 1981 TO 2010
CLIMATE RECORD PERIOD 1881 TO 2014


WEATHER ITEM   OBSERVED TIME   RECORD YEAR NORMAL DEPARTURE LAST
                VALUE   (LST)  VALUE       VALUE  FROM      YEAR
                                                  NORMAL
..................................................................
TEMPERATURE (F)
 TODAY
  MAXIMUM         53    259 PM  66    1944  50      3       47
  MINIMUM         44    500 AM  10    2002  34     10       27
                                      1991
  AVERAGE         49                        42      7       37

PRECIPITATION (IN)
  TODAY            T             0.70 1990   0.06  -0.06     0.00
  MONTH TO DATE    1.42                      1.12   0.30     0.09
  SINCE OCT 1      1.42                      1.12   0.30     0.09
  SINCE JAN 1     11.68                     11.90  -0.22     9.12

SNOWFALL (IN)
  TODAY            0.0           1.5  1971   0.0    0.0      0.0
  MONTH TO DATE    0.0                       0.1   -0.1       T
  SINCE SEP 1      0.0                       0.1   -0.1       T
  SINCE JUL 1      0.0                       0.1   -0.1       T
  SNOW DEPTH       0

DEGREE DAYS
 HEATING
  TODAY           16                        23     -7       28
  MONTH TO DATE  340                       518   -178      571
  SINCE SEP 1    434                       701   -267      731
  SINCE JUL 1    446                       766   -320      738

 COOLING
  TODAY            0                         0      0        0
  MONTH TO DATE    1                         0      1        0
  SINCE SEP 1     48                        38     10      108
  SINCE JAN 1    654                       449    205      709
..................................................................


WIND (MPH)
  HIGHEST WIND SPEED    15   HIGHEST WIND DIRECTION    NE (60)
  HIGHEST GUST SPEED    19   HIGHEST GUST DIRECTION     E (70)
  AVERAGE WIND SPEED     9.9


SKY COVER
  POSSIBLE SUNSHINE  MM
  AVERAGE SKY COVER 1.0


WEATHER CONDITIONS
 THE FOLLOWING WEATHER WAS RECORDED TODAY.
  LIGHT RAIN
  FOG


RELATIVE HUMIDITY (PERCENT)
 HIGHEST   100           100 AM
 LOWEST     71           100 PM
 AVERAGE    86

..........................................................


THE SPOKANE WA AIRPORT CLIMATE NORMALS FOR TOMORROW
                         NORMAL    RECORD    YEAR
 MAXIMUM TEMPERATURE (F)   50        67      1988
 MINIMUM TEMPERATURE (F)   34         7      2002


SUNRISE AND SUNSET
OCTOBER 30 2014.......SUNRISE   731 AM PDT   SUNSET   536 PM PDT
OCTOBER 31 2014.......SUNRISE   733 AM PDT   SUNSET   534 PM PDT


-  INDICATES NEGATIVE NUMBERS.
R  INDICATES RECORD WAS SET OR TIED.
MM INDICATES DATA IS MISSING.
T  INDICATES TRACE AMOUNT.




$$





U.S. Dept. of Commerce
NOAA National Weather Service
1325 East West Highway
Silver Spring, MD 20910
E-mail: w-nws.webmaster@noaa.gov
Page last modified: May 16, 2007
NATIONAL WEATHER SERVICE: for Safety, for Work, for Fun - FOR LIFE