105
CDUS46 KOTX 230823
CLIGEG


CLIMATE REPORT
NATIONAL WEATHER SERVICE SPOKANE, WA
1223 AM PST SUN NOV 23 2014


...................................

...THE SPOKANE WA AIRPORT CLIMATE SUMMARY FOR NOVEMBER 22 2014...

CLIMATE NORMAL PERIOD 1981 TO 2010
CLIMATE RECORD PERIOD 1881 TO 2014


WEATHER ITEM   OBSERVED TIME   RECORD YEAR NORMAL DEPARTURE LAST
                VALUE   (LST)  VALUE       VALUE  FROM      YEAR
                                                  NORMAL
..................................................................
TEMPERATURE (F)
 YESTERDAY
  MAXIMUM         43   1234 AM  57    1933  38      5       34
                                      1909
  MINIMUM         31   1159 PM  -5    2003  28      3       15
  AVERAGE         37                        33      4       25

PRECIPITATION (IN)
  YESTERDAY        T             1.03 1901   0.08  -0.08     0.00
  MONTH TO DATE    1.03                      1.64  -0.61     1.49
  SINCE OCT 1      2.45                      2.82  -0.37     1.58
  SINCE JAN 1     12.71                     13.60  -0.89    10.61

SNOWFALL (IN)
  YESTERDAY        0.0           7.5  2010   0.4   -0.4      0.0
  MONTH TO DATE    0.5                       4.4   -3.9      2.7
  SINCE SEP 1      0.5                       4.5   -4.0      2.7
  SINCE JUL 1      0.5                       4.5   -4.0      2.7
  SNOW DEPTH       0

DEGREE DAYS
 HEATING
  YESTERDAY       28                        32     -4       40
  MONTH TO DATE  677                       611     66      610
  SINCE SEP 1   1128                      1334   -206     1360
  SINCE JUL 1   1140                      1399   -259     1367

 COOLING
  YESTERDAY        0                         0      0        0
  MONTH TO DATE    0                         0      0        0
  SINCE SEP 1     48                        39      9      108
  SINCE JAN 1    654                       450    204      709
..................................................................


WIND (MPH)
  HIGHEST WIND SPEED    28   HIGHEST WIND DIRECTION    SW (210)
  HIGHEST GUST SPEED    34   HIGHEST GUST DIRECTION    SW (210)
  AVERAGE WIND SPEED    15.4


SKY COVER
  POSSIBLE SUNSHINE  MM
  AVERAGE SKY COVER 0.4


WEATHER CONDITIONS
 THE FOLLOWING WEATHER WAS RECORDED YESTERDAY.
  LIGHT RAIN
  FOG


RELATIVE HUMIDITY (PERCENT)
 HIGHEST   100           900 PM
 LOWEST     70          1000 AM
 AVERAGE    85

..........................................................


THE SPOKANE WA AIRPORT CLIMATE NORMALS FOR TODAY
                         NORMAL    RECORD    YEAR
 MAXIMUM TEMPERATURE (F)   38        60      1933
 MINIMUM TEMPERATURE (F)   28       -21      1985


SUNRISE AND SUNSET
NOVEMBER 23 2014......SUNRISE   707 AM PST   SUNSET   406 PM PST
NOVEMBER 24 2014......SUNRISE   708 AM PST   SUNSET   405 PM PST


-  INDICATES NEGATIVE NUMBERS.
R  INDICATES RECORD WAS SET OR TIED.
MM INDICATES DATA IS MISSING.
T  INDICATES TRACE AMOUNT.




$$





U.S. Dept. of Commerce
NOAA National Weather Service
1325 East West Highway
Silver Spring, MD 20910
E-mail: w-nws.webmaster@noaa.gov
Page last modified: May 16, 2007
NATIONAL WEATHER SERVICE: for Safety, for Work, for Fun - FOR LIFE