618
CDUS46 KOTX 240827
CLIGEG

CLIMATE REPORT
NATIONAL WEATHER SERVICE SPOKANE, WA
121 AM PDT THU APR 24 2014


...................................

...THE SPOKANE WA AIRPORT CLIMATE SUMMARY FOR APRIL 23 2014...

CLIMATE NORMAL PERIOD 1981 TO 2010
CLIMATE RECORD PERIOD 1881 TO 2014


WEATHER ITEM   OBSERVED TIME   RECORD YEAR NORMAL DEPARTURE LAST
                VALUE   (LST)  VALUE       VALUE  FROM      YEAR
                                                  NORMAL
..................................................................
TEMPERATURE (F)
 YESTERDAY
  MAXIMUM         54    212 PM  87    1977  59     -5       57
  MINIMUM         32    331 AM  25    2002  38     -6       30
  AVERAGE         43                        48     -5       44

PRECIPITATION (IN)
  YESTERDAY        0.03          0.70 1996   0.05  -0.02     0.00
  MONTH TO DATE    0.59                      1.02  -0.43     0.94
  SINCE OCT 1      8.62                     11.53  -2.91    11.49
  SINCE JAN 1      6.29                      5.75   0.54     4.13

SNOWFALL (IN)
  YESTERDAY        0 0             1.5  1964   0.0   0.0        0.0
  MONTH TO DATE    0.0                         0.9  -0.9         T
  SINCE MAR 1      5.8                         4.4   1.4        0.9
  SINCE JUL 1     37.6                         44.7 -7.1        43.5
  SNOW DEPTH       0

DEGREE DAYS
 HEATING
  YESTERDAY       22                        17      5       21
  MONTH TO DATE  416                       432    -16      460
  SINCE MAR 1   1196                      1199     -3     1190
  SINCE JUL 1   6239                      6028    211     5727

 COOLING
  YESTERDAY        0                         0      0        0
  MONTH TO DATE    0                         0      0        0
  SINCE MAR 1      0                         0      0        0
  SINCE JAN 1      0                         0      0        0
..................................................................


WIND (MPH)
  HIGHEST WIND SPEED    30   HIGHEST WIND DIRECTION    SW (240)
  HIGHEST GUST SPEED    36   HIGHEST GUST DIRECTION    SW (240)
  AVERAGE WIND SPEED    14.5


SKY COVER
  POSSIBLE SUNSHINE  MM
  AVERAGE SKY COVER 0.7


WEATHER CONDITIONS
 THE FOLLOWING WEATHER WAS RECORDED YESTERDAY.
  LIGHT RAIN
  FOG


RELATIVE HUMIDITY (PERCENT)
 HIGHEST    92           600 AM
 LOWEST     35           200 PM
 AVERAGE    64

..........................................................


THE SPOKANE WA AIRPORT CLIMATE NORMALS FOR TODAY
                         NORMAL    RECORD    YEAR
 MAXIMUM TEMPERATURE (F)   60        90      1977
 MINIMUM TEMPERATURE (F)   38        21      2002


SUNRISE AND SUNSET
APRIL 24 2014.........SUNRISE   545 AM PDT   SUNSET   753 PM PDT
APRIL 25 2014.........SUNRISE   543 AM PDT   SUNSET   754 PM PDT


-  INDICATES NEGATIVE NUMBERS.
R  INDICATES RECORD WAS SET OR TIED.
MM INDICATES DATA IS MISSING.
T  INDICATES TRACE AMOUNT.




$$




U.S. Dept. of Commerce
NOAA National Weather Service
1325 East West Highway
Silver Spring, MD 20910
E-mail: w-nws.webmaster@noaa.gov
Page last modified: May 16, 2007
NATIONAL WEATHER SERVICE: for Safety, for Work, for Fun - FOR LIFE