491
CDUS46 KOTX 300823
CLIGEG


CLIMATE REPORT
NATIONAL WEATHER SERVICE SPOKANE, WA
123 AM PDT TUE SEP 30 2014


...................................

...THE SPOKANE WA AIRPORT CLIMATE SUMMARY FOR SEPTEMBER 29 2014...

CLIMATE NORMAL PERIOD 1981 TO 2010
CLIMATE RECORD PERIOD 1881 TO 2014


WEATHER ITEM   OBSERVED TIME   RECORD YEAR NORMAL DEPARTURE LAST
                VALUE   (LST)  VALUE       VALUE  FROM      YEAR
                                                  NORMAL
..................................................................
TEMPERATURE (F)
 YESTERDAY
  MAXIMUM         71    417 PM  86    1890  67      4       54
                                      1888
  MINIMUM         54    556 AM  24    1985  43     11       44
  AVERAGE         63                        55      8       49

PRECIPITATION (IN)
  YESTERDAY        T             0.44 1977   0.03  -0.03     0.20
  MONTH TO DATE    0.25                      0.65  -0.40     1.49
  SINCE OCT 1     12.58                     16.54  -3.96    16.32
  SINCE JAN 1     10.25                     10.76  -0.51     8.96

SNOWFALL (IN)
  YESTERDAY        0.0           0.0  2002   0.0    0.0      0.0
                                      2001
                                      1999
  MONTH TO DATE    0.0                       0.0    0.0      0.0
  SINCE SEP 1      0.0                       0.0    0.0      0.0
  SINCE JUL 1      0.0                       0.0    0.0      0.0
  SNOW DEPTH       0

DEGREE DAYS
 HEATING
  YESTERDAY        2                        10     -8       16
  MONTH TO DATE   84                       174    -90      145
  SINCE SEP 1     84                       174    -90      145
  SINCE JUL 1     96                       239   -143      152

 COOLING
  YESTERDAY        0                         0      0        0
  MONTH TO DATE   47                        37     10      108
  SINCE SEP 1     47                        37     10      108
  SINCE JAN 1    653                       448    205      709
..................................................................


WIND (MPH)
  HIGHEST WIND SPEED    21   HIGHEST WIND DIRECTION    SW (220)
  HIGHEST GUST SPEED    25   HIGHEST GUST DIRECTION    SW (220)
  AVERAGE WIND SPEED     8.4


SKY COVER
  POSSIBLE SUNSHINE  MM
  AVERAGE SKY COVER 0.8


WEATHER CONDITIONS
 THE FOLLOWING WEATHER WAS RECORDED YESTERDAY.
  LIGHT RAIN


RELATIVE HUMIDITY (PERCENT)
 HIGHEST    66           600 AM
 LOWEST     36           500 PM
 AVERAGE    51

..........................................................


THE SPOKANE WA AIRPORT CLIMATE NORMALS FOR TODAY
                         NORMAL    RECORD    YEAR
 MAXIMUM TEMPERATURE (F)   67        89      1992
 MINIMUM TEMPERATURE (F)   42        29      1903


SUNRISE AND SUNSET
SEPTEMBER 30 2014.....SUNRISE   648 AM PDT   SUNSET   631 PM PDT
OCTOBER  1 2014.......SUNRISE   649 AM PDT   SUNSET   629 PM PDT


-  INDICATES NEGATIVE NUMBERS.
R  INDICATES RECORD WAS SET OR TIED.
MM INDICATES DATA IS MISSING.
T  INDICATES TRACE AMOUNT.




$$





U.S. Dept. of Commerce
NOAA National Weather Service
1325 East West Highway
Silver Spring, MD 20910
E-mail: w-nws.webmaster@noaa.gov
Page last modified: May 16, 2007
NATIONAL WEATHER SERVICE: for Safety, for Work, for Fun - FOR LIFE