435
CDUS46 KOTX 020025
CLIGEG


CLIMATE REPORT
NATIONAL WEATHER SERVICE SPOKANE, WA
424 PM PST SUN FEB 1 2015


...................................

...THE SPOKANE WA AIRPORT CLIMATE SUMMARY FOR FEBRUARY 1 2015...
VALID AS OF 0400 PM LOCAL TIME.

CLIMATE NORMAL PERIOD 1981 TO 2010
CLIMATE RECORD PERIOD 1881 TO 2015


WEATHER ITEM   OBSERVED TIME   RECORD YEAR NORMAL DEPARTURE LAST
                VALUE   (LST)  VALUE       VALUE  FROM      YEAR
                                                  NORMAL
..................................................................
TEMPERATURE (F)
 TODAY
  MAXIMUM         32    306 PM  57    1934  37     -5       25
  MINIMUM         29    823 AM -22    1996  26      3        1
                                      1950
  AVERAGE         31                        31      0       13

PRECIPITATION (IN)
  TODAY            0.11          1.10 1927   0.04   0.07      T
  MONTH TO DATE    0.11                      0.04   0.07      T
  SINCE OCT 1      6.75                      7.61  -0.86     3.34
  SINCE JAN 1      2.02                      1.83   0.19     1.01

SNOWFALL (IN)
  TODAY            0.9           5.2  1927   0.3    0.6       T
  MONTH TO DATE    0.9                       0.3    0.6       T
  SINCE DEC 1     15.0                      26.3  -11.3     10.8
  SINCE JUL 1     15.5                      33.8  -18.3     13.9
  SNOW DEPTH       1

DEGREE DAYS
 HEATING
  TODAY           34                        34      0       52
  MONTH TO DATE   34                        34      0       52
  SINCE DEC 1   2074                      2300   -226     2355
  SINCE JUL 1   3443                      3967   -524     4010

 COOLING
  TODAY            0                         0      0        0
  MONTH TO DATE    0                         0      0        0
  SINCE DEC 1      0                         0      0        0
  SINCE JAN 1      0                         0      0        0
..................................................................


WIND (MPH)
  HIGHEST WIND SPEED    10   HIGHEST WIND DIRECTION    NE (50)
  HIGHEST GUST SPEED    13   HIGHEST GUST DIRECTION    NE (50)
  AVERAGE WIND SPEED     4.8


SKY COVER
  POSSIBLE SUNSHINE  MM
  AVERAGE SKY COVER 1.0


WEATHER CONDITIONS
 THE FOLLOWING WEATHER WAS RECORDED TODAY.
  LIGHT SNOW
  FOG


RELATIVE HUMIDITY (PERCENT)
 HIGHEST   100          1200 AM
 LOWEST     92           400 AM
 AVERAGE    96

..........................................................


THE SPOKANE WA AIRPORT CLIMATE NORMALS FOR TOMORROW
                         NORMAL    RECORD    YEAR
 MAXIMUM TEMPERATURE (F)   37        56      1962
 MINIMUM TEMPERATURE (F)   26       -24      1996


SUNRISE AND SUNSET
FEBRUARY  1 2015......SUNRISE   717 AM PST   SUNSET   451 PM PST
FEBRUARY  2 2015......SUNRISE   716 AM PST   SUNSET   453 PM PST


-  INDICATES NEGATIVE NUMBERS.
R  INDICATES RECORD WAS SET OR TIED.
MM INDICATES DATA IS MISSING.
T  INDICATES TRACE AMOUNT.




$$





U.S. Dept. of Commerce
NOAA National Weather Service
1325 East West Highway
Silver Spring, MD 20910
E-mail: w-nws.webmaster@noaa.gov
Page last modified: May 16, 2007
NATIONAL WEATHER SERVICE: for Safety, for Work, for Fun - FOR LIFE