265
CDUS41 KPHI 250631
CLIGED


CLIMATE REPORT
NATIONAL WEATHER SERVICE MOUNT HOLLY NJ
230 AM EDT FRI APR 25 2014


...................................

...THE GEORGETOWN DE CLIMATE SUMMARY FOR APRIL 24 2014...

CLIMATE NORMAL PERIOD 1981 TO 2010
CLIMATE RECORD PERIOD 1948 TO 2014


WEATHER ITEM   OBSERVED TIME   RECORD YEAR NORMAL DEPARTURE LAST
                VALUE   (LST)  VALUE       VALUE  FROM      YEAR
                                                  NORMAL
..................................................................
TEMPERATURE (F)
 YESTERDAY
  MAXIMUM         63    445 PM  90    1960  67     -4       75
  MINIMUM         41   1147 PM  29    1956  46     -5       41
  AVERAGE         52                        56     -4       58

PRECIPITATION (IN)
  YESTERDAY        0.00          0.80 1981   0.11  -0.11     0.00
  MONTH TO DATE    1.99                      3.04  -1.05     2.56
  SINCE MAR 1      5.35                      7.09  -1.74     6.14
  SINCE JAN 1     12.53                     12.80  -0.27    11.11

SNOWFALL (IN)
  YESTERDAY       MM            MM      MM  MM     MM       MM
  MONTH TO DATE   MM                        MM     MM       MM
  SINCE MAR 1     MM                        MM     MM       MM
  SINCE JUL 1     MM                        MM     MM       MM
  SNOW DEPTH      MM

DEGREE DAYS
 HEATING
  YESTERDAY       13                         9      4        7
  MONTH TO DATE  276                       298    -22      242
  SINCE MAR 1   1016                       930     86      974
  SINCE JUL 1   4371                      4210    161     3954

 COOLING
  YESTERDAY        0                         1     -1        0
  MONTH TO DATE   12                        14     -2       31
  SINCE MAR 1     12                        16     -4       31
  SINCE JAN 1     12                        16     -4       31
..................................................................


WIND (MPH)
  HIGHEST WIND SPEED    18   HIGHEST WIND DIRECTION    NW (310)
  HIGHEST GUST SPEED    26   HIGHEST GUST DIRECTION     N (340)
  AVERAGE WIND SPEED     6.1


SKY COVER
  POSSIBLE SUNSHINE  MM
  AVERAGE SKY COVER 0.0


WEATHER CONDITIONS
 THE FOLLOWING WEATHER WAS RECORDED YESTERDAY.
  NO SIGNIFICANT WEATHER WAS OBSERVED.


RELATIVE HUMIDITY (PERCENT)
 HIGHEST    62           300 AM
 LOWEST     17          1100 AM
 AVERAGE    40

..........................................................


THE GEORGETOWN DE CLIMATE NORMALS FOR TODAY
                         NORMAL    RECORD    YEAR
 MAXIMUM TEMPERATURE (F)   67        93      2009
 MINIMUM TEMPERATURE (F)   46        27      1956


SUNRISE AND SUNSET
APRIL 25 2014.........SUNRISE   612 AM EDT   SUNSET   748 PM EDT
APRIL 26 2014.........SUNRISE   610 AM EDT   SUNSET   749 PM EDT


-  INDICATES NEGATIVE NUMBERS.
R  INDICATES RECORD WAS SET OR TIED.
MM INDICATES DATA IS MISSING.
T  INDICATES TRACE AMOUNT.




$$






U.S. Dept. of Commerce
NOAA National Weather Service
1325 East West Highway
Silver Spring, MD 20910
E-mail: w-nws.webmaster@noaa.gov
Page last modified: May 16, 2007
NATIONAL WEATHER SERVICE: for Safety, for Work, for Fun - FOR LIFE