494
CDUS43 KDDC 222343
CLIGCK


CLIMATE REPORT
NATIONAL WEATHER SERVICE DODGE CITY KS
641 PM CDT WED OCT 22 2014


...................................

...THE GARDEN CITY REGIONAL ARPT KS CLIMATE SUMMARY FOR OCTOBER 22 2014...
VALID TODAY AS OF 0500 PM LOCAL TIME.

CLIMATE NORMAL PERIOD 1981 TO 2010
CLIMATE RECORD PERIOD 1948 TO 2014


WEATHER ITEM   OBSERVED TIME   RECORD YEAR NORMAL DEPARTURE LAST
                VALUE   (LST)  VALUE       VALUE  FROM      YEAR
                                                  NORMAL
..................................................................
TEMPERATURE (F)
 TODAY
  MAXIMUM         74    224 PM  87    1991  67      7       71
                                      2003
  MINIMUM         57    751 AM  25    1949  39     18       36
  AVERAGE         66                        53     13       54

PRECIPITATION (IN)
  TODAY            0.00          0.22 2010   0.04  -0.04     0.00
  MONTH TO DATE    1.74                      0.99   0.75     1.07
  SINCE SEP 1      3.73                      2.46   1.27     3.49
  SINCE JAN 1     21.38                     18.11   3.27    13.66

DEGREE DAYS
 HEATING
  TODAY            0                        12    -12       11
  MONTH TO DATE  149                       191    -42      218
  SINCE SEP 1    205                       259    -54      236
  SINCE JUL 1    215                       263    -48      236

 COOLING
  TODAY            1                         0      1        0
  MONTH TO DATE    4                        18    -14       19
  SINCE SEP 1    176                       180     -4      249
  SINCE JAN 1   1336                      1296     40     1591
..................................................................


WIND (MPH)
  HIGHEST WIND SPEED    25   HIGHEST WIND DIRECTION     S (180)
  HIGHEST GUST SPEED    32   HIGHEST GUST DIRECTION     S (200)
  AVERAGE WIND SPEED    17.1



WEATHER CONDITIONS
 THE FOLLOWING WEATHER WAS RECORDED TODAY.
  NO SIGNIFICANT WEATHER WAS OBSERVED.


RELATIVE HUMIDITY (PERCENT)
 HIGHEST    80           700 AM
 LOWEST     53           200 PM
 AVERAGE    67

..........................................................


THE GARDEN CITY REGIONAL ARPT KS CLIMATE NORMALS FOR TOMORROW
                         NORMAL    RECORD    YEAR
 MAXIMUM TEMPERATURE (F)   67        91      2003
 MINIMUM TEMPERATURE (F)   38        26      1995


SUNRISE AND SUNSET
OCTOBER 22 2014.......SUNRISE   758 AM CDT   SUNSET   656 PM CDT
OCTOBER 23 2014.......SUNRISE   759 AM CDT   SUNSET   655 PM CDT


-  INDICATES NEGATIVE NUMBERS.
R  INDICATES RECORD WAS SET OR TIED.
MM INDICATES DATA IS MISSING.
T  INDICATES TRACE AMOUNT.




$$





U.S. Dept. of Commerce
NOAA National Weather Service
1325 East West Highway
Silver Spring, MD 20910
E-mail: w-nws.webmaster@noaa.gov
Page last modified: May 16, 2007
NATIONAL WEATHER SERVICE: for Safety, for Work, for Fun - FOR LIFE