081
CDUS43 KDDC 252326
CLIGCK


CLIMATE REPORT
NATIONAL WEATHER SERVICE DODGE CITY KS
626 PM CDT SAT OCT 25 2014


...................................

...THE GARDEN CITY REGIONAL ARPT KS CLIMATE SUMMARY FOR OCTOBER 25 2014...
VALID TODAY AS OF 0500 PM LOCAL TIME.

CLIMATE NORMAL PERIOD 1981 TO 2010
CLIMATE RECORD PERIOD 1948 TO 2014


WEATHER ITEM   OBSERVED TIME   RECORD YEAR NORMAL DEPARTURE LAST
                VALUE   (LST)  VALUE       VALUE  FROM      YEAR
                                                  NORMAL
..................................................................
TEMPERATURE (F)
 TODAY
  MAXIMUM         90    248 PM  91    1952  66     24       63
  MINIMUM         44    616 AM  19    1975  38      6       31
  AVERAGE         67                        52     15       47

PRECIPITATION (IN)
  TODAY            0.00          0.41 2009   0.03  -0.03     0.00
  MONTH TO DATE    1.74                      1.10   0.64     1.07
  SINCE SEP 1      3.73                      2.57   1.16     3.49
  SINCE JAN 1     21.38                     18.22   3.16    13.66

DEGREE DAYS
 HEATING
  TODAY            0                        13    -13       18
  MONTH TO DATE  150                       230    -80      266
  SINCE SEP 1    206                       298    -92      284
  SINCE JUL 1    216                       302    -86      284

 COOLING
  TODAY            2                         0      2        0
  MONTH TO DATE    7                        18    -11       19
  SINCE SEP 1    179                       180     -1      249
  SINCE JAN 1   1339                      1296     43     1591
..................................................................


WIND (MPH)
  HIGHEST WIND SPEED    22   HIGHEST WIND DIRECTION     S (190)
  HIGHEST GUST SPEED    27   HIGHEST GUST DIRECTION    SW (210)
  AVERAGE WIND SPEED     7.7



WEATHER CONDITIONS
 THE FOLLOWING WEATHER WAS RECORDED TODAY.
  NO SIGNIFICANT WEATHER WAS OBSERVED.


RELATIVE HUMIDITY (PERCENT)
 HIGHEST    82           700 AM
 LOWEST     17           300 PM
 AVERAGE    50

..........................................................


THE GARDEN CITY REGIONAL ARPT KS CLIMATE NORMALS FOR TOMORROW
                         NORMAL    RECORD    YEAR
 MAXIMUM TEMPERATURE (F)   66        88      1990
 MINIMUM TEMPERATURE (F)   37        22      2012
                                             2003


SUNRISE AND SUNSET
OCTOBER 25 2014.......SUNRISE   801 AM CDT   SUNSET   652 PM CDT
OCTOBER 26 2014.......SUNRISE   802 AM CDT   SUNSET   651 PM CDT


-  INDICATES NEGATIVE NUMBERS.
R  INDICATES RECORD WAS SET OR TIED.
MM INDICATES DATA IS MISSING.
T  INDICATES TRACE AMOUNT.




$$





U.S. Dept. of Commerce
NOAA National Weather Service
1325 East West Highway
Silver Spring, MD 20910
E-mail: w-nws.webmaster@noaa.gov
Page last modified: May 16, 2007
NATIONAL WEATHER SERVICE: for Safety, for Work, for Fun - FOR LIFE