297
CDUS43 KDDC 252339
CLIGCK


CLIMATE REPORT
NATIONAL WEATHER SERVICE DODGE CITY KS
535 PM CST TUE NOV 25 2014


...................................

...THE GARDEN CITY REGIONAL ARPT KS CLIMATE SUMMARY FOR NOVEMBER 25 2014...
VALID TODAY AS OF 0500 PM LOCAL TIME.

CLIMATE NORMAL PERIOD 1981 TO 2010
CLIMATE RECORD PERIOD 1948 TO 2014


WEATHER ITEM   OBSERVED TIME   RECORD YEAR NORMAL DEPARTURE LAST
                VALUE   (LST)  VALUE       VALUE  FROM      YEAR
                                                  NORMAL
..................................................................
TEMPERATURE (F)
 TODAY
  MAXIMUM         MM        MM  82    1981  51     MM       35
  MINIMUM         31    753 AM   3    1993  24      7       25
  AVERAGE         MM                        37     MM       30

PRECIPITATION (IN)
  TODAY            0.00          0.71 1978   0.02  -0.02     0.00
  MONTH TO DATE    0.01                      0.47  -0.46     0.98
  SINCE SEP 1      3.74                      3.22   0.52     4.67
  SINCE JAN 1     21.39                     18.87   2.52    14.84

DEGREE DAYS
 HEATING
  TODAY           MM                        28     MM       35
  MONTH TO DATE  637                       556     81      539
  SINCE SEP 1    916                       942    -26      903
  SINCE JUL 1    926                       946    -20      903

 COOLING
  TODAY           MM                         0     MM        0
  MONTH TO DATE    0                         0      0        0
  SINCE SEP 1    182                       182      0      249
  SINCE JAN 1   1342                      1298     44     1591
..................................................................


WIND (MPH)
  HIGHEST WIND SPEED    26   HIGHEST WIND DIRECTION    SW (210)
  HIGHEST GUST SPEED    33   HIGHEST GUST DIRECTION    SW (220)
  AVERAGE WIND SPEED    12.9



WEATHER CONDITIONS
 THE FOLLOWING WEATHER WAS RECORDED TODAY.
  NO SIGNIFICANT WEATHER WAS OBSERVED.


RELATIVE HUMIDITY (PERCENT)
 HIGHEST    45          1200 AM
 LOWEST     19           400 PM
 AVERAGE    32

..........................................................


THE GARDEN CITY REGIONAL ARPT KS CLIMATE NORMALS FOR TOMORROW
                         NORMAL    RECORD    YEAR
 MAXIMUM TEMPERATURE (F)   50        82      1995
 MINIMUM TEMPERATURE (F)   23         0      1975


SUNRISE AND SUNSET
NOVEMBER 25 2014......SUNRISE   734 AM CST   SUNSET   526 PM CST
NOVEMBER 26 2014......SUNRISE   735 AM CST   SUNSET   525 PM CST


-  INDICATES NEGATIVE NUMBERS.
R  INDICATES RECORD WAS SET OR TIED.
MM INDICATES DATA IS MISSING.
T  INDICATES TRACE AMOUNT.




$$





U.S. Dept. of Commerce
NOAA National Weather Service
1325 East West Highway
Silver Spring, MD 20910
E-mail: w-nws.webmaster@noaa.gov
Page last modified: May 16, 2007
NATIONAL WEATHER SERVICE: for Safety, for Work, for Fun - FOR LIFE