890
CDUS43 KDDC 242327
CLIGCK


CLIMATE REPORT
NATIONAL WEATHER SERVICE DODGE CITY KS
626 PM CDT THU APR 24 2014


...................................

...THE GARDEN CITY REGIONAL ARPT KS CLIMATE SUMMARY FOR APRIL 24 2014...
VALID TODAY AS OF 0500 PM LOCAL TIME.

CLIMATE NORMAL PERIOD 1981 TO 2010
CLIMATE RECORD PERIOD 1948 TO 2014


WEATHER ITEM   OBSERVED TIME   RECORD YEAR NORMAL DEPARTURE LAST
                VALUE   (LST)  VALUE       VALUE  FROM      YEAR
                                                  NORMAL
..................................................................
TEMPERATURE (F)
 TODAY
  MAXIMUM         70    357 PM  95    2012  70      0       62
                                      1989
  MINIMUM         50    717 AM  19    2013  42      8       19
  AVERAGE         60                        56      4       41

PRECIPITATION (IN)
  TODAY            0.01          1.42 1980   0.07  -0.06     0.00
  MONTH TO DATE    0.45                      1.32  -0.87     0.10
  SINCE MAR 1      0.49                      2.78  -2.29     0.18
  SINCE JAN 1      0.65                      3.66  -3.01     0.52

DEGREE DAYS
 HEATING
  TODAY            5                        10     -5       24
  MONTH TO DATE  296                       322    -26      472
  SINCE MAR 1   1037                       986     51     1121
  SINCE JUL 1   5213                      5010    203     5022

 COOLING
  TODAY            0                         1     -1        0
  MONTH TO DATE   13                         5      8        0
  SINCE MAR 1     13                         5      8        0
  SINCE JAN 1     13                         5      8        0
..................................................................


WIND (MPH)
  HIGHEST WIND SPEED    41   HIGHEST WIND DIRECTION     N (360)
  HIGHEST GUST SPEED    52   HIGHEST GUST DIRECTION     N (350)
  AVERAGE WIND SPEED    19.6



WEATHER CONDITIONS
 THE FOLLOWING WEATHER WAS RECORDED TODAY.
  THUNDERSTORM
  LIGHT RAIN
  HAZE


RELATIVE HUMIDITY (PERCENT)
 HIGHEST    45           800 AM
 LOWEST     11           300 PM
 AVERAGE    28

..........................................................


THE GARDEN CITY REGIONAL ARPT KS CLIMATE NORMALS FOR TOMORROW
                         NORMAL    RECORD    YEAR
 MAXIMUM TEMPERATURE (F)   70        92      2012
 MINIMUM TEMPERATURE (F)   42        28      1978


SUNRISE AND SUNSET
APRIL 24 2014.........SUNRISE   655 AM CDT   SUNSET   827 PM CDT
APRIL 25 2014.........SUNRISE   654 AM CDT   SUNSET   828 PM CDT


-  INDICATES NEGATIVE NUMBERS.
R  INDICATES RECORD WAS SET OR TIED.
MM INDICATES DATA IS MISSING.
T  INDICATES TRACE AMOUNT.




$$






U.S. Dept. of Commerce
NOAA National Weather Service
1325 East West Highway
Silver Spring, MD 20910
E-mail: w-nws.webmaster@noaa.gov
Page last modified: May 16, 2007
NATIONAL WEATHER SERVICE: for Safety, for Work, for Fun - FOR LIFE