211
CDUS43 KDDC 182331
CLIGCK


CLIMATE REPORT
NATIONAL WEATHER SERVICE DODGE CITY KS
629 PM CDT FRI APR 18 2014


...................................

...THE GARDEN CITY REGIONAL ARPT KS CLIMATE SUMMARY FOR APRIL 18 2014...
VALID TODAY AS OF 0500 PM LOCAL TIME.

CLIMATE NORMAL PERIOD 1981 TO 2010
CLIMATE RECORD PERIOD 1948 TO 2014


WEATHER ITEM   OBSERVED TIME   RECORD YEAR NORMAL DEPARTURE LAST
                VALUE   (LST)  VALUE       VALUE  FROM      YEAR
                                                  NORMAL
..................................................................
TEMPERATURE (F)
 TODAY
  MAXIMUM         71    353 PM  91    1994  68      3       38
                                      2000
  MINIMUM         37    247 AM  21    1953  39     -2       24
  AVERAGE         54                        54      0       31

PRECIPITATION (IN)
  TODAY            0.00          0.84 1981   0.05  -0.05     0.00
  MONTH TO DATE    0.44                      0.94  -0.50     0.05
  SINCE MAR 1      0.48                      2.40  -1.92     0.13
  SINCE JAN 1      0.64                      3.28  -2.64     0.47

DEGREE DAYS
 HEATING
  TODAY           11                        12     -1       34
  MONTH TO DATE  283                       259     24      347
  SINCE MAR 1   1024                       923    101      996
  SINCE JUL 1   5200                      4947    253     4897

 COOLING
  TODAY            0                         0      0        0
  MONTH TO DATE    4                         0      4        0
  SINCE MAR 1      4                         0      4        0
  SINCE JAN 1      4                         0      4        0
..................................................................


WIND (MPH)
  HIGHEST WIND SPEED    30   HIGHEST WIND DIRECTION     S (180)
  HIGHEST GUST SPEED    39   HIGHEST GUST DIRECTION     S (190)
  AVERAGE WIND SPEED    17.4



WEATHER CONDITIONS
 THE FOLLOWING WEATHER WAS RECORDED TODAY.
  FOG
  HAZE


RELATIVE HUMIDITY (PERCENT)
 HIGHEST    92          1200 AM
 LOWEST     37           400 PM
 AVERAGE    65

..........................................................


THE GARDEN CITY REGIONAL ARPT KS CLIMATE NORMALS FOR TOMORROW
                         NORMAL    RECORD    YEAR
 MAXIMUM TEMPERATURE (F)   68        92      1987
 MINIMUM TEMPERATURE (F)   40        20      2013


SUNRISE AND SUNSET
APRIL 18 2014.........SUNRISE   703 AM CDT   SUNSET   822 PM CDT
APRIL 19 2014.........SUNRISE   702 AM CDT   SUNSET   823 PM CDT


-  INDICATES NEGATIVE NUMBERS.
R  INDICATES RECORD WAS SET OR TIED.
MM INDICATES DATA IS MISSING.
T  INDICATES TRACE AMOUNT.




$$






U.S. Dept. of Commerce
NOAA National Weather Service
1325 East West Highway
Silver Spring, MD 20910
E-mail: w-nws.webmaster@noaa.gov
Page last modified: May 16, 2007
NATIONAL WEATHER SERVICE: for Safety, for Work, for Fun - FOR LIFE