508
CDUS43 KUNR 180832
CLIGCC


CLIMATE REPORT
NATIONAL WEATHER SERVICE RAPID CITY SD
231 AM MDT FRI APR 18 2014


...................................

...THE GILLETTE AIRPORT WY CLIMATE SUMMARY FOR APRIL 17 2014...

CLIMATE NORMAL PERIOD 1981 TO 2010
CLIMATE RECORD PERIOD 9999 TO 9999


WEATHER ITEM   OBSERVED TIME   NORMAL DEPARTURE LAST
                VALUE   (LST)  VALUE  FROM      YEAR
                                      NORMAL
......................................................
TEMPERATURE (F)
 YESTERDAY
  MAXIMUM         61    422 PM  56      5       25
  MINIMUM         31    229 AM  30      1       13
  AVERAGE         46            43      3       19

PRECIPITATION (IN)
  YESTERDAY        T             0.05  -0.05     0.05
  MONTH TO DATE    0.33          0.64  -0.31     1.06
  SINCE MAR 1      1.42          1.60  -0.18     1.34
  SINCE JAN 1      2.70          2.38   0.32     2.47

DEGREE DAYS
 HEATING
  YESTERDAY       19            22     -3       46
  MONTH TO DATE  406           414     -8      535
  SINCE MAR 1   1370          1353     17     1499
  SINCE JUL 1   7015          6761    254     6622

 COOLING
  YESTERDAY        0             0      0        0
  MONTH TO DATE    0             0      0        0
  SINCE MAR 1      0             0      0        0
  SINCE JAN 1      0             0      0        0
......................................................


WIND (MPH)
  HIGHEST WIND SPEED    26   HIGHEST WIND DIRECTION     S (180)
  HIGHEST GUST SPEED    30   HIGHEST GUST DIRECTION     S (170)
  AVERAGE WIND SPEED    13.3


SKY COVER
  AVERAGE SKY COVER 0.4


WEATHER CONDITIONS
 THE FOLLOWING WEATHER WAS RECORDED YESTERDAY.
  FOG


RELATIVE HUMIDITY (PERCENT)
 HIGHEST    89          1200 AM
 LOWEST     23           500 PM
 AVERAGE    56

..........................................................




SUNRISE AND SUNSET
APRIL 18 2014.........SUNRISE   613 AM MDT   SUNSET   750 PM MDT
APRIL 19 2014.........SUNRISE   612 AM MDT   SUNSET   752 PM MDT


-  INDICATES NEGATIVE NUMBERS.
R  INDICATES RECORD WAS SET OR TIED.
MM INDICATES DATA IS MISSING.
T  INDICATES TRACE AMOUNT.




$$





U.S. Dept. of Commerce
NOAA National Weather Service
1325 East West Highway
Silver Spring, MD 20910
E-mail: w-nws.webmaster@noaa.gov
Page last modified: May 16, 2007
NATIONAL WEATHER SERVICE: for Safety, for Work, for Fun - FOR LIFE