192
CDUS43 KUNR 301138
CLIGCC


CLIMATE REPORT
NATIONAL WEATHER SERVICE RAPID CITY SD
537 AM MDT THU OCT 30 2014


...................................

...THE GILLETTE AIRPORT WY CLIMATE SUMMARY FOR OCTOBER 29 2014...

CLIMATE NORMAL PERIOD 1981 TO 2010
CLIMATE RECORD PERIOD 9999 TO 9999


WEATHER ITEM   OBSERVED TIME   NORMAL DEPARTURE LAST
                VALUE   (LST)  VALUE  FROM      YEAR
                                      NORMAL
......................................................
TEMPERATURE (F)
 YESTERDAY
  MAXIMUM         63    228 PM  54      9       34
  MINIMUM         35    300 AM  28      7       26
  AVERAGE         49            41      8       30

PRECIPITATION (IN)
  YESTERDAY        T             0.02  -0.02     0.00
  MONTH TO DATE    0.59          1.22  -0.63     2.75
  SINCE SEP 1      1.88          2.41  -0.53     5.13
  SINCE JAN 1     17.14         12.89   4.25    18.56

DEGREE DAYS
 HEATING
  YESTERDAY       16            24     -8       35
  MONTH TO DATE  400           565   -165      629
  SINCE SEP 1    627           803   -176      770
  SINCE JUL 1    676           860   -184      770

 COOLING
  YESTERDAY        0             0      0        0
  MONTH TO DATE    0             0      0        0
  SINCE SEP 1     57            40     17       93
  SINCE JAN 1    412           500    -88      615
......................................................


WIND (MPH)
  HIGHEST WIND SPEED    23   HIGHEST WIND DIRECTION    NW (320)
  HIGHEST GUST SPEED    30   HIGHEST GUST DIRECTION    NW (310)
  AVERAGE WIND SPEED    11.8


SKY COVER
  AVERAGE SKY COVER 0.3


WEATHER CONDITIONS
 THE FOLLOWING WEATHER WAS RECORDED YESTERDAY.
  LIGHT RAIN


RELATIVE HUMIDITY (PERCENT)
 HIGHEST    59           800 PM
 LOWEST     24          1000 AM
 AVERAGE    42

..........................................................




SUNRISE AND SUNSET
OCTOBER 30 2014.......SUNRISE   737 AM MDT   SUNSET   554 PM MDT
OCTOBER 31 2014.......SUNRISE   738 AM MDT   SUNSET   553 PM MDT


-  INDICATES NEGATIVE NUMBERS.
R  INDICATES RECORD WAS SET OR TIED.
MM INDICATES DATA IS MISSING.
T  INDICATES TRACE AMOUNT.




$$





U.S. Dept. of Commerce
NOAA National Weather Service
1325 East West Highway
Silver Spring, MD 20910
E-mail: w-nws.webmaster@noaa.gov
Page last modified: May 16, 2007
NATIONAL WEATHER SERVICE: for Safety, for Work, for Fun - FOR LIFE