354
CDUS43 KUNR 220831
CLIGCC


CLIMATE REPORT
NATIONAL WEATHER SERVICE RAPID CITY SD
231 AM MDT WED OCT 22 2014


...................................

...THE GILLETTE AIRPORT WY CLIMATE SUMMARY FOR OCTOBER 21 2014...

CLIMATE NORMAL PERIOD 1981 TO 2010
CLIMATE RECORD PERIOD 9999 TO 9999


WEATHER ITEM   OBSERVED TIME   NORMAL DEPARTURE LAST
                VALUE   (LST)  VALUE  FROM      YEAR
                                      NORMAL
......................................................
TEMPERATURE (F)
 YESTERDAY
  MAXIMUM         77    222 PM  57     20       52
  MINIMUM         50   1159 PM  30     20       37
  AVERAGE         64            44     20       45

PRECIPITATION (IN)
  YESTERDAY        T             0.03  -0.03     0.03
  MONTH TO DATE    0.59          0.99  -0.40     2.62
  SINCE SEP 1      1.88          2.18  -0.30     5.00
  SINCE JAN 1     17.14         12.66   4.48    18.43

DEGREE DAYS
 HEATING
  YESTERDAY        1            22    -21       20
  MONTH TO DATE  261           380   -119      449
  SINCE SEP 1    488           618   -130      590
  SINCE JUL 1    537           675   -138      590

 COOLING
  YESTERDAY        0             0      0        0
  MONTH TO DATE    0             0      0        0
  SINCE SEP 1     57            40     17       93
  SINCE JAN 1    412           500    -88      615
......................................................


WIND (MPH)
  HIGHEST WIND SPEED    29   HIGHEST WIND DIRECTION    SW (210)
  HIGHEST GUST SPEED    37   HIGHEST GUST DIRECTION    SW (230)
  AVERAGE WIND SPEED    18.4


SKY COVER
  AVERAGE SKY COVER 0.0


WEATHER CONDITIONS
 THE FOLLOWING WEATHER WAS RECORDED YESTERDAY.
  LIGHT RAIN


RELATIVE HUMIDITY (PERCENT)
 HIGHEST    40           200 AM
 LOWEST     22           200 PM
 AVERAGE    31

..........................................................




SUNRISE AND SUNSET
OCTOBER 22 2014.......SUNRISE   726 AM MDT   SUNSET   606 PM MDT
OCTOBER 23 2014.......SUNRISE   727 AM MDT   SUNSET   605 PM MDT


-  INDICATES NEGATIVE NUMBERS.
R  INDICATES RECORD WAS SET OR TIED.
MM INDICATES DATA IS MISSING.
T  INDICATES TRACE AMOUNT.




$$





U.S. Dept. of Commerce
NOAA National Weather Service
1325 East West Highway
Silver Spring, MD 20910
E-mail: w-nws.webmaster@noaa.gov
Page last modified: May 16, 2007
NATIONAL WEATHER SERVICE: for Safety, for Work, for Fun - FOR LIFE