929
CDUS43 KUNR 010832
CLIGCC


CLIMATE REPORT
NATIONAL WEATHER SERVICE RAPID CITY SD
231 AM MDT MON SEP 1 2014


...................................

...THE GILLETTE AIRPORT WY CLIMATE SUMMARY FOR AUGUST 31 2014...

CLIMATE NORMAL PERIOD 1981 TO 2010
CLIMATE RECORD PERIOD 9999 TO 9999


WEATHER ITEM   OBSERVED TIME   NORMAL DEPARTURE LAST
                VALUE   (LST)  VALUE  FROM      YEAR
                                      NORMAL
......................................................
TEMPERATURE (F)
 YESTERDAY
  MAXIMUM         66    101 PM  82    -16       82
  MINIMUM         50   1159 PM  49      1       49
  AVERAGE         58            65     -7       66

PRECIPITATION (IN)
  YESTERDAY        0.12          0.03   0.09     0.00
  MONTH TO DATE    2.15          0.95   1.20     0.99
  SINCE JUN 1      5.66          4.82   0.84     6.39
  SINCE JAN 1     15.26         10.48   4.78    13.43

DEGREE DAYS
 HEATING
  YESTERDAY        7             3      4        0
  MONTH TO DATE   36            39     -3        0
  SINCE JUN 1    241           199     42      117
  SINCE JUL 1     49            57     -8        0

 COOLING
  YESTERDAY        0             3     -3        1
  MONTH TO DATE  153           178    -25      250
  SINCE JUN 1    347           452   -105      514
  SINCE JAN 1    355           460   -105      522
......................................................


WIND (MPH)
  HIGHEST WIND SPEED    24   HIGHEST WIND DIRECTION     N (350)
  HIGHEST GUST SPEED    29   HIGHEST GUST DIRECTION     N (350)
  AVERAGE WIND SPEED     6.2


SKY COVER
  AVERAGE SKY COVER 0.7


WEATHER CONDITIONS
 THE FOLLOWING WEATHER WAS RECORDED YESTERDAY.
  THUNDERSTORM
  HEAVY RAIN
  RAIN
  LIGHT RAIN
  FOG


RELATIVE HUMIDITY (PERCENT)
 HIGHEST    96           300 AM
 LOWEST     67           200 PM
 AVERAGE    82

..........................................................




SUNRISE AND SUNSET
SEPTEMBER  1 2014.....SUNRISE   625 AM MDT   SUNSET   738 PM MDT
SEPTEMBER  2 2014.....SUNRISE   626 AM MDT   SUNSET   736 PM MDT


-  INDICATES NEGATIVE NUMBERS.
R  INDICATES RECORD WAS SET OR TIED.
MM INDICATES DATA IS MISSING.
T  INDICATES TRACE AMOUNT.




$$





U.S. Dept. of Commerce
NOAA National Weather Service
1325 East West Highway
Silver Spring, MD 20910
E-mail: w-nws.webmaster@noaa.gov
Page last modified: May 16, 2007
NATIONAL WEATHER SERVICE: for Safety, for Work, for Fun - FOR LIFE