594
CDUS43 KUNR 160835
CLIGCC


CLIMATE REPORT
NATIONAL WEATHER SERVICE RAPID CITY SD
234 AM MDT TUE SEP 16 2014


...................................

...THE GILLETTE AIRPORT WY CLIMATE SUMMARY FOR SEPTEMBER 15 2014...

CLIMATE NORMAL PERIOD 1981 TO 2010
CLIMATE RECORD PERIOD 9999 TO 9999


WEATHER ITEM   OBSERVED TIME   NORMAL DEPARTURE LAST
                VALUE   (LST)  VALUE  FROM      YEAR
                                      NORMAL
......................................................
TEMPERATURE (F)
 YESTERDAY
  MAXIMUM         73    403 PM  74     -1       70
  MINIMUM         34    345 AM  44    -10       54
  AVERAGE         54            59     -5       62

PRECIPITATION (IN)
  YESTERDAY        0.00          0.03  -0.03     0.00
  MONTH TO DATE    0.62          0.53   0.09     0.87
  SINCE SEP 1      0.62          0.53   0.09     0.87
  SINCE JAN 1     15.88         11.01   4.87    14.30

DEGREE DAYS
 HEATING
  YESTERDAY       11             7      4        3
  MONTH TO DATE  175            78     97        8
  SINCE SEP 1    175            78     97        8
  SINCE JUL 1    224           135     89        8

 COOLING
  YESTERDAY        0             1     -1        0
  MONTH TO DATE   12            33    -21       81
  SINCE SEP 1     12            33    -21       81
  SINCE JAN 1    367           493   -126      603
......................................................


WIND (MPH)
  HIGHEST WIND SPEED    20   HIGHEST WIND DIRECTION     S (160)
  HIGHEST GUST SPEED    24   HIGHEST GUST DIRECTION     S (160)
  AVERAGE WIND SPEED     8.3


SKY COVER
  AVERAGE SKY COVER 0.0


WEATHER CONDITIONS
 THE FOLLOWING WEATHER WAS RECORDED YESTERDAY.
  NO SIGNIFICANT WEATHER WAS OBSERVED.


RELATIVE HUMIDITY (PERCENT)
 HIGHEST   100           100 AM
 LOWEST     35           300 PM
 AVERAGE    68

..........................................................




SUNRISE AND SUNSET
SEPTEMBER 16 2014.....SUNRISE   642 AM MDT   SUNSET   711 PM MDT
SEPTEMBER 17 2014.....SUNRISE   643 AM MDT   SUNSET   709 PM MDT


-  INDICATES NEGATIVE NUMBERS.
R  INDICATES RECORD WAS SET OR TIED.
MM INDICATES DATA IS MISSING.
T  INDICATES TRACE AMOUNT.




$$





U.S. Dept. of Commerce
NOAA National Weather Service
1325 East West Highway
Silver Spring, MD 20910
E-mail: w-nws.webmaster@noaa.gov
Page last modified: May 16, 2007
NATIONAL WEATHER SERVICE: for Safety, for Work, for Fun - FOR LIFE