142
CDUS43 KUNR 260832
CLIGCC


CLIMATE REPORT
NATIONAL WEATHER SERVICE RAPID CITY SD
132 AM MST WED NOV 26 2014


...................................

...THE GILLETTE AIRPORT WY CLIMATE SUMMARY FOR NOVEMBER 25 2014...

CLIMATE NORMAL PERIOD 1981 TO 2010
CLIMATE RECORD PERIOD 9999 TO 9999


WEATHER ITEM   OBSERVED TIME   NORMAL DEPARTURE LAST
                VALUE   (LST)  VALUE  FROM      YEAR
                                      NORMAL
......................................................
TEMPERATURE (F)
 YESTERDAY
  MAXIMUM         34   1141 AM  39     -5       39
  MINIMUM         25   1211 AM  17      8       16
  AVERAGE         30            28      2       28

PRECIPITATION (IN)
  YESTERDAY        0.22          0.02   0.20     0.00
  MONTH TO DATE    0.67          0.48   0.19     0.04
  SINCE SEP 1      2.55          2.94  -0.39     5.17
  SINCE JAN 1     17.81         13.42   4.39    18.60

DEGREE DAYS
 HEATING
  YESTERDAY       35            37     -2       37
  MONTH TO DATE  887           775    112      742
  SINCE SEP 1   1552          1627    -75     1560
  SINCE JUL 1   1601          1684    -83     1560

 COOLING
  YESTERDAY        0             0      0        0
  MONTH TO DATE    0             0      0        0
  SINCE SEP 1     57            42     15       93
  SINCE JAN 1    412           502    -90      615
......................................................


WIND (MPH)
  HIGHEST WIND SPEED    35   HIGHEST WIND DIRECTION     N (340)
  HIGHEST GUST SPEED    41   HIGHEST GUST DIRECTION     N (350)
  AVERAGE WIND SPEED    16.8


SKY COVER
  AVERAGE SKY COVER 0.8


WEATHER CONDITIONS
 THE FOLLOWING WEATHER WAS RECORDED YESTERDAY.
  SNOW
  LIGHT SNOW
  FOG
  FOG W/VISIBILITY <= 1/4 MILE
  HAZE


RELATIVE HUMIDITY (PERCENT)
 HIGHEST    92           800 AM
 LOWEST     49           400 AM
 AVERAGE    71

..........................................................




SUNRISE AND SUNSET
NOVEMBER 26 2014......SUNRISE   712 AM MST   SUNSET   426 PM MST
NOVEMBER 27 2014......SUNRISE   713 AM MST   SUNSET   426 PM MST


-  INDICATES NEGATIVE NUMBERS.
R  INDICATES RECORD WAS SET OR TIED.
MM INDICATES DATA IS MISSING.
T  INDICATES TRACE AMOUNT.




$$





U.S. Dept. of Commerce
NOAA National Weather Service
1325 East West Highway
Silver Spring, MD 20910
E-mail: w-nws.webmaster@noaa.gov
Page last modified: May 16, 2007
NATIONAL WEATHER SERVICE: for Safety, for Work, for Fun - FOR LIFE