193
CDUS43 KUNR 240833
CLIGCC


CLIMATE REPORT
NATIONAL WEATHER SERVICE RAPID CITY SD
233 AM MDT FRI OCT 24 2014


...................................

...THE GILLETTE AIRPORT WY CLIMATE SUMMARY FOR OCTOBER 23 2014...

CLIMATE NORMAL PERIOD 1981 TO 2010
CLIMATE RECORD PERIOD 9999 TO 9999


WEATHER ITEM   OBSERVED TIME   NORMAL DEPARTURE LAST
                VALUE   (LST)  VALUE  FROM      YEAR
                                      NORMAL
......................................................
TEMPERATURE (F)
 YESTERDAY
  MAXIMUM         71    149 PM  56     15       54
  MINIMUM         38    323 AM  29      9       36
  AVERAGE         55            43     12       45

PRECIPITATION (IN)
  YESTERDAY        0.00          0.04  -0.04     0.00
  MONTH TO DATE    0.59          1.06  -0.47     2.62
  SINCE SEP 1      1.88          2.25  -0.37     5.00
  SINCE JAN 1     17.14         12.73   4.41    18.43

DEGREE DAYS
 HEATING
  YESTERDAY       10            22    -12       20
  MONTH TO DATE  290           424   -134      485
  SINCE SEP 1    517           662   -145      626
  SINCE JUL 1    566           719   -153      626

 COOLING
  YESTERDAY        0             0      0        0
  MONTH TO DATE    0             0      0        0
  SINCE SEP 1     57            40     17       93
  SINCE JAN 1    412           500    -88      615
......................................................


WIND (MPH)
  HIGHEST WIND SPEED    21   HIGHEST WIND DIRECTION    SW (210)
  HIGHEST GUST SPEED    27   HIGHEST GUST DIRECTION    SW (210)
  AVERAGE WIND SPEED     8.0


SKY COVER
  AVERAGE SKY COVER 0.0


WEATHER CONDITIONS
 THE FOLLOWING WEATHER WAS RECORDED YESTERDAY.
  NO SIGNIFICANT WEATHER WAS OBSERVED.


RELATIVE HUMIDITY (PERCENT)
 HIGHEST    62           600 PM
 LOWEST     18           100 PM
 AVERAGE    40

..........................................................




SUNRISE AND SUNSET
OCTOBER 24 2014.......SUNRISE   729 AM MDT   SUNSET   603 PM MDT
OCTOBER 25 2014.......SUNRISE   730 AM MDT   SUNSET   602 PM MDT


-  INDICATES NEGATIVE NUMBERS.
R  INDICATES RECORD WAS SET OR TIED.
MM INDICATES DATA IS MISSING.
T  INDICATES TRACE AMOUNT.




$$





U.S. Dept. of Commerce
NOAA National Weather Service
1325 East West Highway
Silver Spring, MD 20910
E-mail: w-nws.webmaster@noaa.gov
Page last modified: May 16, 2007
NATIONAL WEATHER SERVICE: for Safety, for Work, for Fun - FOR LIFE