380
CDUS43 KUNR 220839
CLIGCC


CLIMATE REPORT
NATIONAL WEATHER SERVICE RAPID CITY SD
138 AM MST MON DEC 22 2014


...................................

...THE GILLETTE AIRPORT WY CLIMATE SUMMARY FOR DECEMBER 21 2014...

CLIMATE NORMAL PERIOD 1981 TO 2010
CLIMATE RECORD PERIOD 9999 TO 9999


WEATHER ITEM   OBSERVED TIME   NORMAL DEPARTURE LAST
                VALUE   (LST)  VALUE  FROM      YEAR
                                      NORMAL
......................................................
TEMPERATURE (F)
 YESTERDAY
  MAXIMUM         46    308 PM  35     11       26
  MINIMUM         31    414 AM  13     18        9
  AVERAGE         39            24     15       18

PRECIPITATION (IN)
  YESTERDAY        0.03          0.01   0.02     0.04
  MONTH TO DATE    0.16          0.29  -0.13     0.42
  SINCE DEC 1      0.16          0.29  -0.13     0.42
  SINCE JAN 1     18.10         13.78   4.32    19.02

DEGREE DAYS
 HEATING
  YESTERDAY       26            41    -15       47
  MONTH TO DATE  660           858   -198     1000
  SINCE DEC 1    660           858   -198     1000
  SINCE JUL 1   2443          2733   -290     2712

 COOLING
  YESTERDAY        0             0      0        0
  MONTH TO DATE    0             0      0        0
  SINCE DEC 1      0             0      0        0
  SINCE JAN 1    412           502    -90      615
......................................................


WIND (MPH)
  HIGHEST WIND SPEED    32   HIGHEST WIND DIRECTION    NW (310)
  HIGHEST GUST SPEED    39   HIGHEST GUST DIRECTION    NW (310)
  AVERAGE WIND SPEED    15.4


SKY COVER
  AVERAGE SKY COVER 0.4


WEATHER CONDITIONS
 THE FOLLOWING WEATHER WAS RECORDED YESTERDAY.
  LIGHT RAIN
  LIGHT SNOW
  FOG


RELATIVE HUMIDITY (PERCENT)
 HIGHEST    89           700 PM
 LOWEST     52          1200 AM
 AVERAGE    71

..........................................................




SUNRISE AND SUNSET
DECEMBER 22 2014......SUNRISE   735 AM MST   SUNSET   426 PM MST
DECEMBER 23 2014......SUNRISE   736 AM MST   SUNSET   427 PM MST


-  INDICATES NEGATIVE NUMBERS.
R  INDICATES RECORD WAS SET OR TIED.
MM INDICATES DATA IS MISSING.
T  INDICATES TRACE AMOUNT.




$$





U.S. Dept. of Commerce
NOAA National Weather Service
1325 East West Highway
Silver Spring, MD 20910
E-mail: w-nws.webmaster@noaa.gov
Page last modified: May 16, 2007
NATIONAL WEATHER SERVICE: for Safety, for Work, for Fun - FOR LIFE