533
CDUS43 KUNR 300833
CLIGCC


CLIMATE REPORT
NATIONAL WEATHER SERVICE RAPID CITY SD
233 AM MDT WED JUL 30 2014


...................................

...THE GILLETTE AIRPORT WY CLIMATE SUMMARY FOR JULY 29 2014...

CLIMATE NORMAL PERIOD 1981 TO 2010
CLIMATE RECORD PERIOD 9999 TO 9999


WEATHER ITEM   OBSERVED TIME   NORMAL DEPARTURE LAST
                VALUE   (LST)  VALUE  FROM      YEAR
                                      NORMAL
......................................................
TEMPERATURE (F)
 YESTERDAY
  MAXIMUM         73    426 PM  88    -15       76
  MINIMUM         59   1159 PM  57      2       53
  AVERAGE         66            72     -6       65

PRECIPITATION (IN)
  YESTERDAY        0.22          0.05   0.17     0.00
  MONTH TO DATE    0.38          1.56  -1.18     2.89
  SINCE JUN 1      3.51          3.77  -0.26     5.40
  SINCE JAN 1     13.11          9.43   3.68    12.44

DEGREE DAYS
 HEATING
  YESTERDAY        0             0      0        0
  MONTH TO DATE   13            14     -1        0
  SINCE JUN 1    205           156     49      117
  SINCE JUL 1     13            14     -1        0

 COOLING
  YESTERDAY        1             8     -7        0
  MONTH TO DATE  170           200    -30      211
  SINCE JUN 1    185           260    -75      257
  SINCE JAN 1    193           268    -75      265
......................................................


WIND (MPH)
  HIGHEST WIND SPEED    18   HIGHEST WIND DIRECTION     S (180)
  HIGHEST GUST SPEED    22   HIGHEST GUST DIRECTION     S (180)
  AVERAGE WIND SPEED     7.2


SKY COVER
  AVERAGE SKY COVER 0.5


WEATHER CONDITIONS
 THE FOLLOWING WEATHER WAS RECORDED YESTERDAY.
  THUNDERSTORM
  HEAVY RAIN
  RAIN
  LIGHT RAIN
  FOG


RELATIVE HUMIDITY (PERCENT)
 HIGHEST    84           500 AM
 LOWEST     53          1200 AM
 AVERAGE    69

..........................................................




SUNRISE AND SUNSET
JULY 30 2014..........SUNRISE   547 AM MDT   SUNSET   829 PM MDT
JULY 31 2014..........SUNRISE   548 AM MDT   SUNSET   828 PM MDT


-  INDICATES NEGATIVE NUMBERS.
R  INDICATES RECORD WAS SET OR TIED.
MM INDICATES DATA IS MISSING.
T  INDICATES TRACE AMOUNT.




$$





U.S. Dept. of Commerce
NOAA National Weather Service
1325 East West Highway
Silver Spring, MD 20910
E-mail: w-nws.webmaster@noaa.gov
Page last modified: May 16, 2007
NATIONAL WEATHER SERVICE: for Safety, for Work, for Fun - FOR LIFE