191
CDUS43 KUNR 290833
CLIGCC


CLIMATE REPORT
NATIONAL WEATHER SERVICE RAPID CITY SD
233 AM MDT FRI AUG 29 2014


...................................

...THE GILLETTE AIRPORT WY CLIMATE SUMMARY FOR AUGUST 28 2014...

CLIMATE NORMAL PERIOD 1981 TO 2010
CLIMATE RECORD PERIOD 9999 TO 9999


WEATHER ITEM   OBSERVED TIME   NORMAL DEPARTURE LAST
                VALUE   (LST)  VALUE  FROM      YEAR
                                      NORMAL
......................................................
TEMPERATURE (F)
 YESTERDAY
  MAXIMUM         83    353 PM  83      0       97
  MINIMUM         55    223 AM  50      5       59
  AVERAGE         69            66      3       78

PRECIPITATION (IN)
  YESTERDAY        0.00          0.03  -0.03     0.00
  MONTH TO DATE    1.95          0.86   1.09     0.99
  SINCE JUN 1      5.46          4.73   0.73     6.39
  SINCE JAN 1     15.06         10.39   4.67    13.43

DEGREE DAYS
 HEATING
  YESTERDAY        0             2     -2        0
  MONTH TO DATE   29            30     -1        0
  SINCE JUN 1    234           191     43      117
  SINCE JUL 1     42            49     -7        0

 COOLING
  YESTERDAY        4             4      0       13
  MONTH TO DATE  147           168    -21      222
  SINCE JUN 1    341           442   -101      486
  SINCE JAN 1    349           450   -101      494
......................................................


WIND (MPH)
  HIGHEST WIND SPEED    18   HIGHEST WIND DIRECTION     N (350)
  HIGHEST GUST SPEED    23   HIGHEST GUST DIRECTION     N (350)
  AVERAGE WIND SPEED     7.1


SKY COVER
  AVERAGE SKY COVER 0.2


WEATHER CONDITIONS
 THE FOLLOWING WEATHER WAS RECORDED YESTERDAY.
  NO SIGNIFICANT WEATHER WAS OBSERVED.


RELATIVE HUMIDITY (PERCENT)
 HIGHEST    86           800 PM
 LOWEST     24           200 PM
 AVERAGE    55

..........................................................




SUNRISE AND SUNSET
AUGUST 29 2014........SUNRISE   622 AM MDT   SUNSET   744 PM MDT
AUGUST 30 2014........SUNRISE   623 AM MDT   SUNSET   742 PM MDT


-  INDICATES NEGATIVE NUMBERS.
R  INDICATES RECORD WAS SET OR TIED.
MM INDICATES DATA IS MISSING.
T  INDICATES TRACE AMOUNT.




$$





U.S. Dept. of Commerce
NOAA National Weather Service
1325 East West Highway
Silver Spring, MD 20910
E-mail: w-nws.webmaster@noaa.gov
Page last modified: May 16, 2007
NATIONAL WEATHER SERVICE: for Safety, for Work, for Fun - FOR LIFE