929
CDUS44 KTSA 230916
CLIFYV

CLIMATE REPORT
NATIONAL WEATHER SERVICE TULSA OK
315 AM CST SUN NOV 23 2014


...................................

...THE FAYETTEVILLE ARKANSAS CLIMATE SUMMARY FOR NOVEMBER 22 2014...

CLIMATE NORMAL PERIOD 1981 TO 2010
CLIMATE RECORD PERIOD 1905 TO 2014


WEATHER ITEM   OBSERVED TIME   RECORD YEAR NORMAL DEPARTURE LAST
                VALUE   (LST)  VALUE       VALUE  FROM      YEAR
                                                  NORMAL
..................................................................
TEMPERATURE (F)
 YESTERDAY
  MAXIMUM         58   1159 PM  75    1955  56      2       45
  MINIMUM         51    130 PM  10    1964  34     17       32
  AVERAGE         55                        45     10       39

PRECIPITATION (IN)
  YESTERDAY        0.93                      0.13   0.80     0.14
  MONTH TO DATE    2.41                      3.15  -0.74     2.24
  SINCE SEP 1     13.22                     12.30   0.92    11.46
  SINCE JAN 1     36.35                     44.19  -7.84    42.53

SNOWFALL (IN)
  YESTERDAY        0.0                                       0.0
  MONTH TO DATE    T                                         0.0
  SINCE SEP 1      T                                         0.0
  SINCE JUL 1      T                                         0.0

DEGREE DAYS
 HEATING
  YESTERDAY       10                        20    -10       26
  MONTH TO DATE  528                       351    177      365
  SINCE SEP 1    761                       650    111      635
  SINCE JUL 1    765                       651    114      635
..................................................................


WIND (MPH)
  HIGHEST WIND SPEED    21   HIGHEST WIND DIRECTION     S (180)
  HIGHEST GUST SPEED    25   HIGHEST GUST DIRECTION     S (170)
  AVERAGE WIND SPEED    10.3


SKY COVER
  POSSIBLE SUNSHINE  MM
  AVERAGE SKY COVER 0.9


WEATHER CONDITIONS
 THE FOLLOWING WEATHER WAS RECORDED YESTERDAY.
  THUNDERSTORM
  HEAVY RAIN
  RAIN
  LIGHT RAIN
  FOG


RELATIVE HUMIDITY (PERCENT)
 HIGHEST   100           100 PM
 LOWEST     80          1000 PM
 AVERAGE    90

..........................................................


THE FAYETTEVILLE ARKANSAS CLIMATE NORMALS FOR TODAY
                         NORMAL    RECORD    YEAR
 MAXIMUM TEMPERATURE (F)   55        73      1973
 MINIMUM TEMPERATURE (F)   33        13      1970


SUNRISE AND SUNSET
NOVEMBER 23 2014......SUNRISE   701 AM CST   SUNSET   505 PM CST
NOVEMBER 24 2014......SUNRISE   702 AM CST   SUNSET   504 PM CST


-  INDICATES NEGATIVE NUMBERS.
R  INDICATES RECORD WAS SET OR TIED.
MM INDICATES DATA IS MISSING.
T  INDICATES TRACE AMOUNT.




$$








U.S. Dept. of Commerce
NOAA National Weather Service
1325 East West Highway
Silver Spring, MD 20910
E-mail: w-nws.webmaster@noaa.gov
Page last modified: May 16, 2007
NATIONAL WEATHER SERVICE: for Safety, for Work, for Fun - FOR LIFE