887
CDUS44 KTSA 160803
CLIFYV

CLIMATE REPORT
NATIONAL WEATHER SERVICE TULSA OK
302 AM CDT WED APR 16 2014


...................................

...THE FAYETTEVILLE ARKANSAS CLIMATE SUMMARY FOR APRIL 15 2014...

CLIMATE NORMAL PERIOD 1981 TO 2010
CLIMATE RECORD PERIOD 1905 TO 2014


WEATHER ITEM   OBSERVED TIME   RECORD YEAR NORMAL DEPARTURE LAST
                VALUE   (LST)  VALUE       VALUE  FROM      YEAR
                                                  NORMAL
..................................................................
TEMPERATURE (F)
 YESTERDAY
  MAXIMUM         56    458 PM  82    1992  69    -13       79
                                      1955
  MINIMUM         23R   546 AM  23    2014  45    -22       59
                                      1983
  AVERAGE         40                        57    -17       69

PRECIPITATION (IN)
  YESTERDAY        0.00                      0.15  -0.15     0.00
  MONTH TO DATE    2.05                      2.13  -0.08     2.17
  SINCE MAR 1      7.63                      6.08   1.55     6.65
  SINCE JAN 1     10.11                     11.73  -1.62    12.50

SNOWFALL (IN)
  YESTERDAY        0.0                                       0.0
  MONTH TO DATE    0.0                                       0.0
  SINCE MAR 1      3.8                                        T
  SINCE JUL 1     17.9                                       2.6

DEGREE DAYS
 HEATING
  YESTERDAY       25                         9     16        0
  MONTH TO DATE  171                       163      8      165
  SINCE MAR 1    831                       689    142      810
  SINCE JUL 1   4551                      3992    559     3881

 COOLING
  YESTERDAY        0                         1     -1        4
  MONTH TO DATE    9                        12     -3       13
  SINCE MAR 1      9                        16     -7       14
  SINCE JAN 1      9                        16     -7       14
..................................................................


WIND (MPH)
  HIGHEST WIND SPEED    16   HIGHEST WIND DIRECTION    NW (330)
  HIGHEST GUST SPEED    22   HIGHEST GUST DIRECTION    NW (320)
  AVERAGE WIND SPEED     2.1


SKY COVER
  POSSIBLE SUNSHINE  MM
  AVERAGE SKY COVER 0.0


WEATHER CONDITIONS
 THE FOLLOWING WEATHER WAS RECORDED YESTERDAY.
  NO SIGNIFICANT WEATHER WAS OBSERVED.


RELATIVE HUMIDITY (PERCENT)
 HIGHEST   100           300 AM
 LOWEST     26           300 PM
 AVERAGE    63

..........................................................


THE FAYETTEVILLE ARKANSAS CLIMATE NORMALS FOR TODAY
                         NORMAL    RECORD    YEAR
 MAXIMUM TEMPERATURE (F)   69        89      2006
 MINIMUM TEMPERATURE (F)   45        24      1953


SUNRISE AND SUNSET
APRIL 16 2014.........SUNRISE   642 AM CDT   SUNSET   751 PM CDT
APRIL 17 2014.........SUNRISE   641 AM CDT   SUNSET   752 PM CDT


-  INDICATES NEGATIVE NUMBERS.
R  INDICATES RECORD WAS SET OR TIED.
MM INDICATES DATA IS MISSING.
T  INDICATES TRACE AMOUNT.




$$








U.S. Dept. of Commerce
NOAA National Weather Service
1325 East West Highway
Silver Spring, MD 20910
E-mail: w-nws.webmaster@noaa.gov
Page last modified: May 16, 2007
NATIONAL WEATHER SERVICE: for Safety, for Work, for Fun - FOR LIFE