411
CDUS44 KTSA 300806
CLIFYV

CLIMATE REPORT
NATIONAL WEATHER SERVICE TULSA OK
302 AM CDT TUE SEP 30 2014


...................................

...THE FAYETTEVILLE ARKANSAS CLIMATE SUMMARY FOR SEPTEMBER 29 2014...

CLIMATE NORMAL PERIOD 1981 TO 2010
CLIMATE RECORD PERIOD 1905 TO 2014


WEATHER ITEM   OBSERVED TIME   RECORD YEAR NORMAL DEPARTURE LAST
                VALUE   (LST)  VALUE       VALUE  FROM      YEAR
                                                  NORMAL
..................................................................
TEMPERATURE (F)
 YESTERDAY
  MAXIMUM         84    300 PM  98    1953  75      9       75
  MINIMUM         53    633 AM  31    1967  51      2       56
  AVERAGE         69                        63      6       66

PRECIPITATION (IN)
  YESTERDAY        0.00                      0.16  -0.16     0.02
  MONTH TO DATE    3.58                      4.66  -1.08     3.66
  SINCE SEP 1      3.58                      4.66  -1.08     3.66
  SINCE JAN 1     26.71                     36.55  -9.84    34.73

DEGREE DAYS
 HEATING
  YESTERDAY        0                         4     -4        0
  MONTH TO DATE   26                        44    -18       12
  SINCE SEP 1     26                        44    -18       12
  SINCE JUL 1     30                        45    -15       12

 COOLING
  YESTERDAY        4                         2      2        1
  MONTH TO DATE  158                       155      3      214
  SINCE SEP 1    158                       155      3      214
  SINCE JAN 1   1193                      1280    -87     1343
..................................................................


WIND (MPH)
  HIGHEST WIND SPEED     9   HIGHEST WIND DIRECTION     E (80)
  HIGHEST GUST SPEED    12   HIGHEST GUST DIRECTION     S (180)
  AVERAGE WIND SPEED     2.2


SKY COVER
  POSSIBLE SUNSHINE  MM
  AVERAGE SKY COVER 0.0


WEATHER CONDITIONS
 THE FOLLOWING WEATHER WAS RECORDED YESTERDAY.
  FOG
  FOG W/VISIBILITY <= 1/4 MILE


RELATIVE HUMIDITY (PERCENT)
 HIGHEST   100          1200 AM
 LOWEST     40           300 PM
 AVERAGE    70

..........................................................


THE FAYETTEVILLE ARKANSAS CLIMATE NORMALS FOR TODAY
                         NORMAL    RECORD    YEAR
 MAXIMUM TEMPERATURE (F)   75        92      1953
 MINIMUM TEMPERATURE (F)   51        32      1984


SUNRISE AND SUNSET
SEPTEMBER 30 2014.....SUNRISE   711 AM CDT   SUNSET   702 PM CDT
OCTOBER  1 2014.......SUNRISE   712 AM CDT   SUNSET   700 PM CDT


-  INDICATES NEGATIVE NUMBERS.
R  INDICATES RECORD WAS SET OR TIED.
MM INDICATES DATA IS MISSING.
T  INDICATES TRACE AMOUNT.




$$








U.S. Dept. of Commerce
NOAA National Weather Service
1325 East West Highway
Silver Spring, MD 20910
E-mail: w-nws.webmaster@noaa.gov
Page last modified: May 16, 2007
NATIONAL WEATHER SERVICE: for Safety, for Work, for Fun - FOR LIFE