561
CDUS44 KTSA 220803
CLIFYV

CLIMATE REPORT
NATIONAL WEATHER SERVICE TULSA OK
302 AM CDT FRI AUG 22 2014


...................................

...THE FAYETTEVILLE ARKANSAS CLIMATE SUMMARY FOR AUGUST 21 2014...

CLIMATE NORMAL PERIOD 1981 TO 2010
CLIMATE RECORD PERIOD 1905 TO 2014


WEATHER ITEM   OBSERVED TIME   RECORD YEAR NORMAL DEPARTURE LAST
                VALUE   (LST)  VALUE       VALUE  FROM      YEAR
                                                  NORMAL
..................................................................
TEMPERATURE (F)
 YESTERDAY
  MAXIMUM         90    353 PM 100    2010  89      1       89
  MINIMUM         73    452 AM  46    1956  65      8       58
  AVERAGE         82                        77      5       74

PRECIPITATION (IN)
  YESTERDAY        0.00                      0.10  -0.10     0.00
  MONTH TO DATE    1.66                      2.17  -0.51     2.82
  SINCE JUN 1      8.19                     10.61  -2.42     6.97
  SINCE JAN 1     22.71                     30.82  -8.11    31.07

DEGREE DAYS
 COOLING
  YESTERDAY       17                        12      5        9
  MONTH TO DATE  227                       268    -41      208
  SINCE JUN 1    741                       904   -163      853
  SINCE JAN 1    889                      1017   -128      989
..................................................................


WIND (MPH)
  HIGHEST WIND SPEED    21   HIGHEST WIND DIRECTION     S (180)
  HIGHEST GUST SPEED    25   HIGHEST GUST DIRECTION    SW (210)
  AVERAGE WIND SPEED    10.8


SKY COVER
  POSSIBLE SUNSHINE  MM
  AVERAGE SKY COVER 0.0


WEATHER CONDITIONS
 THE FOLLOWING WEATHER WAS RECORDED YESTERDAY.
  NO SIGNIFICANT WEATHER WAS OBSERVED.


RELATIVE HUMIDITY (PERCENT)
 HIGHEST    87           400 AM
 LOWEST     52           100 PM
 AVERAGE    70

..........................................................


THE FAYETTEVILLE ARKANSAS CLIMATE NORMALS FOR TODAY
                         NORMAL    RECORD    YEAR
 MAXIMUM TEMPERATURE (F)   89        99      1983
 MINIMUM TEMPERATURE (F)   65        45      1956


SUNRISE AND SUNSET
AUGUST 22 2014........SUNRISE   641 AM CDT   SUNSET   758 PM CDT
AUGUST 23 2014........SUNRISE   641 AM CDT   SUNSET   756 PM CDT


-  INDICATES NEGATIVE NUMBERS.
R  INDICATES RECORD WAS SET OR TIED.
MM INDICATES DATA IS MISSING.
T  INDICATES TRACE AMOUNT.




$$








U.S. Dept. of Commerce
NOAA National Weather Service
1325 East West Highway
Silver Spring, MD 20910
E-mail: w-nws.webmaster@noaa.gov
Page last modified: May 16, 2007
NATIONAL WEATHER SERVICE: for Safety, for Work, for Fun - FOR LIFE