321
CDUS44 KTSA 222122
CLIFYV

CLIMATE REPORT
NATIONAL WEATHER SERVICE TULSA OK
418 PM CDT TUE APR 22 2014


...................................

...THE FAYETTEVILLE ARKANSAS CLIMATE SUMMARY FOR APRIL 22 2014...
VALID TODAY AS OF 0400 PM LOCAL TIME.

CLIMATE NORMAL PERIOD 1981 TO 2010
CLIMATE RECORD PERIOD 1905 TO 2014


WEATHER ITEM   OBSERVED TIME   RECORD YEAR NORMAL DEPARTURE LAST
                VALUE   (LST)  VALUE       VALUE  FROM      YEAR
                                                  NORMAL
..................................................................
TEMPERATURE (F)
 TODAY
  MAXIMUM         73    219 PM  88    1955  71      2       72
  MINIMUM         46    625 AM  29    1982  47     -1       39
  AVERAGE         60                        59      1       56

PRECIPITATION (IN)
  TODAY            0.01                      0.16  -0.15     0.00
  MONTH TO DATE    2.58                      3.21  -0.63     3.81
  SINCE MAR 1      8.16                      7.16   1.00     8.29
  SINCE JAN 1     10.64                     12.81  -2.17    14.14

SNOWFALL (IN)
  TODAY            0.0                                       0.0
  MONTH TO DATE    0.0                                       0.0
  SINCE MAR 1      3.8                                        T
  SINCE JUL 1     17.9                                       2.6

DEGREE DAYS
 HEATING
  TODAY            5                         7     -2        9
  MONTH TO DATE  233                       220     13      230
  SINCE MAR 1    893                       746    147      875
  SINCE JUL 1   4613                      4049    564     3946

 COOLING
  TODAY            0                         1     -1        0
  MONTH TO DATE    9                        19    -10       28
  SINCE MAR 1      9                        23    -14       29
  SINCE JAN 1      9                        23    -14       29
..................................................................


WIND (MPH)
  HIGHEST WIND SPEED    15   HIGHEST WIND DIRECTION    NW (330)
  HIGHEST GUST SPEED    26   HIGHEST GUST DIRECTION     E (90)
  AVERAGE WIND SPEED     4.3


SKY COVER
  POSSIBLE SUNSHINE  MM
  AVERAGE SKY COVER 0.4


WEATHER CONDITIONS
 THE FOLLOWING WEATHER WAS RECORDED TODAY.
  FOG
  FOG W/VISIBILITY <= 1/4 MILE


RELATIVE HUMIDITY (PERCENT)
 HIGHEST   100          1200 AM
 LOWEST     31           100 PM
 AVERAGE    66

..........................................................


THE FAYETTEVILLE ARKANSAS CLIMATE NORMALS FOR TOMORROW
                         NORMAL    RECORD    YEAR
 MAXIMUM TEMPERATURE (F)   71        88      1989
 MINIMUM TEMPERATURE (F)   47        30      1951


SUNRISE AND SUNSET
APRIL 22 2014.........SUNRISE   635 AM CDT   SUNSET   756 PM CDT
APRIL 23 2014.........SUNRISE   633 AM CDT   SUNSET   757 PM CDT


-  INDICATES NEGATIVE NUMBERS.
R  INDICATES RECORD WAS SET OR TIED.
MM INDICATES DATA IS MISSING.
T  INDICATES TRACE AMOUNT.




$$








U.S. Dept. of Commerce
NOAA National Weather Service
1325 East West Highway
Silver Spring, MD 20910
E-mail: w-nws.webmaster@noaa.gov
Page last modified: May 16, 2007
NATIONAL WEATHER SERVICE: for Safety, for Work, for Fun - FOR LIFE