813
CDUS44 KTSA 280909
CLIFYV

CLIMATE REPORT
NATIONAL WEATHER SERVICE TULSA OK
302 AM CST WED JAN 28 2015


...................................

...THE FAYETTEVILLE ARKANSAS CLIMATE SUMMARY FOR JANUARY 27 2015...

CLIMATE NORMAL PERIOD 1981 TO 2010
CLIMATE RECORD PERIOD 1905 TO 2015


WEATHER ITEM   OBSERVED TIME   RECORD YEAR NORMAL DEPARTURE LAST
                VALUE   (LST)  VALUE       VALUE  FROM      YEAR
                                                  NORMAL
..................................................................
TEMPERATURE (F)
 YESTERDAY
  MAXIMUM         67    317 PM  72    1975  47     20       37
  MINIMUM         27    624 AM   1    1963  25      2       16
  AVERAGE         47                        36     11       27

PRECIPITATION (IN)
  YESTERDAY        0.00                      0.08  -0.08     0.00
  MONTH TO DATE    1.08                      2.48  -1.40     1.64
  SINCE DEC 1      3.72                      5.72  -2.00     5.74
  SINCE JAN 1      1.08                      2.48  -1.40     1.64

SNOWFALL (IN)
  YESTERDAY        0.0                                       0.0
  MONTH TO DATE    T                                         1.9
  SINCE DEC 1      T                                         8.9
  SINCE JUL 1      T                                         8.9

DEGREE DAYS
 HEATING
  YESTERDAY       18                        29    -11       38
  MONTH TO DATE  827                       801     26      885
  SINCE DEC 1   1582                      1655    -73     1823
  SINCE JUL 1   2507                      2484     23     2712
..................................................................


WIND (MPH)
  HIGHEST WIND SPEED     7   HIGHEST WIND DIRECTION    NW (300)
  HIGHEST GUST SPEED    17   HIGHEST GUST DIRECTION     W (250)
  AVERAGE WIND SPEED     1.2


SKY COVER
  POSSIBLE SUNSHINE  MM
  AVERAGE SKY COVER 0.0


WEATHER CONDITIONS
 THE FOLLOWING WEATHER WAS RECORDED YESTERDAY.
  NO SIGNIFICANT WEATHER WAS OBSERVED.


RELATIVE HUMIDITY (PERCENT)
 HIGHEST   100           600 AM
 LOWEST     18           400 PM
 AVERAGE    59

..........................................................


THE FAYETTEVILLE ARKANSAS CLIMATE NORMALS FOR TODAY
                         NORMAL    RECORD    YEAR
 MAXIMUM TEMPERATURE (F)   47        72      2002
                                             1959
 MINIMUM TEMPERATURE (F)   25         1      1963


SUNRISE AND SUNSET
JANUARY 28 2015.......SUNRISE   720 AM CST   SUNSET   539 PM CST
JANUARY 29 2015.......SUNRISE   720 AM CST   SUNSET   540 PM CST


-  INDICATES NEGATIVE NUMBERS.
R  INDICATES RECORD WAS SET OR TIED.
MM INDICATES DATA IS MISSING.
T  INDICATES TRACE AMOUNT.




$$








U.S. Dept. of Commerce
NOAA National Weather Service
1325 East West Highway
Silver Spring, MD 20910
E-mail: w-nws.webmaster@noaa.gov
Page last modified: May 16, 2007
NATIONAL WEATHER SERVICE: for Safety, for Work, for Fun - FOR LIFE