988
CDUS43 KIWX 190526
CLIFWA


CLIMATE REPORT
NATIONAL WEATHER SERVICE NORTHERN INDIANA
1225 AM EST FRI DEC 19 2014


...................................

...THE FORT WAYNE CLIMATE SUMMARY FOR DECEMBER 18 2014...

CLIMATE NORMAL PERIOD 1981 TO 2010
CLIMATE RECORD PERIOD 1897 TO 2014


WEATHER ITEM   OBSERVED TIME   RECORD YEAR NORMAL DEPARTURE LAST
                VALUE   (LST)  VALUE       VALUE  FROM      YEAR
                                                  NORMAL
..................................................................
TEMPERATURE (F)
 YESTERDAY
  MAXIMUM         28    435 PM  54    1957  35     -7       34
  MINIMUM         27   1159 PM  -5    1989  21      6       10
  AVERAGE         28                        28      0       22

PRECIPITATION (IN)
  YESTERDAY        T             1.50 1924   0.09  -0.09     0.00
  MONTH TO DATE    0.90                      1.63  -0.73     0.86
  SINCE DEC 1      0.90                      1.63  -0.73     0.86
  SINCE JAN 1     42.02                     37.20   4.82    40.21

SNOWFALL (IN)
  YESTERDAY        T             5.2  1929   0.3   -0.3      0.0
  MONTH TO DATE    0.2                       4.4   -4.2      8.5
  SINCE DEC 1      0.2                       4.4   -4.2      8.5
  SINCE JUL 1      4.4                       6.5   -2.1      9.5
  SNOW DEPTH       0

DEGREE DAYS
 HEATING
  YESTERDAY       37                        37      0       43
  MONTH TO DATE  568                       613    -45      704
  SINCE DEC 1    568                       613    -45      704
  SINCE JUL 1   2014                      1830    184     2005

 COOLING
  YESTERDAY        0                         0      0        0
  MONTH TO DATE    0                         0      0        0
  SINCE DEC 1      0                         0      0        0
  SINCE JAN 1    731                       809    -78      855
..................................................................


WIND (MPH)
  HIGHEST WIND SPEED    13   HIGHEST WIND DIRECTION     W (270)
  HIGHEST GUST SPEED    15   HIGHEST GUST DIRECTION     W (260)
  AVERAGE WIND SPEED     7.2


SKY COVER
  AVERAGE SKY COVER 1.0


WEATHER CONDITIONS
 THE FOLLOWING WEATHER WAS RECORDED YESTERDAY.
  LIGHT SNOW


RELATIVE HUMIDITY (PERCENT)
 HIGHEST    81          1200 AM
 LOWEST     75          1200 PM
 AVERAGE    78

..........................................................


THE FORT WAYNE CLIMATE NORMALS FOR TODAY
                         NORMAL    RECORD    YEAR
 MAXIMUM TEMPERATURE (F)   35        57      1976
 MINIMUM TEMPERATURE (F)   21       -14      1901


SUNRISE AND SUNSET
DECEMBER 19 2014......SUNRISE   801 AM EST   SUNSET   515 PM EST
DECEMBER 20 2014......SUNRISE   802 AM EST   SUNSET   515 PM EST


-  INDICATES NEGATIVE NUMBERS.
R  INDICATES RECORD WAS SET OR TIED.
MM INDICATES DATA IS MISSING.
T  INDICATES TRACE AMOUNT.




$$





U.S. Dept. of Commerce
NOAA National Weather Service
1325 East West Highway
Silver Spring, MD 20910
E-mail: w-nws.webmaster@noaa.gov
Page last modified: May 16, 2007
NATIONAL WEATHER SERVICE: for Safety, for Work, for Fun - FOR LIFE