814
CDUS43 KIWX 170526
CLIFWA


CLIMATE REPORT
NATIONAL WEATHER SERVICE NORTHERN INDIANA
126 AM EDT THU APR 17 2014


...................................

...THE FORT WAYNE CLIMATE SUMMARY FOR APRIL 16 2014...

CLIMATE NORMAL PERIOD 1981 TO 2010
CLIMATE RECORD PERIOD 1897 TO 2014


WEATHER ITEM   OBSERVED TIME   RECORD YEAR NORMAL DEPARTURE LAST
                VALUE   (LST)  VALUE       VALUE  FROM      YEAR
                                                  NORMAL
..................................................................
TEMPERATURE (F)
 YESTERDAY
  MAXIMUM         48    517 PM  85    2002  61    -13       60
  MINIMUM         23R   552 AM  24    1935  39    -16       46
                                      1904
  AVERAGE         36                        50    -14       53

PRECIPITATION (IN)
  YESTERDAY        0.00          1.21 2006   0.12  -0.12     0.47
  MONTH TO DATE    3.05                      1.92   1.13     2.28
  SINCE MAR 1      4.95                      4.63   0.32     4.62
  SINCE JAN 1     11.03                      8.93   2.10     9.91

SNOWFALL (IN)
  YESTERDAY        0.0           3.5  1961   0.1   -0.1      0.0
  MONTH TO DATE    1.1                       0.8    0.3       T
  SINCE MAR 1     14.3                       4.9    9.4     18.1
  SINCE JUL 1     74.7                      33.3   41.4     38.5
  SNOW DEPTH       0

DEGREE DAYS
 HEATING
  YESTERDAY       29                        15     14       12
  MONTH TO DATE  279                       284     -5      290
  SINCE MAR 1   1346                      1110    236     1272
  SINCE JUL 1   6599                      5708    891     5663

 COOLING
  YESTERDAY        0                         0      0        0
  MONTH TO DATE    1                         0      1        0
  SINCE MAR 1      1                         0      1        0
  SINCE JAN 1      1                         0      1        0
..................................................................


WIND (MPH)
  HIGHEST WIND SPEED    21   HIGHEST WIND DIRECTION    SE (130)
  HIGHEST GUST SPEED    27   HIGHEST GUST DIRECTION    SE (120)
  AVERAGE WIND SPEED    10.1


SKY COVER
  AVERAGE SKY COVER 0.4


WEATHER CONDITIONS
 THE FOLLOWING WEATHER WAS RECORDED YESTERDAY.
  NO SIGNIFICANT WEATHER WAS OBSERVED.


RELATIVE HUMIDITY (PERCENT)
 HIGHEST    74           200 AM
 LOWEST     34           300 PM
 AVERAGE    54

..........................................................


THE FORT WAYNE CLIMATE NORMALS FOR TODAY
                         NORMAL    RECORD    YEAR
 MAXIMUM TEMPERATURE (F)   62        85      2002
 MINIMUM TEMPERATURE (F)   39        20      1904


SUNRISE AND SUNSET
APRIL 17 2014.........SUNRISE   659 AM EDT   SUNSET   823 PM EDT
APRIL 18 2014.........SUNRISE   657 AM EDT   SUNSET   824 PM EDT


-  INDICATES NEGATIVE NUMBERS.
R  INDICATES RECORD WAS SET OR TIED.
MM INDICATES DATA IS MISSING.
T  INDICATES TRACE AMOUNT.




$$





U.S. Dept. of Commerce
NOAA National Weather Service
1325 East West Highway
Silver Spring, MD 20910
E-mail: w-nws.webmaster@noaa.gov
Page last modified: May 16, 2007
NATIONAL WEATHER SERVICE: for Safety, for Work, for Fun - FOR LIFE