264
CDUS41 KCAR 240527
CLIFVE


CLIMATE REPORT
NATIONAL WEATHER SERVICE CARIBOU, ME
126 AM EDT FRI OCT 24 2014


...................................

...THE FRENCHVILLE ME CLIMATE SUMMARY FOR OCTOBER 23 2014...

CLIMATE NORMAL PERIOD 1981 TO 2010
CLIMATE RECORD PERIOD 9999 TO 9999


WEATHER ITEM   OBSERVED TIME   RECORD YEAR NORMAL DEPARTURE LAST
                VALUE   (LST)  VALUE       VALUE  FROM      YEAR
                                                  NORMAL
..................................................................
TEMPERATURE (F)
 YESTERDAY
  MAXIMUM         44    221 PM              46     -2
  MINIMUM         39    753 AM              33      6
  AVERAGE         42                        39      3

PRECIPITATION (IN)
  YESTERDAY        T            MM      MM   0.08  -0.08     0.00
  MONTH TO DATE    4.23                      1.92   2.31     1.53
  SINCE SEP 1      7.13                      5.44   1.69     5.43
  SINCE JAN 1     29.92                     27.50   2.42    29.94

SNOWFALL (IN)
  YESTERDAY       MM            MM      MM  MM     MM       MM
  MONTH TO DATE   MM                        MM     MM       MM
  SINCE SEP 1     MM                        MM     MM       MM
  SINCE JUL 1     MM                        MM     MM       MM
  SNOW DEPTH      MM

DEGREE DAYS
 HEATING
  YESTERDAY       23                               -3
  MONTH TO DATE  433                              -66
  SINCE JUL 1    926                             -117

 COOLING
  YESTERDAY        0                                0
  MONTH TO DATE    0                                0
  SINCE JAN 1    139                                5
..................................................................


WIND (MPH)
  HIGHEST WIND SPEED    18   HIGHEST WIND DIRECTION    NE (40)
  HIGHEST GUST SPEED    30   HIGHEST GUST DIRECTION     N (20)
  AVERAGE WIND SPEED    12.7




..........................................................


THE FRENCHVILLE ME CLIMATE NORMALS FOR TODAY
                         NORMAL
 MAXIMUM TEMPERATURE (F)   46
 MINIMUM TEMPERATURE (F)   32


SUNRISE AND SUNSET
OCTOBER 24 2014.......SUNRISE   705 AM EDT   SUNSET   530 PM EDT
OCTOBER 25 2014.......SUNRISE   706 AM EDT   SUNSET   528 PM EDT


-  INDICATES NEGATIVE NUMBERS.
R  INDICATES RECORD WAS SET OR TIED.
MM INDICATES DATA IS MISSING.
T  INDICATES TRACE AMOUNT.




$$





U.S. Dept. of Commerce
NOAA National Weather Service
1325 East West Highway
Silver Spring, MD 20910
E-mail: w-nws.webmaster@noaa.gov
Page last modified: May 16, 2007
NATIONAL WEATHER SERVICE: for Safety, for Work, for Fun - FOR LIFE