119
CDUS41 KCAR 300526
CLIFVE


CLIMATE REPORT
NATIONAL WEATHER SERVICE CARIBOU, ME
125 AM EDT TUE SEP 30 2014


...................................

...THE FRENCHVILLE ME CLIMATE SUMMARY FOR SEPTEMBER 29 2014...

CLIMATE NORMAL PERIOD 1981 TO 2010
CLIMATE RECORD PERIOD 9999 TO 9999


WEATHER ITEM   OBSERVED TIME   RECORD YEAR NORMAL DEPARTURE LAST
                VALUE   (LST)  VALUE       VALUE  FROM      YEAR
                                                  NORMAL
..................................................................
TEMPERATURE (F)
 YESTERDAY
  MAXIMUM         61   1207 AM              57      4
  MINIMUM         35   1159 PM              40     -5
  AVERAGE         48                        48      0

PRECIPITATION (IN)
  YESTERDAY        0.24         MM      MM   0.10   0.14     0.00
  MONTH TO DATE    2.90                      3.42  -0.52     3.90
  SINCE SEP 1      2.90                      3.42  -0.52     3.90
  SINCE JAN 1     25.69                     25.48   0.21    28.41

SNOWFALL (IN)
  YESTERDAY       MM            MM      MM  MM     MM       MM
  MONTH TO DATE   MM                        MM     MM       MM
  SINCE SEP 1     MM                        MM     MM       MM
  SINCE JUL 1     MM                        MM     MM       MM
  SNOW DEPTH      MM

DEGREE DAYS
 HEATING
  YESTERDAY       17                                0
  MONTH TO DATE  332                               -3
  SINCE JUL 1    469                              -58

 COOLING
  YESTERDAY        0                                0
  MONTH TO DATE    9                               -1
  SINCE JAN 1    139                                5
..................................................................


WIND (MPH)
  HIGHEST WIND SPEED    18   HIGHEST WIND DIRECTION     N (10)
  HIGHEST GUST SPEED    28   HIGHEST GUST DIRECTION     N (360)
  AVERAGE WIND SPEED    10.8




..........................................................


THE FRENCHVILLE ME CLIMATE NORMALS FOR TODAY
                         NORMAL
 MAXIMUM TEMPERATURE (F)   56
 MINIMUM TEMPERATURE (F)   39


SUNRISE AND SUNSET
SEPTEMBER 30 2014.....SUNRISE   631 AM EDT   SUNSET   615 PM EDT
OCTOBER  1 2014.......SUNRISE   632 AM EDT   SUNSET   613 PM EDT


-  INDICATES NEGATIVE NUMBERS.
R  INDICATES RECORD WAS SET OR TIED.
MM INDICATES DATA IS MISSING.
T  INDICATES TRACE AMOUNT.




$$





U.S. Dept. of Commerce
NOAA National Weather Service
1325 East West Highway
Silver Spring, MD 20910
E-mail: w-nws.webmaster@noaa.gov
Page last modified: May 16, 2007
NATIONAL WEATHER SERVICE: for Safety, for Work, for Fun - FOR LIFE