282
CDUS46 KSGX 281417
CLIFUL


CLIMATE REPORT
NATIONAL WEATHER SERVICE SAN DIEGO, CA
617 AM PST FRI NOV 28 2014


...................................

...THE FULLERTON AIRPORT CA CLIMATE SUMMARY FOR NOVEMBER 27 2014...

CLIMATE NORMAL PERIOD 1981 TO 2010
CLIMATE RECORD PERIOD 1998 TO 2014


WEATHER ITEM   OBSERVED TIME   RECORD YEAR NORMAL DEPARTURE LAST
                VALUE   (LST)  VALUE       VALUE  FROM      YEAR
                                                  NORMAL
..................................................................
TEMPERATURE (F)
 YESTERDAY
  MAXIMUM         91R   222 PM  89    2011  69     22       75
  MINIMUM         50    652 AM  38    2010  47      3       52
  AVERAGE         71                        58     13       64

PRECIPITATION (IN)
  YESTERDAY        0.00          0.12 2004   0.03  -0.03     0.00
  MONTH TO DATE    0.25                      0.99  -0.74     0.39
  SINCE JUL 1      0.54                      2.07  -1.53     0.52
  SINCE JAN 1      4.00                     11.72  -7.72     3.05

SNOWFALL (IN)
  YESTERDAY        0.0
  MONTH TO DATE    0.0
  SINCE JAN 1      0.0
  SINCE JUL 1      0.0
  SNOW DEPTH       0

DEGREE DAYS
 HEATING
  YESTERDAY        0                         7     -7        1
  MONTH TO DATE   19                       118    -99       46
  SINCE SEP 1     19                       142   -123       67
  SINCE JUL 1     19                       142   -123       67

 COOLING
  YESTERDAY        6                         0      6        0
  MONTH TO DATE   60                        19     41       37
  SINCE SEP 1    746                       387    359      506
  SINCE JAN 1   2108                      1250    858     1896
..................................................................


WIND (MPH)
  RESULTANT WIND SPEED   0   RESULTANT WIND DIRECTION   S (200)
  HIGHEST WIND SPEED     8   HIGHEST WIND DIRECTION     S (200)
  HIGHEST GUST SPEED    10   HIGHEST GUST DIRECTION    SW (210)
  AVERAGE WIND SPEED     1.0


SKY COVER
  POSSIBLE SUNSHINE  MM
  AVERAGE SKY COVER 0.0


WEATHER CONDITIONS
 THE FOLLOWING WEATHER WAS RECORDED YESTERDAY.
  NO SIGNIFICANT WEATHER WAS OBSERVED.


RELATIVE HUMIDITY (PERCENT)
 HIGHEST    56           600 AM
 LOWEST      8           200 PM
 AVERAGE    32

..........................................................


THE FULLERTON AIRPORT CA CLIMATE NORMALS FOR TODAY
                         NORMAL    RECORD    YEAR
 MAXIMUM TEMPERATURE (F)   69        82      2002
 MINIMUM TEMPERATURE (F)   47        39      2004


SUNRISE AND SUNSET
NOVEMBER 28 2014......SUNRISE   636 AM PST   SUNSET   443 PM PST
NOVEMBER 29 2014......SUNRISE   637 AM PST   SUNSET   443 PM PST


-  INDICATES NEGATIVE NUMBERS.
R  INDICATES RECORD WAS SET OR TIED.
MM INDICATES DATA IS MISSING.
T  INDICATES TRACE AMOUNT.




$$





U.S. Dept. of Commerce
NOAA National Weather Service
1325 East West Highway
Silver Spring, MD 20910
E-mail: w-nws.webmaster@noaa.gov
Page last modified: May 16, 2007
NATIONAL WEATHER SERVICE: for Safety, for Work, for Fun - FOR LIFE