372
CDUS42 KFFC 290823
CLIFTY


CLIMATE REPORT
NATIONAL WEATHER SERVICE PEACHTREE CITY GA
423 AM EDT TUE JUL 29 2014


...................................

...THE FULTON COUNTY AIRPORT CLIMATE SUMMARY FOR JULY 28 2014...

CLIMATE NORMAL PERIOD 1981 TO 2010
CLIMATE RECORD PERIOD 9999 TO 9999


WEATHER ITEM   OBSERVED TIME   RECORD YEAR NORMAL DEPARTURE LAST
                VALUE   (LST)  VALUE       VALUE  FROM      YEAR
                                                  NORMAL
..................................................................
TEMPERATURE (F)
 YESTERDAY
  MAXIMUM         90    306 PM  MM      MM  89      1       87
  MINIMUM         70   1159 PM  MM      MM  71     -1       67
  AVERAGE         80                        80      0       77

PRECIPITATION (IN)
  YESTERDAY        T            MM      MM   0.10  -0.10      T
  MONTH TO DATE    5.32                      4.71   0.61    12.67
  SINCE JUN 1      8.04                      8.84  -0.80    18.97
  SINCE JAN 1     26.84                     30.33  -3.49    29.22

DEGREE DAYS
 COOLING
  YESTERDAY       15                        15      0       12
  MONTH TO DATE  364                       414    -50      365
  SINCE JUN 1    742                       764    -22      739
  SINCE JAN 1    958                       964     -6      902
..................................................................


WIND (MPH)
  RESULTANT WIND SPEED   6   RESULTANT WIND DIRECTION   W (280)
  HIGHEST WIND SPEED    20   HIGHEST WIND DIRECTION     W (290)
  HIGHEST GUST SPEED    25   HIGHEST GUST DIRECTION    NW (300)
  AVERAGE WIND SPEED     7.3


SKY COVER
  AVERAGE SKY COVER 0.3


WEATHER CONDITIONS
 THE FOLLOWING WEATHER WAS RECORDED YESTERDAY.
  LIGHT RAIN
  HAZE


RELATIVE HUMIDITY (PERCENT)
 HIGHEST    88           600 AM
 LOWEST     40           500 PM
 AVERAGE    64

..........................................................


THE FULTON COUNTY AIRPORT CLIMATE NORMALS FOR TODAY
                         NORMAL    RECORD    YEAR
 MAXIMUM TEMPERATURE (F)   89        MM        MM
 MINIMUM TEMPERATURE (F)   71        MM        MM


SUNRISE AND SUNSET
JULY 29 2014..........SUNRISE   648 AM EDT   SUNSET   841 PM EDT
JULY 30 2014..........SUNRISE   649 AM EDT   SUNSET   840 PM EDT


-  INDICATES NEGATIVE NUMBERS.
R  INDICATES RECORD WAS SET OR TIED.
MM INDICATES DATA IS MISSING.
T  INDICATES TRACE AMOUNT.




$$





U.S. Dept. of Commerce
NOAA National Weather Service
1325 East West Highway
Silver Spring, MD 20910
E-mail: w-nws.webmaster@noaa.gov
Page last modified: May 16, 2007
NATIONAL WEATHER SERVICE: for Safety, for Work, for Fun - FOR LIFE