094
CDUS44 KTSA 222119
CLIFSM

CLIMATE REPORT
NATIONAL WEATHER SERVICE TULSA OK
418 PM CDT TUE JUL 22 2014


...................................

...THE FORT SMITH ARKANSAS CLIMATE SUMMARY FOR JULY 22 2014...
VALID TODAY AS OF 0400 PM LOCAL TIME.

CLIMATE NORMAL PERIOD 1981 TO 2010
CLIMATE RECORD PERIOD 1882 TO 2014


WEATHER ITEM   OBSERVED TIME   RECORD YEAR NORMAL DEPARTURE LAST
                VALUE   (LST)  VALUE       VALUE  FROM      YEAR
                                                  NORMAL
..................................................................
TEMPERATURE (F)
 TODAY
  MAXIMUM         93    155 PM 106    2011  94     -1       97
                                      1943
  MINIMUM         71    541 AM  51    1970  72     -1       75
  AVERAGE         82                        83     -1       86

PRECIPITATION (IN)
  TODAY            0.00          3.88 1950   0.10  -0.10      T
  MONTH TO DATE    1.42                      2.38  -0.96     0.38
  SINCE JUN 1      5.87                      6.66  -0.79     6.48
  SINCE JAN 1     20.61                     25.85  -5.24    27.46

DEGREE DAYS
 COOLING
  TODAY           17                        18     -1       21
  MONTH TO DATE  289                       376    -87      389
  SINCE JUN 1    727                       761    -34      842
  SINCE JAN 1   1005                      1005      0     1116
..................................................................


WIND (MPH)
  HIGHEST WIND SPEED     9   HIGHEST WIND DIRECTION     E (80)
  HIGHEST GUST SPEED    14   HIGHEST GUST DIRECTION    NE (50)
  AVERAGE WIND SPEED     4.5


SKY COVER
  POSSIBLE SUNSHINE  MM
  AVERAGE SKY COVER 0.0


WEATHER CONDITIONS
 THE FOLLOWING WEATHER WAS RECORDED TODAY.
  FOG


RELATIVE HUMIDITY (PERCENT)
 HIGHEST    93           400 AM
 LOWEST     52          1200 PM
 AVERAGE    73

..........................................................


THE FORT SMITH ARKANSAS CLIMATE NORMALS FOR TOMORROW
                         NORMAL    RECORD    YEAR
 MAXIMUM TEMPERATURE (F)   94       107      2011
 MINIMUM TEMPERATURE (F)   72        54      1947


SUNRISE AND SUNSET
JULY 22 2014..........SUNRISE   619 AM CDT   SUNSET   829 PM CDT
JULY 23 2014..........SUNRISE   620 AM CDT   SUNSET   828 PM CDT


-  INDICATES NEGATIVE NUMBERS.
R  INDICATES RECORD WAS SET OR TIED.
MM INDICATES DATA IS MISSING.
T  INDICATES TRACE AMOUNT.




$$

&&
...........................................................

THE ARKANSAS RIVER AT VAN BUREN

                   OBSERVED      24 HOUR     24 HOUR
                    VALUE        CHANGE      FORECAST

 STAGE (FEET)
  THIS AFTERNOON     19.5         +0.2

MEAN FLOW (CFS)
  TODAY                                        15600
...........................................................
ALL DATA MEASURED AT THE FORT SMITH REGIONAL AIRPORT







U.S. Dept. of Commerce
NOAA National Weather Service
1325 East West Highway
Silver Spring, MD 20910
E-mail: w-nws.webmaster@noaa.gov
Page last modified: May 16, 2007
NATIONAL WEATHER SERVICE: for Safety, for Work, for Fun - FOR LIFE