636
CDUS44 KTSA 230917
CLIFSM

CLIMATE REPORT
NATIONAL WEATHER SERVICE TULSA OK
317 AM CST SUN NOV 23 2014


...................................

...THE FORT SMITH ARKANSAS CLIMATE SUMMARY FOR NOVEMBER 22 2014...

CLIMATE NORMAL PERIOD 1981 TO 2010
CLIMATE RECORD PERIOD 1882 TO 2014


WEATHER ITEM   OBSERVED TIME   RECORD YEAR NORMAL DEPARTURE LAST
                VALUE   (LST)  VALUE       VALUE  FROM      YEAR
                                                  NORMAL
..................................................................
TEMPERATURE (F)
 YESTERDAY
  MAXIMUM         55   1135 AM  82    1900  60     -5       51
  MINIMUM         48    112 AM  17    1964  38     10       38
  AVERAGE         52                        49      3       45

PRECIPITATION (IN)
  YESTERDAY        0.97          1.92 1983   0.14   0.83     0.12
  MONTH TO DATE    1.58                      3.30  -1.72     2.36
  SINCE SEP 1     16.38                     11.67   4.71     8.04
  SINCE JAN 1     39.83                     41.03  -1.20    42.91

SNOWFALL (IN)
  YESTERDAY       MM                                         0.0
  MONTH TO DATE    T                                         0.0
  SINCE SEP 1      T                                         0.0
  SINCE JUL 1      T                                         0.0

DEGREE DAYS
 HEATING
  YESTERDAY       13                        16     -3       20
  MONTH TO DATE  428                       266    162      242
  SINCE SEP 1    503                       420     83      377
  SINCE JUL 1    503                       420     83      377
..................................................................


WIND (MPH)
  HIGHEST WIND SPEED    16   HIGHEST WIND DIRECTION    NW (320)
  HIGHEST GUST SPEED    18   HIGHEST GUST DIRECTION    NW (320)
  AVERAGE WIND SPEED     7.2


SKY COVER
  POSSIBLE SUNSHINE  MM
  AVERAGE SKY COVER 1.0


WEATHER CONDITIONS
 THE FOLLOWING WEATHER WAS RECORDED YESTERDAY.
  HEAVY RAIN
  RAIN
  LIGHT RAIN
  FOG


RELATIVE HUMIDITY (PERCENT)
 HIGHEST    96           900 AM
 LOWEST     83           600 AM
 AVERAGE    90

..........................................................


THE FORT SMITH ARKANSAS CLIMATE NORMALS FOR TODAY
                         NORMAL    RECORD    YEAR
 MAXIMUM TEMPERATURE (F)   59        79      1900
 MINIMUM TEMPERATURE (F)   37        19      1975
                                             1948


SUNRISE AND SUNSET
NOVEMBER 23 2014......SUNRISE   700 AM CST   SUNSET   507 PM CST
NOVEMBER 24 2014......SUNRISE   701 AM CST   SUNSET   507 PM CST


-  INDICATES NEGATIVE NUMBERS.
R  INDICATES RECORD WAS SET OR TIED.
MM INDICATES DATA IS MISSING.
T  INDICATES TRACE AMOUNT.




$$

&&
...........................................................

THE ARKANSAS RIVER AT VAN BUREN

                   OBSERVED      24 HOUR     24 HOUR
                    VALUE        CHANGE      FORECAST

 STAGE (FEET)
  THIS MORNING       19.3         +0.2

MEAN FLOW (CFS)
  TODAY                                        7900
...........................................................
ALL DATA MEASURED AT THE FORT SMITH REGIONAL AIRPORT







U.S. Dept. of Commerce
NOAA National Weather Service
1325 East West Highway
Silver Spring, MD 20910
E-mail: w-nws.webmaster@noaa.gov
Page last modified: May 16, 2007
NATIONAL WEATHER SERVICE: for Safety, for Work, for Fun - FOR LIFE