980
CDUS44 KTSA 260914
CLIFSM

CLIMATE REPORT
NATIONAL WEATHER SERVICE TULSA OK
314 AM CST WED NOV 26 2014


...................................

...THE FORT SMITH ARKANSAS CLIMATE SUMMARY FOR NOVEMBER 25 2014...

CLIMATE NORMAL PERIOD 1981 TO 2010
CLIMATE RECORD PERIOD 1882 TO 2014


WEATHER ITEM   OBSERVED TIME   RECORD YEAR NORMAL DEPARTURE LAST
                VALUE   (LST)  VALUE       VALUE  FROM      YEAR
                                                  NORMAL
..................................................................
TEMPERATURE (F)
 YESTERDAY
  MAXIMUM         53    338 PM  81    1965  58     -5       36
  MINIMUM         30    737 AM  17    1950  37     -7       31
  AVERAGE         42                        47     -5       34

PRECIPITATION (IN)
  YESTERDAY        0.00          2.22 1952   0.14  -0.14     0.03
  MONTH TO DATE    1.58                      3.73  -2.15     2.40
  SINCE SEP 1     16.38                     12.10   4.28     8.08
  SINCE JAN 1     39.83                     41.46  -1.63    42.95

SNOWFALL (IN)
  YESTERDAY        0.0                                        T
  MONTH TO DATE    T                                          T
  SINCE SEP 1      T                                          T
  SINCE JUL 1      T                                          T

DEGREE DAYS
 HEATING
  YESTERDAY       23                        18      5       31
  MONTH TO DATE  473                       318    155      332
  SINCE SEP 1    548                       472     76      467
  SINCE JUL 1    548                       472     76      467
..................................................................


WIND (MPH)
  HIGHEST WIND SPEED    12   HIGHEST WIND DIRECTION     W (270)
  HIGHEST GUST SPEED    15   HIGHEST GUST DIRECTION     W (250)
  AVERAGE WIND SPEED     4.8


SKY COVER
  POSSIBLE SUNSHINE  MM
  AVERAGE SKY COVER 0.0


WEATHER CONDITIONS
 THE FOLLOWING WEATHER WAS RECORDED YESTERDAY.
  HAZE


RELATIVE HUMIDITY (PERCENT)
 HIGHEST    82           800 AM
 LOWEST     24          1200 PM
 AVERAGE    53

..........................................................


THE FORT SMITH ARKANSAS CLIMATE NORMALS FOR TODAY
                         NORMAL    RECORD    YEAR
 MAXIMUM TEMPERATURE (F)   58        82      1965
 MINIMUM TEMPERATURE (F)   36        17      1975


SUNRISE AND SUNSET
NOVEMBER 26 2014......SUNRISE   703 AM CST   SUNSET   506 PM CST
NOVEMBER 27 2014......SUNRISE   704 AM CST   SUNSET   506 PM CST


-  INDICATES NEGATIVE NUMBERS.
R  INDICATES RECORD WAS SET OR TIED.
MM INDICATES DATA IS MISSING.
T  INDICATES TRACE AMOUNT.




$$

&&
...........................................................

THE ARKANSAS RIVER AT VAN BUREN

                   OBSERVED      24 HOUR     24 HOUR
                    VALUE        CHANGE      FORECAST

 STAGE (FEET)
  THIS MORNING       19.1         -0.1

MEAN FLOW (CFS)
  TODAY                                        5400
...........................................................
ALL DATA MEASURED AT THE FORT SMITH REGIONAL AIRPORT







U.S. Dept. of Commerce
NOAA National Weather Service
1325 East West Highway
Silver Spring, MD 20910
E-mail: w-nws.webmaster@noaa.gov
Page last modified: May 16, 2007
NATIONAL WEATHER SERVICE: for Safety, for Work, for Fun - FOR LIFE