505
CDUS44 KTSA 300804
CLIFSM

CLIMATE REPORT
NATIONAL WEATHER SERVICE TULSA OK
302 AM CDT SAT AUG 30 2014


...................................

...THE FORT SMITH ARKANSAS CLIMATE SUMMARY FOR AUGUST 29 2014...

CLIMATE NORMAL PERIOD 1981 TO 2010
CLIMATE RECORD PERIOD 1882 TO 2014


WEATHER ITEM   OBSERVED TIME   RECORD YEAR NORMAL DEPARTURE LAST
                VALUE   (LST)  VALUE       VALUE  FROM      YEAR
                                                  NORMAL
..................................................................
TEMPERATURE (F)
 YESTERDAY
  MAXIMUM         90   1039 AM 105    2000  92     -2       98
                                      1954
  MINIMUM         72    101 PM  51    1986  69      3       74
  AVERAGE         81                        80      1       86

PRECIPITATION (IN)
  YESTERDAY        0.10          1.22 1935   0.08   0.02     0.00
  MONTH TO DATE    1.49                      2.41  -0.92     3.84
  SINCE JUN 1      8.62                      9.99  -1.37    13.89
  SINCE JAN 1     23.36                     29.18  -5.82    34.87

DEGREE DAYS
 COOLING
  YESTERDAY       16                        15      1       21
  MONTH TO DATE  493                       502     -9      496
  SINCE JUN 1   1350                      1423    -73     1483
  SINCE JAN 1   1628                      1667    -39     1757
..................................................................


WIND (MPH)
  HIGHEST WIND SPEED    21   HIGHEST WIND DIRECTION     S (200)
  HIGHEST GUST SPEED    26   HIGHEST GUST DIRECTION     S (200)
  AVERAGE WIND SPEED     6.8


SKY COVER
  POSSIBLE SUNSHINE  MM
  AVERAGE SKY COVER 0.3


WEATHER CONDITIONS
 THE FOLLOWING WEATHER WAS RECORDED YESTERDAY.
  THUNDERSTORM
  RAIN
  LIGHT RAIN
  FOG


RELATIVE HUMIDITY (PERCENT)
 HIGHEST    94           900 PM
 LOWEST     46          1100 AM
 AVERAGE    70

..........................................................


THE FORT SMITH ARKANSAS CLIMATE NORMALS FOR TODAY
                         NORMAL    RECORD    YEAR
 MAXIMUM TEMPERATURE (F)   91       107      2000
 MINIMUM TEMPERATURE (F)   69        52      1986


SUNRISE AND SUNSET
AUGUST 30 2014........SUNRISE   648 AM CDT   SUNSET   747 PM CDT
AUGUST 31 2014........SUNRISE   649 AM CDT   SUNSET   746 PM CDT


-  INDICATES NEGATIVE NUMBERS.
R  INDICATES RECORD WAS SET OR TIED.
MM INDICATES DATA IS MISSING.
T  INDICATES TRACE AMOUNT.




$$

&&
...........................................................

THE ARKANSAS RIVER AT VAN BUREN

                   OBSERVED      24 HOUR     24 HOUR
                    VALUE        CHANGE      FORECAST

 STAGE (FEET)
  THIS MORNING       19.9         +0.3

MEAN FLOW (CFS)
  TODAY                                        6800
...........................................................
ALL DATA MEASURED AT THE FORT SMITH REGIONAL AIRPORT







U.S. Dept. of Commerce
NOAA National Weather Service
1325 East West Highway
Silver Spring, MD 20910
E-mail: w-nws.webmaster@noaa.gov
Page last modified: May 16, 2007
NATIONAL WEATHER SERVICE: for Safety, for Work, for Fun - FOR LIFE