957
CDUS43 KFSD 020644
CLIFSD


CLIMATE REPORT
NATIONAL WEATHER SERVICE SIOUX FALLS SD
143 AM CDT TUE SEP 2 2014


...................................

...THE SIOUX FALLS SD CLIMATE SUMMARY FOR SEPTEMBER 1 2014...

CLIMATE NORMAL PERIOD 1981 TO 2010
CLIMATE RECORD PERIOD 1893 TO 2014


WEATHER ITEM   OBSERVED TIME   RECORD YEAR NORMAL DEPARTURE LAST
                VALUE   (LST)  VALUE       VALUE  FROM      YEAR
                                                  NORMAL
..................................................................
TEMPERATURE (F)
 YESTERDAY
  MAXIMUM         78    430 PM  97    1913  79     -1       77
                                      1898
  MINIMUM         60    607 AM  36    1974  56      4       57
  AVERAGE         69                        67      2       67

PRECIPITATION (IN)
  YESTERDAY        0.02          2.00 1992   0.10  -0.08     0.00
  MONTH TO DATE    0.02                      0.10  -0.08     0.00
  SINCE SEP 1      0.02                      0.10  -0.08     0.00
  SINCE JAN 1     24.45                     19.49   4.96    20.42

SNOWFALL (IN)
  YESTERDAY        0.0           0.0    MM   0.0    0.0      0.0
  MONTH TO DATE    0.0                       0.0    0.0      0.0
  SINCE SEP 1      0.0                       0.0    0.0      0.0
  SINCE JUL 1      T                         0.0    0.0      0.0
  SNOW DEPTH       0

DEGREE DAYS
 HEATING
  YESTERDAY        0                         2     -2        0
  MONTH TO DATE    0                         2     -2        0
  SINCE SEP 1      0                         2     -2        0
  SINCE JUL 1     18                        33    -15       34

 COOLING
  YESTERDAY        4                         4      0        2
  MONTH TO DATE    4                         4      0        2
  SINCE SEP 1      4                         4      0        2
  SINCE JAN 1    555                       629    -74      656
..................................................................


WIND (MPH)
  HIGHEST WIND SPEED    16   HIGHEST WIND DIRECTION    NW (310)
  HIGHEST GUST SPEED    22   HIGHEST GUST DIRECTION     W (290)
  AVERAGE WIND SPEED     6.9


SKY COVER
  POSSIBLE SUNSHINE  MM
  AVERAGE SKY COVER 0.5


WEATHER CONDITIONS
 THE FOLLOWING WEATHER WAS RECORDED YESTERDAY.
  LIGHT RAIN


RELATIVE HUMIDITY (PERCENT)
 HIGHEST    93           100 AM
 LOWEST     47           500 PM
 AVERAGE    70

..........................................................


THE SIOUX FALLS SD CLIMATE NORMALS FOR TODAY
                         NORMAL    RECORD    YEAR
 MAXIMUM TEMPERATURE (F)   78        99      1956
 MINIMUM TEMPERATURE (F)   55        35      1893


SUNRISE AND SUNSET
SEPTEMBER  2 2014.....SUNRISE   652 AM CDT   SUNSET   800 PM CDT
SEPTEMBER  3 2014.....SUNRISE   653 AM CDT   SUNSET   759 PM CDT


-  INDICATES NEGATIVE NUMBERS.
R  INDICATES RECORD WAS SET OR TIED.
MM INDICATES DATA IS MISSING.
T  INDICATES TRACE AMOUNT.




$$






U.S. Dept. of Commerce
NOAA National Weather Service
1325 East West Highway
Silver Spring, MD 20910
E-mail: w-nws.webmaster@noaa.gov
Page last modified: May 16, 2007
NATIONAL WEATHER SERVICE: for Safety, for Work, for Fun - FOR LIFE