513
CDUS43 KDTX 280536
CLIFNT


CLIMATE REPORT
NATIONAL WEATHER SERVICE DETROIT/PONTIAC MI
1236 AM EST WED JAN 28 2015


...................................

...THE FLINT MI CLIMATE SUMMARY FOR JANUARY 27 2015...

CLIMATE NORMAL PERIOD 1981 TO 2010
CLIMATE RECORD PERIOD 1921 TO 2015


WEATHER ITEM   OBSERVED TIME   RECORD YEAR NORMAL DEPARTURE LAST
                VALUE   (LST)  VALUE       VALUE  FROM      YEAR
                                                  NORMAL
..................................................................
TEMPERATURE (F)
 YESTERDAY
  MAXIMUM         27    346 PM  56    2002  30     -3       17
  MINIMUM          7    610 AM -11    2003  15     -8       -6
                                      1943
  AVERAGE         17                        22     -5        6

PRECIPITATION (IN)
  YESTERDAY        0.00          0.75 1967   0.05  -0.05     0.01
  MONTH TO DATE    1.19                      1.44  -0.25     2.52
  SINCE DEC 1      2.83                      3.36  -0.53     4.37
  SINCE JAN 1      1.19                      1.44  -0.25     2.52

SNOWFALL (IN)
  YESTERDAY        0.0           8.2    MM   0.4   -0.4      0.4
  MONTH TO DATE   12.5                      11.5    1.0     32.6
  SINCE DEC 1     13.1                      23.3  -10.2     49.5
  SINCE JUL 1     22.5                      26.2   -3.7     51.1
  SNOW DEPTH       2

DEGREE DAYS
 HEATING
  YESTERDAY       48                        43      5       59
  MONTH TO DATE 1185                      1150     35     1320
  SINCE DEC 1   2175                      2314   -139     2551
  SINCE JUL 1   3639                      3795   -156     3950

 COOLING
  YESTERDAY        0                         0      0        0
  MONTH TO DATE    0                         0      0        0
  SINCE DEC 1      0                         0      0        0
  SINCE JAN 1      0                         0      0        0
..................................................................


WIND (MPH)
  HIGHEST WIND SPEED    16   HIGHEST WIND DIRECTION     N (340)
  HIGHEST GUST SPEED    21   HIGHEST GUST DIRECTION    NW (330)
  AVERAGE WIND SPEED     5.6


SKY COVER
  POSSIBLE SUNSHINE  MM
  AVERAGE SKY COVER 0.1


WEATHER CONDITIONS
 THE FOLLOWING WEATHER WAS RECORDED YESTERDAY.
  NO SIGNIFICANT WEATHER WAS OBSERVED.


RELATIVE HUMIDITY (PERCENT)
 HIGHEST    83           200 AM
 LOWEST     50           200 PM
 AVERAGE    67

..........................................................


THE FLINT MI CLIMATE NORMALS FOR TODAY
                         NORMAL    RECORD    YEAR
 MAXIMUM TEMPERATURE (F)   30        54      2002
 MINIMUM TEMPERATURE (F)   15       -12      1925


SUNRISE AND SUNSET
JANUARY 28 2015.......SUNRISE   754 AM EST   SUNSET   542 PM EST
JANUARY 29 2015.......SUNRISE   753 AM EST   SUNSET   543 PM EST


-  INDICATES NEGATIVE NUMBERS.
R  INDICATES RECORD WAS SET OR TIED.
MM INDICATES DATA IS MISSING.
T  INDICATES TRACE AMOUNT.




$$





U.S. Dept. of Commerce
NOAA National Weather Service
1325 East West Highway
Silver Spring, MD 20910
E-mail: w-nws.webmaster@noaa.gov
Page last modified: May 16, 2007
NATIONAL WEATHER SERVICE: for Safety, for Work, for Fun - FOR LIFE