109
CDUS43 KDTX 200537
CLIFNT


CLIMATE REPORT
NATIONAL WEATHER SERVICE DETROIT/PONTIAC MI
137 AM EDT SUN APR 20 2014


...................................

...THE FLINT MI CLIMATE SUMMARY FOR APRIL 19 2014...

CLIMATE NORMAL PERIOD 1981 TO 2010
CLIMATE RECORD PERIOD 1921 TO 2014


WEATHER ITEM   OBSERVED TIME   RECORD YEAR NORMAL DEPARTURE LAST
                VALUE   (LST)  VALUE       VALUE  FROM      YEAR
                                                  NORMAL
..................................................................
TEMPERATURE (F)
 YESTERDAY
  MAXIMUM         59    429 PM  83    2005  59      0       61
  MINIMUM         32    534 AM  22    1926  37     -5       34
  AVERAGE         46                        48     -2       48

PRECIPITATION (IN)
  YESTERDAY        0.00          1.29 1941   0.10  -0.10     0.75
  MONTH TO DATE    0.95                      1.85  -0.90     5.30
  SINCE MAR 1      2.16                      3.76  -1.60     6.07
  SINCE JAN 1      6.17                      6.87  -0.70    11.53

SNOWFALL (IN)
  YESTERDAY        0.0           0.8    MM   0.1   -0.1      0.2
  MONTH TO DATE    1.3                       2.0   -0.7      0.2
  SINCE MAR 1     10.7                       8.5    2.2      5.3
  SINCE JUL 1     83.9                      47.1   36.8     43.8
  SNOW DEPTH       0

DEGREE DAYS
 HEATING
  YESTERDAY       19                        17      2       17
  MONTH TO DATE  379                       394    -15      417
  SINCE MAR 1   1583                      1351    232     1430
  SINCE JUL 1   7104                      6439    665     6083

 COOLING
  YESTERDAY        0                         0      0        0
  MONTH TO DATE    0                         0      0        0
  SINCE MAR 1      0                         0      0        0
  SINCE JAN 1      0                         0      0        0
..................................................................


WIND (MPH)
  HIGHEST WIND SPEED    15   HIGHEST WIND DIRECTION     E (100)
  HIGHEST GUST SPEED    19   HIGHEST GUST DIRECTION     S (160)
  AVERAGE WIND SPEED     8.2


SKY COVER
  POSSIBLE SUNSHINE  MM
  AVERAGE SKY COVER 0.0


WEATHER CONDITIONS
 THE FOLLOWING WEATHER WAS RECORDED YESTERDAY.
  NO SIGNIFICANT WEATHER WAS OBSERVED.


RELATIVE HUMIDITY (PERCENT)
 HIGHEST    85           300 AM
 LOWEST     30           600 PM
 AVERAGE    58

..........................................................


THE FLINT MI CLIMATE NORMALS FOR TODAY
                         NORMAL    RECORD    YEAR
 MAXIMUM TEMPERATURE (F)   59        83      1987
 MINIMUM TEMPERATURE (F)   37        24      1956
                                             1928


SUNRISE AND SUNSET
APRIL 20 2014.........SUNRISE   645 AM EDT   SUNSET   823 PM EDT
APRIL 21 2014.........SUNRISE   644 AM EDT   SUNSET   824 PM EDT


-  INDICATES NEGATIVE NUMBERS.
R  INDICATES RECORD WAS SET OR TIED.
MM INDICATES DATA IS MISSING.
T  INDICATES TRACE AMOUNT.




$$





U.S. Dept. of Commerce
NOAA National Weather Service
1325 East West Highway
Silver Spring, MD 20910
E-mail: w-nws.webmaster@noaa.gov
Page last modified: May 16, 2007
NATIONAL WEATHER SERVICE: for Safety, for Work, for Fun - FOR LIFE