790
CDUS42 KTBW 272213
CLIFMY


CLIMATE REPORT
NATIONAL WEATHER SERVICE TAMPA BAY FL
510 PM EST TUE JAN 27 2015


...................................

...THE FORT MYERS CLIMATE SUMMARY FOR JANUARY 27 2015...
VALID TODAY AS OF 0500 PM LOCAL TIME.

CLIMATE NORMAL PERIOD 1981 TO 2010
CLIMATE RECORD PERIOD 1902 TO 2015


WEATHER ITEM   OBSERVED TIME   RECORD YEAR NORMAL DEPARTURE LAST
                VALUE   (LST)  VALUE       VALUE  FROM      YEAR
                                                  NORMAL
..................................................................
TEMPERATURE (F)
 TODAY
  MAXIMUM         69    216 PM  86    1975  75     -6       81
                                      1943
  MINIMUM         51    516 AM  29    1905  54     -3       59
  AVERAGE         60                        65     -5       70

PRECIPITATION (IN)
  TODAY            0.00          2.20 1913   0.07  -0.07     0.00
  MONTH TO DATE    0.57                      1.68  -1.11     0.34
  SINCE DEC 1      0.62                      3.39  -2.77     0.84
  SINCE JAN 1      0.57                      1.68  -1.11     0.34

DEGREE DAYS
 HEATING
  TODAY            5                         3      2        0
  MONTH TO DATE   36                       100    -64      122
  SINCE DEC 1     84                       175    -91      126
  SINCE JUL 1    125                       193    -68      135

 COOLING
  TODAY            0                         3     -3        5
  MONTH TO DATE  100                        80     20       76
  SINCE DEC 1    238                       201     37      291
  SINCE JAN 1    100                        80     20       76
..................................................................


WIND (MPH)
  RESULTANT WIND SPEED   9   RESULTANT WIND DIRECTION  NW (320)
  HIGHEST WIND SPEED    20   HIGHEST WIND DIRECTION     W (290)
  HIGHEST GUST SPEED    23   HIGHEST GUST DIRECTION     W (280)
  AVERAGE WIND SPEED     9.8


SKY COVER
  POSSIBLE SUNSHINE  MM
  AVERAGE SKY COVER 0.1


WEATHER CONDITIONS
 THE FOLLOWING WEATHER WAS RECORDED TODAY.
  NO SIGNIFICANT WEATHER WAS OBSERVED.


RELATIVE HUMIDITY (PERCENT)
 HIGHEST    89           500 AM
 LOWEST     42           100 PM

..........................................................


THE FORT MYERS CLIMATE NORMALS FOR TOMORROW
                         NORMAL    RECORD    YEAR
 MAXIMUM TEMPERATURE (F)   75        86      1975
 MINIMUM TEMPERATURE (F)   54        29      1940


SUNRISE AND SUNSET
JANUARY 27 2015.......SUNRISE   715 AM EST   SUNSET   606 PM EST
JANUARY 28 2015.......SUNRISE   714 AM EST   SUNSET   607 PM EST


-  INDICATES NEGATIVE NUMBERS.
R  INDICATES RECORD WAS SET OR TIED.
MM INDICATES DATA IS MISSING.
T  INDICATES TRACE AMOUNT.




$$


&&
------------------------------------------------------------------
******************** SUPPLEMENTAL DATA ***************************

...GULF WATER TEMPERATURE AT FORT MYERS BEACH 66





U.S. Dept. of Commerce
NOAA National Weather Service
1325 East West Highway
Silver Spring, MD 20910
E-mail: w-nws.webmaster@noaa.gov
Page last modified: May 16, 2007
NATIONAL WEATHER SERVICE: for Safety, for Work, for Fun - FOR LIFE