363
CDUS42 KTBW 242205
CLIFMY


CLIMATE REPORT
NATIONAL WEATHER SERVICE TAMPA BAY FL
602 PM EDT THU APR 24 2014


...................................

...THE FORT MYERS CLIMATE SUMMARY FOR APRIL 24 2014...
VALID TODAY AS OF 0500 PM LOCAL TIME.

CLIMATE NORMAL PERIOD 1981 TO 2010
CLIMATE RECORD PERIOD 1902 TO 2014


WEATHER ITEM   OBSERVED TIME   RECORD YEAR NORMAL DEPARTURE LAST
                VALUE   (LST)  VALUE       VALUE  FROM      YEAR
                                                  NORMAL
..................................................................
TEMPERATURE (F)
 TODAY
  MAXIMUM         85    106 PM  92    2002  86     -1       88
                                      1975
                                      1963
  MINIMUM         62    613 AM  51    1986  64     -2       63
  AVERAGE         74                        75     -1       76

PRECIPITATION (IN)
  TODAY            0.00          4.67 1939   0.07  -0.07     0.00
  MONTH TO DATE    0.93                      1.76  -0.83     3.09
  SINCE MAR 1      4.12                      4.64  -0.52     3.87
  SINCE JAN 1      7.56                      8.73  -1.17     6.35

DEGREE DAYS
 HEATING
  TODAY            0                         0      0        0
  MONTH TO DATE    0                         0      0        0
  SINCE MAR 1      9                        24    -15       85
  SINCE JUL 1    178                       284   -106      201

 COOLING
  TODAY            9                        10     -1       11
  MONTH TO DATE  217                       204     13      289
  SINCE MAR 1    378                       380     -2      360
  SINCE JAN 1    639                       565     74      671
..................................................................


WIND (MPH)
  RESULTANT WIND SPEED   2   RESULTANT WIND DIRECTION   W (270)
  HIGHEST WIND SPEED    16   HIGHEST WIND DIRECTION     W (280)
  HIGHEST GUST SPEED    21   HIGHEST GUST DIRECTION     W (260)
  AVERAGE WIND SPEED     5.0


SKY COVER
  POSSIBLE SUNSHINE  MM
  AVERAGE SKY COVER 0.0


WEATHER CONDITIONS
 THE FOLLOWING WEATHER WAS RECORDED TODAY.
  FOG
  HAZE


RELATIVE HUMIDITY (PERCENT)
 HIGHEST    93           300 AM
 LOWEST     43           100 PM

..........................................................


THE FORT MYERS CLIMATE NORMALS FOR TOMORROW
                         NORMAL    RECORD    YEAR
 MAXIMUM TEMPERATURE (F)   86        93      2011
                                             1989
                                             1958
 MINIMUM TEMPERATURE (F)   64        51      2005


SUNRISE AND SUNSET
APRIL 24 2014.........SUNRISE   655 AM EDT   SUNSET   756 PM EDT
APRIL 25 2014.........SUNRISE   655 AM EDT   SUNSET   757 PM EDT


-  INDICATES NEGATIVE NUMBERS.
R  INDICATES RECORD WAS SET OR TIED.
MM INDICATES DATA IS MISSING.
T  INDICATES TRACE AMOUNT.




$$


&&
------------------------------------------------------------------
******************** SUPPLEMENTAL DATA ***************************

...GULF WATER TEMPERATURE AT NAPLES 79





U.S. Dept. of Commerce
NOAA National Weather Service
1325 East West Highway
Silver Spring, MD 20910
E-mail: w-nws.webmaster@noaa.gov
Page last modified: May 16, 2007
NATIONAL WEATHER SERVICE: for Safety, for Work, for Fun - FOR LIFE