709
CDUS42 KILM 252042
CLIFLO


CLIMATE REPORT
NATIONAL WEATHER SERVICE WILMINGTON NC
442 PM EDT SAT OCT 25 2014


...................................

...THE FLORENCE SC CLIMATE SUMMARY FOR OCTOBER 25 2014...
VALID TODAY AS OF 0400 PM LOCAL TIME.

CLIMATE NORMAL PERIOD 1981 TO 2010
CLIMATE RECORD PERIOD 1948 TO 2014


WEATHER ITEM   OBSERVED TIME   RECORD YEAR NORMAL DEPARTURE LAST
                VALUE   (LST)  VALUE       VALUE  FROM      YEAR
                                                  NORMAL
..................................................................
TEMPERATURE (F)
 TODAY
  MAXIMUM         75    255 PM  84    2012  73      2       61
                                      1991
  MINIMUM         44    553 AM  33    1999  50     -6       42
  AVERAGE         60                        62     -2       52

PRECIPITATION (IN)
  TODAY            0.00          0.84 1970   0.08  -0.08     0.00
  MONTH TO DATE    1.08                      2.59  -1.51     0.82
  SINCE SEP 1      9.50                      6.26   3.24     1.71
  SINCE JAN 1     37.49                     36.74   0.75    48.17

DEGREE DAYS
 HEATING
  TODAY            5                         5      0       13
  MONTH TO DATE   52                        72    -20       46
  SINCE SEP 1     58                        81    -23       46
  SINCE JUL 1     58                        81    -23       46

 COOLING
  TODAY            0                         2     -2        0
  MONTH TO DATE   99                        78     21      103
  SINCE SEP 1    426                       364     62      401
  SINCE JAN 1   2258                      2034    224     2028
..................................................................


WIND (MPH)
  HIGHEST WIND SPEED    10   HIGHEST WIND DIRECTION    NW (300)
  HIGHEST GUST SPEED    13   HIGHEST GUST DIRECTION    NW (300)
  AVERAGE WIND SPEED     4.1


SKY COVER
  POSSIBLE SUNSHINE  MM
  AVERAGE SKY COVER 0.0


WEATHER CONDITIONS
 THE FOLLOWING WEATHER WAS RECORDED TODAY.
  FOG


RELATIVE HUMIDITY (PERCENT)
 HIGHEST    93           100 AM
 LOWEST     23           300 PM
 AVERAGE    58

..........................................................


THE FLORENCE SC CLIMATE NORMALS FOR TOMORROW
                         NORMAL    RECORD    YEAR
 MAXIMUM TEMPERATURE (F)   73        87      1974
 MINIMUM TEMPERATURE (F)   50        29      2013


SUNRISE AND SUNSET
OCTOBER 25 2014.......SUNRISE   732 AM EDT   SUNSET   633 PM EDT
OCTOBER 26 2014.......SUNRISE   733 AM EDT   SUNSET   632 PM EDT


-  INDICATES NEGATIVE NUMBERS.
R  INDICATES RECORD WAS SET OR TIED.
MM INDICATES DATA IS MISSING.
T  INDICATES TRACE AMOUNT.




$$





U.S. Dept. of Commerce
NOAA National Weather Service
1325 East West Highway
Silver Spring, MD 20910
E-mail: w-nws.webmaster@noaa.gov
Page last modified: May 16, 2007
NATIONAL WEATHER SERVICE: for Safety, for Work, for Fun - FOR LIFE