609
CDUS42 KILM 300842
CLIFLO


CLIMATE REPORT
NATIONAL WEATHER SERVICE WILMINGTON NC
442 AM EDT TUE SEP 30 2014


...................................

...THE FLORENCE SC CLIMATE SUMMARY FOR SEPTEMBER 29 2014...

CLIMATE NORMAL PERIOD 1981 TO 2010
CLIMATE RECORD PERIOD 1948 TO 2014


WEATHER ITEM   OBSERVED TIME   RECORD YEAR NORMAL DEPARTURE LAST
                VALUE   (LST)  VALUE       VALUE  FROM      YEAR
                                                  NORMAL
..................................................................
TEMPERATURE (F)
 YESTERDAY
  MAXIMUM         71    254 PM  91    2005  80     -9       78
                                      1973
  MINIMUM         63   1159 PM  48    1962  60      3       54
  AVERAGE         67                        70     -3       66

PRECIPITATION (IN)
  YESTERDAY        0.31          4.29 1959   0.11   0.20     0.00
  MONTH TO DATE    8.42                      3.55   4.87     0.89
  SINCE SEP 1      8.42                      3.55   4.87     0.89
  SINCE JAN 1     36.41                     34.03   2.38    47.35

DEGREE DAYS
 HEATING
  YESTERDAY        0                         1     -1        0
  MONTH TO DATE    6                         6      0        0
  SINCE SEP 1      6                         6      0        0
  SINCE JUL 1      6                         6      0        0

 COOLING
  YESTERDAY        2                         6     -4        1
  MONTH TO DATE  321                       281     40      297
  SINCE SEP 1    321                       281     40      297
  SINCE JAN 1   2153                      1951    202     1924
..................................................................


WIND (MPH)
  HIGHEST WIND SPEED    13   HIGHEST WIND DIRECTION     E (90)
  HIGHEST GUST SPEED    15   HIGHEST GUST DIRECTION     E (90)
  AVERAGE WIND SPEED     3.8


SKY COVER
  POSSIBLE SUNSHINE  MM
  AVERAGE SKY COVER 0.6


WEATHER CONDITIONS
 THE FOLLOWING WEATHER WAS RECORDED YESTERDAY.
  LIGHT RAIN
  FOG


RELATIVE HUMIDITY (PERCENT)
 HIGHEST    93           600 AM
 LOWEST     78          1200 AM
 AVERAGE    86

..........................................................


THE FLORENCE SC CLIMATE NORMALS FOR TODAY
                         NORMAL    RECORD    YEAR
 MAXIMUM TEMPERATURE (F)   80        92      1964
 MINIMUM TEMPERATURE (F)   59        41      1967


SUNRISE AND SUNSET
SEPTEMBER 30 2014.....SUNRISE   713 AM EDT   SUNSET   704 PM EDT
OCTOBER  1 2014.......SUNRISE   713 AM EDT   SUNSET   703 PM EDT


-  INDICATES NEGATIVE NUMBERS.
R  INDICATES RECORD WAS SET OR TIED.
MM INDICATES DATA IS MISSING.
T  INDICATES TRACE AMOUNT.




$$





U.S. Dept. of Commerce
NOAA National Weather Service
1325 East West Highway
Silver Spring, MD 20910
E-mail: w-nws.webmaster@noaa.gov
Page last modified: May 16, 2007
NATIONAL WEATHER SERVICE: for Safety, for Work, for Fun - FOR LIFE