653
CDUS42 KILM 222143
CLIFLO


CLIMATE REPORT
NATIONAL WEATHER SERVICE WILMINGTON NC
442 PM EST MON DEC 22 2014


...................................

...THE FLORENCE SC CLIMATE SUMMARY FOR DECEMBER 22 2014...
VALID TODAY AS OF 0400 PM LOCAL TIME.

CLIMATE NORMAL PERIOD 1981 TO 2010
CLIMATE RECORD PERIOD 1948 TO 2014


WEATHER ITEM   OBSERVED TIME   RECORD YEAR NORMAL DEPARTURE LAST
                VALUE   (LST)  VALUE       VALUE  FROM      YEAR
                                                  NORMAL
..................................................................
TEMPERATURE (F)
 TODAY
  MAXIMUM         44    359 PM  83    2013  56    -12       83
  MINIMUM         42    859 AM  18    1985  35      7       67
  AVERAGE         43                        46     -3       75

PRECIPITATION (IN)
  TODAY            0.26          4.09 1994   0.10   0.16      T
  MONTH TO DATE    0.60                      2.09  -1.49     2.66
  SINCE DEC 1      0.60                      2.09  -1.49     2.66
  SINCE JAN 1     41.89                     41.99  -0.10    53.00

SNOWFALL (IN)
  TODAY           MM
  MONTH TO DATE   MM
  SINCE DEC 1     MM
  SINCE JUL 1     MM
  SNOW DEPTH      MM

DEGREE DAYS
 HEATING
  TODAY           22                        19      3        0
  MONTH TO DATE  345                       377    -32      289
  SINCE DEC 1    345                       377    -32      289
  SINCE JUL 1    845                       799     46      759

 COOLING
  TODAY            0                         0      0       10
  MONTH TO DATE    0                         0      0       18
  SINCE DEC 1      0                         0      0       18
  SINCE JAN 1   2282                      2059    223     2064
..................................................................


WIND (MPH)
  HIGHEST WIND SPEED    15   HIGHEST WIND DIRECTION     N (360)
  HIGHEST GUST SPEED    18   HIGHEST GUST DIRECTION     N (20)
  AVERAGE WIND SPEED     9.2


SKY COVER
  POSSIBLE SUNSHINE  MM
  AVERAGE SKY COVER 0.9


WEATHER CONDITIONS
 THE FOLLOWING WEATHER WAS RECORDED TODAY.
  HEAVY RAIN
  RAIN
  LIGHT RAIN
  FOG


RELATIVE HUMIDITY (PERCENT)
 HIGHEST    96           100 PM
 LOWEST     89           200 AM
 AVERAGE    93

..........................................................


THE FLORENCE SC CLIMATE NORMALS FOR TOMORROW
                         NORMAL    RECORD    YEAR
 MAXIMUM TEMPERATURE (F)   56        81      1990
 MINIMUM TEMPERATURE (F)   35        16      1989


SUNRISE AND SUNSET
DECEMBER 22 2014......SUNRISE   721 AM EST   SUNSET   514 PM EST
DECEMBER 23 2014......SUNRISE   722 AM EST   SUNSET   514 PM EST


-  INDICATES NEGATIVE NUMBERS.
R  INDICATES RECORD WAS SET OR TIED.
MM INDICATES DATA IS MISSING.
T  INDICATES TRACE AMOUNT.




$$





U.S. Dept. of Commerce
NOAA National Weather Service
1325 East West Highway
Silver Spring, MD 20910
E-mail: w-nws.webmaster@noaa.gov
Page last modified: May 16, 2007
NATIONAL WEATHER SERVICE: for Safety, for Work, for Fun - FOR LIFE