537
CDUS42 KMFL 180941
CLIFLL


CLIMATE REPORT
NATIONAL WEATHER SERVICE MIAMI, FL
440 AM EST THU DEC 18 2014


...................................

...THE FORT LAUDERDALE CLIMATE SUMMARY FOR DECEMBER 17 2014...

CLIMATE NORMAL PERIOD 1981 TO 2010
CLIMATE RECORD PERIOD 1839 TO 2014


WEATHER ITEM   OBSERVED TIME   RECORD YEAR NORMAL DEPARTURE LAST
                VALUE   (LST)  VALUE       VALUE  FROM      YEAR
                                                  NORMAL
..................................................................
TEMPERATURE (F)
 YESTERDAY
  MAXIMUM         81    337 PM  87    1956  78      3       77
  MINIMUM         58    518 AM  34    1968  64     -6       59
                                      1920
  AVERAGE         70                        71     -1       68

PRECIPITATION (IN)
  YESTERDAY        0.00          6.62 2009   0.09  -0.09     0.00
  MONTH TO DATE    1.73                      1.46   0.27     1.13
  SINCE NOV 1      4.65                      4.70  -0.05    12.05
  SINCE JAN 1     61.09                     61.18  -0.09    76.38

SNOWFALL (IN)
  YESTERDAY        0.0
  MONTH TO DATE    0.0
  SINCE DEC 1      0.0
  SINCE JUL 1      0.0
  SNOW DEPTH       0

DEGREE DAYS
 HEATING
  YESTERDAY        0                         1     -1        0
  MONTH TO DATE   16                        12      4        0
  SINCE DEC 1     16                        12      4        0
  SINCE JUL 1     26                        14     12        4

 COOLING
  YESTERDAY        5                         7     -2        3
  MONTH TO DATE   97                       132    -35      152
  SINCE DEC 1     97                       132    -35      152
  SINCE JAN 1   4698                      4645     53     4504
..................................................................


WIND (MPH)
  HIGHEST WIND SPEED    12   HIGHEST WIND DIRECTION     W (270)
  HIGHEST GUST SPEED    15   HIGHEST GUST DIRECTION     W (280)
  AVERAGE WIND SPEED     4.9


SKY COVER
  AVERAGE SKY COVER 0.0


WEATHER CONDITIONS
 THE FOLLOWING WEATHER WAS RECORDED YESTERDAY.
  NO SIGNIFICANT WEATHER WAS OBSERVED.


RELATIVE HUMIDITY (PERCENT)
 HIGHEST    86
 LOWEST     39
 AVERAGE    63

..........................................................


THE FORT LAUDERDALE CLIMATE NORMALS FOR TODAY
                         NORMAL    RECORD    YEAR
 MAXIMUM TEMPERATURE (F)   78        87      1989
 MINIMUM TEMPERATURE (F)   64        38      1973


SUNRISE AND SUNSET
DECEMBER 18 2014......SUNRISE   702 AM EST   SUNSET   533 PM EST
DECEMBER 19 2014......SUNRISE   702 AM EST   SUNSET   533 PM EST


-  INDICATES NEGATIVE NUMBERS.
R  INDICATES RECORD WAS SET OR TIED.
MM INDICATES DATA IS MISSING.
T  INDICATES TRACE AMOUNT.




$$





U.S. Dept. of Commerce
NOAA National Weather Service
1325 East West Highway
Silver Spring, MD 20910
E-mail: w-nws.webmaster@noaa.gov
Page last modified: May 16, 2007
NATIONAL WEATHER SERVICE: for Safety, for Work, for Fun - FOR LIFE