310
CDUS42 KMFL 300830
CLIFLL


CLIMATE REPORT
NATIONAL WEATHER SERVICE MIAMI, FL
430 AM EDT TUE SEP 30 2014


...................................

...THE FORT LAUDERDALE CLIMATE SUMMARY FOR SEPTEMBER 29 2014...

CLIMATE NORMAL PERIOD 1981 TO 2010
CLIMATE RECORD PERIOD 1839 TO 2014


WEATHER ITEM   OBSERVED TIME   RECORD YEAR NORMAL DEPARTURE LAST
                VALUE   (LST)  VALUE       VALUE  FROM      YEAR
                                                  NORMAL
..................................................................
TEMPERATURE (F)
 YESTERDAY
  MAXIMUM         89    237 PM  95    1952  88      1       86
  MINIMUM         76    842 PM  66    1923  77     -1       74
  AVERAGE         83                        83      0       80

PRECIPITATION (IN)
  YESTERDAY        0.51          4.44 1990   0.26   0.25     0.16
  MONTH TO DATE    9.83                      8.34   1.49     3.73
  SINCE JUN 1     33.36                     31.92   1.44    35.98
  SINCE JAN 1     53.96                     49.41   4.55    60.76

SNOWFALL (IN)
  YESTERDAY        0.0
  MONTH TO DATE    0.0
  SINCE SEP 1      0.0
  SINCE JUL 1      0.0
  SNOW DEPTH       0

DEGREE DAYS
 HEATING
  YESTERDAY        0                         0      0        0
  MONTH TO DATE    0                         0      0        0
  SINCE SEP 1      0                         0      0        0
  SINCE JUL 1      0                         0      0        0

 COOLING
  YESTERDAY       18                        18      0       15
  MONTH TO DATE  536                       528      8      496
  SINCE SEP 1    536                       528      8      496
  SINCE JAN 1   3846                      3694    152     3543
..................................................................


WIND (MPH)
  HIGHEST WIND SPEED    16   HIGHEST WIND DIRECTION     W (250)
  HIGHEST GUST SPEED    21   HIGHEST GUST DIRECTION    SW (230)
  AVERAGE WIND SPEED     6.6


SKY COVER
  AVERAGE SKY COVER 0.5


WEATHER CONDITIONS
 THE FOLLOWING WEATHER WAS RECORDED YESTERDAY.
  THUNDERSTORM
  HEAVY RAIN
  RAIN
  LIGHT RAIN
  FOG


RELATIVE HUMIDITY (PERCENT)
 HIGHEST    88
 LOWEST     63
 AVERAGE    76

..........................................................


THE FORT LAUDERDALE CLIMATE NORMALS FOR TODAY
                         NORMAL    RECORD    YEAR
 MAXIMUM TEMPERATURE (F)   88        95      1980
 MINIMUM TEMPERATURE (F)   77        63      1919


SUNRISE AND SUNSET
SEPTEMBER 30 2014.....SUNRISE   712 AM EDT   SUNSET   708 PM EDT
OCTOBER  1 2014.......SUNRISE   713 AM EDT   SUNSET   707 PM EDT


-  INDICATES NEGATIVE NUMBERS.
R  INDICATES RECORD WAS SET OR TIED.
MM INDICATES DATA IS MISSING.
T  INDICATES TRACE AMOUNT.




$$






U.S. Dept. of Commerce
NOAA National Weather Service
1325 East West Highway
Silver Spring, MD 20910
E-mail: w-nws.webmaster@noaa.gov
Page last modified: May 16, 2007
NATIONAL WEATHER SERVICE: for Safety, for Work, for Fun - FOR LIFE