004
CDUS42 KMFL 210824
CLIFLL


CLIMATE REPORT
NATIONAL WEATHER SERVICE MIAMI, FL
423 AM EDT MON APR 21 2014


...................................

...THE FORT LAUDERDALE CLIMATE SUMMARY FOR APRIL 20 2014...

CLIMATE NORMAL PERIOD 1981 TO 2010
CLIMATE RECORD PERIOD 1839 TO 2014


WEATHER ITEM   OBSERVED TIME   RECORD YEAR NORMAL DEPARTURE LAST
                VALUE   (LST)  VALUE       VALUE  FROM      YEAR
                                                  NORMAL
..................................................................
TEMPERATURE (F)
 YESTERDAY
  MAXIMUM         80    344 PM  91    1969  83     -3       87
  MINIMUM         66    557 AM  55    1983  70     -4       71
                                      1936
  AVERAGE         73                        77     -4       79

PRECIPITATION (IN)
  YESTERDAY        0.00          1.60 1934   0.11  -0.11     0.98
  MONTH TO DATE    4.22                      2.08   2.14     5.13
  SINCE OCT 1     28.08                     24.55   3.53    18.29
  SINCE JAN 1     12.39                     12.03   0.36     8.34

SNOWFALL (IN)
  YESTERDAY        0.0
  MONTH TO DATE    0.0
  SINCE MAR 1      0.0
  SINCE JUL 1      0.0
  SNOW DEPTH       0

DEGREE DAYS
 HEATING
  YESTERDAY        0                         0      0        0
  MONTH TO DATE    0                         0      0        0
  SINCE MAR 1      1                         9     -8       42
  SINCE JUL 1     81                       111    -30       85

 COOLING
  YESTERDAY        8                        12     -4       14
  MONTH TO DATE  249                       213     36      256
  SINCE MAR 1    521                       467     54      388
  SINCE JAN 1    909                       823     86      845
..................................................................


WIND (MPH)
  HIGHEST WIND SPEED    14   HIGHEST WIND DIRECTION    NW (310)
  HIGHEST GUST SPEED    20   HIGHEST GUST DIRECTION     W (270)
  AVERAGE WIND SPEED     8.3


SKY COVER
  AVERAGE SKY COVER 0.6


WEATHER CONDITIONS
 THE FOLLOWING WEATHER WAS RECORDED YESTERDAY.
  NO SIGNIFICANT WEATHER WAS OBSERVED.


RELATIVE HUMIDITY (PERCENT)
 HIGHEST    76
 LOWEST     48
 AVERAGE    62

..........................................................


THE FORT LAUDERDALE CLIMATE NORMALS FOR TODAY
                         NORMAL    RECORD    YEAR
 MAXIMUM TEMPERATURE (F)   83        89      1959
 MINIMUM TEMPERATURE (F)   70        49      1953


SUNRISE AND SUNSET
APRIL 21 2014.........SUNRISE   652 AM EDT   SUNSET   747 PM EDT
APRIL 22 2014.........SUNRISE   651 AM EDT   SUNSET   748 PM EDT


-  INDICATES NEGATIVE NUMBERS.
R  INDICATES RECORD WAS SET OR TIED.
MM INDICATES DATA IS MISSING.
T  INDICATES TRACE AMOUNT.




$$






U.S. Dept. of Commerce
NOAA National Weather Service
1325 East West Highway
Silver Spring, MD 20910
E-mail: w-nws.webmaster@noaa.gov
Page last modified: May 16, 2007
NATIONAL WEATHER SERVICE: for Safety, for Work, for Fun - FOR LIFE