074
CDUS42 KMFL 252018
CLIFLL


CLIMATE REPORT
NATIONAL WEATHER SERVICE MIAMI, FL
418 PM EDT SAT OCT 25 2014


...................................

...THE FORT LAUDERDALE CLIMATE SUMMARY FOR OCTOBER 25 2014...
VALID TODAY AS OF 0400 PM LOCAL TIME.

CLIMATE NORMAL PERIOD 1981 TO 2010
CLIMATE RECORD PERIOD 1839 TO 2014


WEATHER ITEM   OBSERVED TIME   RECORD YEAR NORMAL DEPARTURE LAST
                VALUE   (LST)  VALUE       VALUE  FROM      YEAR
                                                  NORMAL
..................................................................
TEMPERATURE (F)
 TODAY
  MAXIMUM         84   1247 PM  93    1925  85     -1       83
  MINIMUM         68    631 AM  47    1923  74     -6       71
  AVERAGE         76                        79     -3       77

PRECIPITATION (IN)
  TODAY            0.00          1.19 1921   0.17  -0.17      T
  MONTH TO DATE    2.36                      5.81  -3.45     3.56
  SINCE JUN 1     35.73                     37.98  -2.25    39.54
  SINCE JAN 1     56.33                     55.47   0.86    64.32

SNOWFALL (IN)
  TODAY            0.0
  MONTH TO DATE    0.0
  SINCE SEP 1      0.0
  SINCE JUL 1      0.0
  SNOW DEPTH       0

DEGREE DAYS
 HEATING
  TODAY            0                         0      0
  MONTH TO DATE    0                         0      0
  SINCE SEP 1      0                         0      0
  SINCE JUL 1      0                         0      0

 COOLING
  TODAY           11                        14     -3
  MONTH TO DATE  403                       400      3
  SINCE SEP 1    958                       946     12
  SINCE JAN 1   4268                      4112    156
..................................................................


WIND (MPH)
  HIGHEST WIND SPEED    17   HIGHEST WIND DIRECTION    NE (60)
  HIGHEST GUST SPEED    22   HIGHEST GUST DIRECTION    NE (30)
  AVERAGE WIND SPEED     9.5


SKY COVER
  AVERAGE SKY COVER 0.3


WEATHER CONDITIONS
 THE FOLLOWING WEATHER WAS RECORDED TODAY.
  NO SIGNIFICANT WEATHER WAS OBSERVED.


RELATIVE HUMIDITY (PERCENT)
 HIGHEST    84
 LOWEST     47
 AVERAGE    66

..........................................................


THE FORT LAUDERDALE CLIMATE NORMALS FOR TOMORROW
                         NORMAL    RECORD    YEAR
 MAXIMUM TEMPERATURE (F)   84        92      1925
 MINIMUM TEMPERATURE (F)   74        54      2005


SUNRISE AND SUNSET
OCTOBER 25 2014.......SUNRISE   725 AM EDT   SUNSET   644 PM EDT
OCTOBER 26 2014.......SUNRISE   726 AM EDT   SUNSET   643 PM EDT


-  INDICATES NEGATIVE NUMBERS.
R  INDICATES RECORD WAS SET OR TIED.
MM INDICATES DATA IS MISSING.
T  INDICATES TRACE AMOUNT.

$$





U.S. Dept. of Commerce
NOAA National Weather Service
1325 East West Highway
Silver Spring, MD 20910
E-mail: w-nws.webmaster@noaa.gov
Page last modified: May 16, 2007
NATIONAL WEATHER SERVICE: for Safety, for Work, for Fun - FOR LIFE