698
CDUS45 KFGZ 310804
CLIFLG
CLIMATE REPORT
NATIONAL WEATHER SERVICE FLAGSTAFF, AZ
103 AM MST FRI OCT 31 2014


...................................

...THE FLAGSTAFF AZ AIRPORT CLIMATE SUMMARY FOR OCTOBER 30 2014...

CLIMATE NORMAL PERIOD 1981 TO 2010
CLIMATE RECORD PERIOD 1898 TO 2014


WEATHER ITEM   OBSERVED TIME   RECORD YEAR NORMAL DEPARTURE LAST
                VALUE   (LST)  VALUE       VALUE  FROM      YEAR
                                                  NORMAL
..................................................................
TEMPERATURE (F)
 YESTERDAY
  MAXIMUM         69    211 PM  72    1934  57     12       46
  MINIMUM         26    654 AM  -2    1971  28     -2       27
  AVERAGE         48                        42      6

PRECIPITATION (IN)
  YESTERDAY        0.00          1.54 1920   0.06  -0.06     0.04
  MONTH TO DATE    0.69                      1.60  -0.91     0.29
  SINCE SEP 1      3.79                      3.98  -0.19     3.54
  SINCE JAN 1     16.63                     18.17  -1.54    21.22

SNOWFALL (IN)
  YESTERDAY        0.0           9.5  1974   0.1              T
  MONTH TO DATE    0.0                       1.3             0.6
  SINCE JUL 1      0.0                       1.3             0.6
  SNOW DEPTH       0

DEGREE DAYS
 HEATING
  YESTERDAY       17                        23     -6       28
  MONTH TO DATE  404                       543   -139      615
  SINCE JUL 1    656                       860   -204      909

 COOLING
  YESTERDAY        0                         0      0        0
  MONTH TO DATE    0                         0      0        0
  SINCE JAN 1    109                       117     -8      148
..................................................................


WIND (MPH)
  HIGHEST WIND SPEED    12   HIGHEST WIND DIRECTION     E (70)
  HIGHEST GUST SPEED    16   HIGHEST GUST DIRECTION     E (70)
  AVERAGE WIND SPEED     2.8


SKY COVER
  POSSIBLE SUNSHINE  MM
  AVERAGE SKY COVER 0.0


WEATHER CONDITIONS
 THE FOLLOWING WEATHER WAS RECORDED YESTERDAY.
  NO SIGNIFICANT WEATHER WAS OBSERVED.


RELATIVE HUMIDITY (PERCENT)
 HIGHEST    81           600 AM
 LOWEST     17           200 PM
 AVERAGE    49

..........................................................


THE FLAGSTAFF AZ AIRPORT CLIMATE NORMALS FOR TODAY
                         NORMAL    RECORD    YEAR
 MAXIMUM TEMPERATURE (F)   57        70      1999
                                             1973
                                             1939
 MINIMUM TEMPERATURE (F)   27         7      1935


SUNRISE AND SUNSET
OCTOBER 31 2014.......SUNRISE   647 AM MST   SUNSET   533 PM MST
NOVEMBER  1 2014......SUNRISE   648 AM MST   SUNSET   532 PM MST


-  INDICATES NEGATIVE NUMBERS.
R  INDICATES RECORD WAS SET OR TIED.
MM INDICATES DATA IS MISSING.
T  INDICATES TRACE AMOUNT.




$$


&&

-------------------------------------------------------------------
SNOW DEPTH DATA FOR FLAGSTAFF AIRPORT IS REPORTED AT 5 AM MST


-------------------------------------------------------------------
SUPPLEMENTARY CLIMATE DATA FOR NWS BELLEMONT, ARIZONA

SNOW DEPTH (IN) AT 11 AM..........................................0
WATER EQUIVALENT OF SNOW PACK (IN) AT 11 AM*......................0
* ONLY MEASURED IF SNOW DEPTH IS 2.0 INCHES OR GREATER
-------------------------------------------------------------------




U.S. Dept. of Commerce
NOAA National Weather Service
1325 East West Highway
Silver Spring, MD 20910
E-mail: w-nws.webmaster@noaa.gov
Page last modified: May 16, 2007
NATIONAL WEATHER SERVICE: for Safety, for Work, for Fun - FOR LIFE