517
CDUS45 KFGZ 200749
CLIFLG
CLIMATE REPORT
NATIONAL WEATHER SERVICE FLAGSTAFF, AZ
1245 AM MST SAT DEC 20 2014


...................................

...THE FLAGSTAFF AZ AIRPORT CLIMATE SUMMARY FOR DECEMBER 19 2014...

CLIMATE NORMAL PERIOD 1981 TO 2010
CLIMATE RECORD PERIOD 1898 TO 2014


WEATHER ITEM   OBSERVED TIME   RECORD YEAR NORMAL DEPARTURE LAST
                VALUE   (LST)  VALUE       VALUE  FROM      YEAR
                                                  NORMAL
..................................................................
TEMPERATURE (F)
 YESTERDAY
  MAXIMUM         40    251 PM  62    1958  42     -2       40
  MINIMUM         10    745 AM -14    1924  16     -6       29
  AVERAGE         25                        29     -4

PRECIPITATION (IN)
  YESTERDAY        0.00          2.32 1967   0.06  -0.06     0.38
  MONTH TO DATE    2.71                      1.09   1.62     1.03
  SINCE SEP 1      7.10                      6.89   0.21     6.79
  SINCE JAN 1     19.94                     21.08  -1.14    24.47

SNOWFALL (IN)
  YESTERDAY        0.0          22.7  1967   0.6             4.0
  MONTH TO DATE    4.4                       9.8            13.7
  SINCE JUL 1      4.4                      22.0            25.7
  SNOW DEPTH       0

DEGREE DAYS
 HEATING
  YESTERDAY       40                        36      4       30
  MONTH TO DATE  546                       665   -119      739
  SINCE JUL 1   1963                      2397   -434     2494

 COOLING
  YESTERDAY        0                         0      0        0
  MONTH TO DATE    0                         0      0        0
  SINCE JAN 1    109                       117     -8      148
..................................................................


WIND (MPH)
  HIGHEST WIND SPEED     9   HIGHEST WIND DIRECTION     E (100)
  HIGHEST GUST SPEED    12   HIGHEST GUST DIRECTION     E (90)
  AVERAGE WIND SPEED     1.4


SKY COVER
  POSSIBLE SUNSHINE  MM
  AVERAGE SKY COVER 0.1


WEATHER CONDITIONS
 THE FOLLOWING WEATHER WAS RECORDED YESTERDAY.
  FOG
  FOG W/VISIBILITY <= 1/4 MILE


RELATIVE HUMIDITY (PERCENT)
 HIGHEST   100          1000 PM
 LOWEST     59           300 PM
 AVERAGE    80

..........................................................


THE FLAGSTAFF AZ AIRPORT CLIMATE NORMALS FOR TODAY
                         NORMAL    RECORD    YEAR
 MAXIMUM TEMPERATURE (F)   42        61      1917
 MINIMUM TEMPERATURE (F)   16       -12      1924


SUNRISE AND SUNSET
DECEMBER 20 2014......SUNRISE   731 AM MST   SUNSET   518 PM MST
DECEMBER 21 2014......SUNRISE   731 AM MST   SUNSET   519 PM MST


-  INDICATES NEGATIVE NUMBERS.
R  INDICATES RECORD WAS SET OR TIED.
MM INDICATES DATA IS MISSING.
T  INDICATES TRACE AMOUNT.




$$


&&

-------------------------------------------------------------------
SNOW DEPTH DATA FOR FLAGSTAFF AIRPORT IS REPORTED AT 5 AM MST


-------------------------------------------------------------------
SUPPLEMENTARY CLIMATE DATA FOR NWS BELLEMONT, ARIZONA

SNOW DEPTH (IN) AT 5 AM........................................T
WATER EQUIVALENT OF SNOW PACK (IN) AT 11 AM*....................
* ONLY MEASURED IF SNOW DEPTH IS 2.0 INCHES OR GREATER
-------------------------------------------------------------------




U.S. Dept. of Commerce
NOAA National Weather Service
1325 East West Highway
Silver Spring, MD 20910
E-mail: w-nws.webmaster@noaa.gov
Page last modified: May 16, 2007
NATIONAL WEATHER SERVICE: for Safety, for Work, for Fun - FOR LIFE