009
CDUS45 KFGZ 310056
CLIFLG
CLIMATE REPORT
NATIONAL WEATHER SERVICE FLAGSTAFF, AZ
555 PM MST SAT AUG 30 2014


...................................

...THE FLAGSTAFF AZ AIRPORT CLIMATE SUMMARY FOR AUGUST 30 2014...
VALID TODAY AS OF 0500 PM LOCAL TIME.

CLIMATE NORMAL PERIOD 1981 TO 2010
CLIMATE RECORD PERIOD 1898 TO 2014


WEATHER ITEM   OBSERVED TIME   RECORD YEAR NORMAL DEPARTURE LAST
                VALUE   (LST)  VALUE       VALUE  FROM      YEAR
                                                  NORMAL
..................................................................
TEMPERATURE (F)
 TODAY
  MAXIMUM         79    433 PM  90    1948  77      2       74
  MINIMUM         44    601 AM  36    1975  47     -3       54
                                      1942
                                      1907
  AVERAGE         62                        62      0       64

PRECIPITATION (IN)
  TODAY            0.00          1.23 1946   0.09  -0.09     0.45
  MONTH TO DATE    5.31                      3.02   2.29     4.61
  SINCE SEP 1     19.95                     21.77  -1.82    21.83
  SINCE JAN 1     12.84                     14.10  -1.26    17.44

SNOWFALL (IN)
  TODAY            0.0           0.3  2000   0.0    0.0      0.0
  MONTH TO DATE    0.0                       0.0    0.0      0.0
  SINCE SEP 1     44.4                     101.7  -57.3     69.7
  SNOW DEPTH       0

DEGREE DAYS
 HEATING
  TODAY            3                         3      0        1
  MONTH TO DATE   92                        53     39       46
  SINCE JUL 1     93                        85      8       55

 COOLING
  TODAY            0                         0      0        0
  MONTH TO DATE   11                        34    -23       19
  SINCE JAN 1    109                       115     -6      144
..................................................................


WIND (MPH)
  HIGHEST WIND SPEED    17   HIGHEST WIND DIRECTION    SW (230)
  HIGHEST GUST SPEED    23   HIGHEST GUST DIRECTION    SW (220)
  AVERAGE WIND SPEED     5.1


SKY COVER
  POSSIBLE SUNSHINE  MM
  AVERAGE SKY COVER 0.0


WEATHER CONDITIONS
 THE FOLLOWING WEATHER WAS RECORDED TODAY.
  NO SIGNIFICANT WEATHER WAS OBSERVED.


RELATIVE HUMIDITY (PERCENT)
 HIGHEST    83           400 AM
 LOWEST     21           100 PM
 AVERAGE    52

..........................................................


THE FLAGSTAFF AZ AIRPORT CLIMATE NORMALS FOR TOMORROW
                         NORMAL    RECORD    YEAR
 MAXIMUM TEMPERATURE (F)   77        89      1950
                                             1949
                                             1948
 MINIMUM TEMPERATURE (F)   47        35      1957


SUNRISE AND SUNSET
AUGUST 30 2014........SUNRISE   558 AM MST   SUNSET   656 PM MST
AUGUST 31 2014........SUNRISE   559 AM MST   SUNSET   655 PM MST


-  INDICATES NEGATIVE NUMBERS.
R  INDICATES RECORD WAS SET OR TIED.
MM INDICATES DATA IS MISSING.
T  INDICATES TRACE AMOUNT.




$$


&&

-------------------------------------------------------------------
SNOW DEPTH DATA FOR FLAGSTAFF AIRPORT IS REPORTED AT 5 AM MST


-------------------------------------------------------------------
SUPPLEMENTARY CLIMATE DATA FOR NWS BELLEMONT, ARIZONA

SNOW DEPTH (IN) AT 11 AM..........................................0
WATER EQUIVALENT OF SNOW PACK (IN) AT 11 AM*......................0
* ONLY MEASURED IF SNOW DEPTH IS 2.0 INCHES OR GREATER
-------------------------------------------------------------------




U.S. Dept. of Commerce
NOAA National Weather Service
1325 East West Highway
Silver Spring, MD 20910
E-mail: w-nws.webmaster@noaa.gov
Page last modified: May 16, 2007
NATIONAL WEATHER SERVICE: for Safety, for Work, for Fun - FOR LIFE