005
CSUS97 KFGF 200634
CLIFGF


CLIMATE REPORT
NATIONAL WEATHER SERVICE EASTERN NORTH DAKOTA/GRAND FORKS
133 AM CDT SUN APR 20 2014


...................................

...THE GRAND FORKS UNIV. (NWS) ND CLIMATE SUMMARY FOR APRIL 19 2014...

CLIMATE NORMAL PERIOD 1981 TO 2010
CLIMATE RECORD PERIOD 1890 TO 2014


WEATHER ITEM   OBSERVED TIME   RECORD YEAR NORMAL DEPARTURE LAST
                VALUE   (LST)  VALUE       VALUE  FROM      YEAR
                                                  NORMAL
..................................................................
TEMPERATURE (F)
 YESTERDAY
  MAXIMUM         64        MM  84    1985  57      7       35
                                      1952
  MINIMUM         39        MM   7    1928  33      6       23
  AVERAGE         52                        45      7       29

PRECIPITATION (IN)
  YESTERDAY        T             1.32   MM   0.03  -0.03     0.00
  MONTH TO DATE    0.16                      0.54  -0.38     0.63
  SINCE MAR 1      1.27                      1.56  -0.29     1.35
  SINCE JAN 1      2.00                      2.86  -0.86     2.17

SNOWFALL (IN)
  YESTERDAY        0.0           3.5    MM   0.0    0.0      0.0
  MONTH TO DATE    1.1                       0.8    0.3      6.7
  SINCE MAR 1     14.6                       7.2    7.4     25.9
  SINCE JUL 1     60.3                      42.5   17.8     59.5
  SNOW DEPTH       0

DEGREE DAYS
 HEATING
  YESTERDAY       13                        20     -7       36
  MONTH TO DATE  580                       473    107      695
  SINCE MAR 1   2016                      1679    337     2201
  SINCE JUL 1   9762                      8639   1123     9218

 COOLING
  YESTERDAY        0                         0      0        0
  MONTH TO DATE    0                         0      0        0
  SINCE MAR 1      0                         0      0        0
  SINCE JAN 1      0                         0      0        0
..................................................................


WIND (MPH)
  RESULTANT WIND SPEED  MM   RESULTANT WIND DIRECTION  MM
  HIGHEST WIND SPEED    MM   HIGHEST WIND DIRECTION    MM
  HIGHEST GUST SPEED    MM   HIGHEST GUST DIRECTION    MM
  AVERAGE WIND SPEED    MM


SKY COVER
  POSSIBLE SUNSHINE  MM
  AVERAGE SKY COVER  MM


WEATHER CONDITIONS
 THE FOLLOWING WEATHER WAS RECORDED YESTERDAY.
  LIGHT RAIN


RELATIVE HUMIDITY (PERCENT)
 HIGHEST    MM
 LOWEST     MM
 AVERAGE    MM

..........................................................


THE GRAND FORKS UNIV. (NWS) ND CLIMATE NORMALS FOR TODAY
                         NORMAL    RECORD    YEAR
 MAXIMUM TEMPERATURE (F)   58        89      1980
 MINIMUM TEMPERATURE (F)   34        18      2013
                                             1938


SUNRISE AND SUNSET
APRIL 20 2014.........SUNRISE   630 AM CDT   SUNSET   826 PM CDT
APRIL 21 2014.........SUNRISE   628 AM CDT   SUNSET   827 PM CDT


-  INDICATES NEGATIVE NUMBERS.
R  INDICATES RECORD WAS SET OR TIED.
MM INDICATES DATA IS MISSING.
T  INDICATES TRACE AMOUNT.




$$





U.S. Dept. of Commerce
NOAA National Weather Service
1325 East West Highway
Silver Spring, MD 20910
E-mail: w-nws.webmaster@noaa.gov
Page last modified: May 16, 2007
NATIONAL WEATHER SERVICE: for Safety, for Work, for Fun - FOR LIFE