497
CDUS43 KFGF 240632
CLIFGF


CLIMATE REPORT
NATIONAL WEATHER SERVICE EASTERN NORTH DAKOTA/GRAND FORKS
132 AM CDT FRI OCT 24 2014


...................................

...THE GRAND FORKS UNIV. (NWS) ND CLIMATE SUMMARY FOR OCTOBER 23 2014...

CLIMATE NORMAL PERIOD 1981 TO 2010
CLIMATE RECORD PERIOD 1890 TO 2014


WEATHER ITEM   OBSERVED TIME   RECORD YEAR NORMAL DEPARTURE LAST
                VALUE   (LST)  VALUE       VALUE  FROM      YEAR
                                                  NORMAL
..................................................................
TEMPERATURE (F)
 YESTERDAY
  MAXIMUM         71        MM  77    1963  50     21       37
  MINIMUM         43        MM   1    1917  31     12       29
  AVERAGE         57                        41     16       33

PRECIPITATION (IN)
  YESTERDAY        0.00          0.99   MM   0.06  -0.06      T
  MONTH TO DATE    0.54                      1.55  -1.01     2.82
  SINCE SEP 1      1.86                      3.60  -1.74     4.89
  SINCE JAN 1     22.28                     19.70   2.58    18.33

SNOWFALL (IN)
  YESTERDAY        0.0           4.1    MM   0.0    0.0       T
  MONTH TO DATE    T                         0.5   -0.5       T
  SINCE SEP 1      T                         0.5   -0.5       T
  SINCE JUL 1      T                         0.5   -0.5       T
  SNOW DEPTH       0

DEGREE DAYS
 HEATING
  YESTERDAY        8                        24    -16       32
  MONTH TO DATE  371                       436    -65      447
  SINCE SEP 1    568                       676   -108      567
  SINCE JUL 1    624                       740   -116      626

 COOLING
  YESTERDAY        0                         0      0        0
  MONTH TO DATE    0                         0      0        0
  SINCE SEP 1     31                        30      1       46
  SINCE JAN 1    395                       462    -67      528
..................................................................


WIND (MPH)
  RESULTANT WIND SPEED  MM   RESULTANT WIND DIRECTION  MM
  HIGHEST WIND SPEED    MM   HIGHEST WIND DIRECTION    MM
  HIGHEST GUST SPEED    MM   HIGHEST GUST DIRECTION    MM
  AVERAGE WIND SPEED    MM


SKY COVER
  POSSIBLE SUNSHINE  MM
  AVERAGE SKY COVER  MM


WEATHER CONDITIONS
 THE FOLLOWING WEATHER WAS RECORDED YESTERDAY.
  NO SIGNIFICANT WEATHER WAS OBSERVED.


RELATIVE HUMIDITY (PERCENT)
 HIGHEST    MM
 LOWEST     MM
 AVERAGE    MM

..........................................................


THE GRAND FORKS UNIV. (NWS) ND CLIMATE NORMALS FOR TODAY
                         NORMAL    RECORD    YEAR
 MAXIMUM TEMPERATURE (F)   50        79      1989
 MINIMUM TEMPERATURE (F)   31        11      1933


SUNRISE AND SUNSET
OCTOBER 24 2014.......SUNRISE   801 AM CDT   SUNSET   623 PM CDT
OCTOBER 25 2014.......SUNRISE   803 AM CDT   SUNSET   622 PM CDT


-  INDICATES NEGATIVE NUMBERS.
R  INDICATES RECORD WAS SET OR TIED.
MM INDICATES DATA IS MISSING.
T  INDICATES TRACE AMOUNT.




$$





U.S. Dept. of Commerce
NOAA National Weather Service
1325 East West Highway
Silver Spring, MD 20910
E-mail: w-nws.webmaster@noaa.gov
Page last modified: May 16, 2007
NATIONAL WEATHER SERVICE: for Safety, for Work, for Fun - FOR LIFE