413
CDUS43 KLMK 240627
CLIFFT


CLIMATE REPORT
NATIONAL WEATHER SERVICE LOUISVILLE KY
227 AM EDT FRI OCT 24 2014


...................................

...THE FRANKFORT KY CLIMATE SUMMARY FOR OCTOBER 23 2014...

CLIMATE NORMAL PERIOD 1981 TO 2010
CLIMATE RECORD PERIOD 1895 TO 2014


WEATHER ITEM   OBSERVED TIME   RECORD YEAR NORMAL DEPARTURE LAST
                VALUE   (LST)  VALUE       VALUE  FROM      YEAR
                                                  NORMAL
..................................................................
TEMPERATURE (F)
 YESTERDAY
  MAXIMUM         61    352 PM  88    1947  66     -5       47
  MINIMUM         39    718 AM  20    1952  42     -3       37
  AVERAGE         50                        54     -4       42

PRECIPITATION (IN)
  YESTERDAY        0.00          3.76 2007   0.12  -0.12     0.02
  MONTH TO DATE    3.95                      2.39   1.56     3.57
  SINCE SEP 1      6.78                      5.72   1.06     5.29
  SINCE JAN 1     40.07                     37.03   3.04    40.35

SNOWFALL (IN)
  YESTERDAY       MM            MM      MM  MM     MM       MM
  MONTH TO DATE   MM                        MM     MM       MM
  SINCE SEP 1     MM                        MM     MM       MM
  SINCE JUL 1     MM                        MM     MM       MM
  SNOW DEPTH      MM

DEGREE DAYS
 HEATING
  YESTERDAY       15                        11      4       23
  MONTH TO DATE  199                       188     11      174
  SINCE SEP 1    257                       241     16      200
  SINCE JUL 1    260                       242     18      204

 COOLING
  YESTERDAY        0                         0      0        0
  MONTH TO DATE   16                        15      1       40
  SINCE SEP 1    144                       148     -4      191
  SINCE JAN 1   1070                      1150    -80     1127
..................................................................


WIND (MPH)
  HIGHEST WIND SPEED     9   HIGHEST WIND DIRECTION     E (70)
  HIGHEST GUST SPEED    15   HIGHEST GUST DIRECTION    NE (40)
  AVERAGE WIND SPEED     2.1


SKY COVER
  POSSIBLE SUNSHINE  MM
  AVERAGE SKY COVER 0.3


WEATHER CONDITIONS
 THE FOLLOWING WEATHER WAS RECORDED YESTERDAY.
  NO SIGNIFICANT WEATHER WAS OBSERVED.


RELATIVE HUMIDITY (PERCENT)
 HIGHEST    92           700 AM
 LOWEST     47           200 PM
 AVERAGE    70

..........................................................


THE FRANKFORT KY CLIMATE NORMALS FOR TODAY
                         NORMAL    RECORD    YEAR
 MAXIMUM TEMPERATURE (F)   66        85      1932
 MINIMUM TEMPERATURE (F)   42        21      1981


SUNRISE AND SUNSET
OCTOBER 24 2014.......SUNRISE   757 AM EDT   SUNSET   650 PM EDT
OCTOBER 25 2014.......SUNRISE   758 AM EDT   SUNSET   648 PM EDT


-  INDICATES NEGATIVE NUMBERS.
R  INDICATES RECORD WAS SET OR TIED.
MM INDICATES DATA IS MISSING.
T  INDICATES TRACE AMOUNT.




$$





U.S. Dept. of Commerce
NOAA National Weather Service
1325 East West Highway
Silver Spring, MD 20910
E-mail: w-nws.webmaster@noaa.gov
Page last modified: May 16, 2007
NATIONAL WEATHER SERVICE: for Safety, for Work, for Fun - FOR LIFE