975
CDUS43 KLMK 300628
CLIFFT


CLIMATE REPORT
NATIONAL WEATHER SERVICE LOUISVILLE KY
228 AM EDT WED JUL 30 2014


...................................

...THE FRANKFORT KY CLIMATE SUMMARY FOR JULY 29 2014...

CLIMATE NORMAL PERIOD 1981 TO 2010
CLIMATE RECORD PERIOD 1895 TO 2014


WEATHER ITEM   OBSERVED TIME   RECORD YEAR NORMAL DEPARTURE LAST
                VALUE   (LST)  VALUE       VALUE  FROM      YEAR
                                                  NORMAL
..................................................................
TEMPERATURE (F)
 YESTERDAY
  MAXIMUM         75    435 PM 105    1952  87    -12       80
                                      1930
  MINIMUM         50R   621 AM  52    2013  65    -15       52
  AVERAGE         63                        76    -13       66

PRECIPITATION (IN)
  YESTERDAY        0.00          1.59 1972   0.13  -0.13     0.00
  MONTH TO DATE    3.03                      4.14  -1.11     7.41
  SINCE JUN 1      6.95                      8.23  -1.28    13.92
  SINCE JAN 1     27.73                     27.70   0.03    32.59

SNOWFALL (IN)
  YESTERDAY       MM            MM      MM  MM     MM       MM
  MONTH TO DATE   MM                        MM     MM       MM
  SINCE JUN 1     MM                        MM     MM       MM
  SINCE JUL 1     MM                        MM     MM       MM
  SNOW DEPTH      MM

DEGREE DAYS
 HEATING
  YESTERDAY        2                         0      2        0
  MONTH TO DATE    3                         0      3        1
  SINCE JUN 1      6                        10     -4        3
  SINCE JUL 1      3                         0      3        1

 COOLING
  YESTERDAY        0                        11    -11        1
  MONTH TO DATE  218                       319   -101      275
  SINCE JUN 1    483                       555    -72      516
  SINCE JAN 1    605                       654    -49      635
..................................................................


WIND (MPH)
  HIGHEST WIND SPEED    12   HIGHEST WIND DIRECTION    NW (330)
  HIGHEST GUST SPEED    16   HIGHEST GUST DIRECTION    NW (320)
  AVERAGE WIND SPEED     4.7


SKY COVER
  POSSIBLE SUNSHINE  MM
  AVERAGE SKY COVER 0.2


WEATHER CONDITIONS
 THE FOLLOWING WEATHER WAS RECORDED YESTERDAY.
  NO SIGNIFICANT WEATHER WAS OBSERVED.


RELATIVE HUMIDITY (PERCENT)
 HIGHEST    93          1200 AM
 LOWEST     46           300 PM
 AVERAGE    70

..........................................................


THE FRANKFORT KY CLIMATE NORMALS FOR TODAY
                         NORMAL    RECORD    YEAR
 MAXIMUM TEMPERATURE (F)   87       102      1940
 MINIMUM TEMPERATURE (F)   65        50      1965


SUNRISE AND SUNSET
JULY 30 2014..........SUNRISE   640 AM EDT   SUNSET   851 PM EDT
JULY 31 2014..........SUNRISE   641 AM EDT   SUNSET   850 PM EDT


-  INDICATES NEGATIVE NUMBERS.
R  INDICATES RECORD WAS SET OR TIED.
MM INDICATES DATA IS MISSING.
T  INDICATES TRACE AMOUNT.




$$





U.S. Dept. of Commerce
NOAA National Weather Service
1325 East West Highway
Silver Spring, MD 20910
E-mail: w-nws.webmaster@noaa.gov
Page last modified: May 16, 2007
NATIONAL WEATHER SERVICE: for Safety, for Work, for Fun - FOR LIFE