910
CDUS42 KRAH 252047
CLIFAY

CLIMATE REPORT
NATIONAL WEATHER SERVICE RALEIGH NC
445 PM EDT SAT OCT 25 2014

...................................

...THE FAYETTEVILLE REGL AIRPORT NC CLIMATE SUMMARY FOR OCTOBER 25 2014...
VALID TODAY AS OF 0440 PM LOCAL TIME.

CLIMATE NORMAL PERIOD 1981 TO 2010
CLIMATE RECORD PERIOD 1910 TO 2014


WEATHER ITEM   OBSERVED TIME   RECORD YEAR NORMAL DEPARTURE LAST
                VALUE   (LST)  VALUE       VALUE  FROM      YEAR
                                                  NORMAL
..................................................................
TEMPERATURE (F)
 TODAY
  MAXIMUM         74    310 PM  90    1931  73      1       59
  MINIMUM         44    629 AM  29    1962  49     -5       38
  AVERAGE         59                        61     -2       49

PRECIPITATION (IN)
  TODAY            0.00          3.40 1913   0.08  -0.08     0.00
  MONTH TO DATE    1.31                      2.81  -1.50     0.89
  SINCE SEP 1      8.17                      7.21   0.96     1.96
  SINCE JAN 1     35.09                     38.64  -3.55    36.52

DEGREE DAYS
 HEATING
  TODAY            6                         6      0       16
  MONTH TO DATE   53                        80    -27       64
  SINCE SEP 1     58                        89    -31       64
  SINCE JUL 1     58                        89    -31       64

 COOLING
  TODAY            0                         1     -1        0
  MONTH TO DATE   87                        64     23       80
  SINCE SEP 1    380                       332     48      345
  SINCE JAN 1   2121                      1972    149     1924
..................................................................


WIND (MPH)
  HIGHEST WIND SPEED    12   HIGHEST WIND DIRECTION    NW (320)
  HIGHEST GUST SPEED    16   HIGHEST GUST DIRECTION    NW (320)
  AVERAGE WIND SPEED     4.8


SKY COVER
  POSSIBLE SUNSHINE  MM
  AVERAGE SKY COVER 0.0


WEATHER CONDITIONS
 THE FOLLOWING WEATHER WAS RECORDED TODAY.
  NO SIGNIFICANT WEATHER WAS OBSERVED.


RELATIVE HUMIDITY (PERCENT)
 HIGHEST    93           200 AM
 LOWEST     29           200 PM
 AVERAGE    61

..........................................................


THE FAYETTEVILLE REGL AIRPORT NC CLIMATE NORMALS FOR TOMORROW
                         NORMAL    RECORD    YEAR
 MAXIMUM TEMPERATURE (F)   73        92      1940
 MINIMUM TEMPERATURE (F)   48        30      1962


SUNRISE AND SUNSET
OCTOBER 25 2014.......SUNRISE   730 AM EDT   SUNSET   629 PM EDT
OCTOBER 26 2014.......SUNRISE   731 AM EDT   SUNSET   627 PM EDT


-  INDICATES NEGATIVE NUMBERS.
R  INDICATES RECORD WAS SET OR TIED.
MM INDICATES DATA IS MISSING.
T  INDICATES TRACE AMOUNT.

$$

DJF




U.S. Dept. of Commerce
NOAA National Weather Service
1325 East West Highway
Silver Spring, MD 20910
E-mail: w-nws.webmaster@noaa.gov
Page last modified: May 16, 2007
NATIONAL WEATHER SERVICE: for Safety, for Work, for Fun - FOR LIFE