612
CDUS42 KRAH 020524
CLIFAY


CLIMATE REPORT
NATIONAL WEATHER SERVICE RALEIGH NC
123 AM EDT TUE SEP 2 2014


...................................

...THE FAYETTEVILLE REGL AIRPORT NC CLIMATE SUMMARY FOR SEPTEMBER 1 2014...

CLIMATE NORMAL PERIOD 1981 TO 2010
CLIMATE RECORD PERIOD 1910 TO 2014


WEATHER ITEM   OBSERVED TIME   RECORD YEAR NORMAL DEPARTURE LAST
                VALUE   (LST)  VALUE       VALUE  FROM      YEAR
                                                  NORMAL
..................................................................
TEMPERATURE (F)
 YESTERDAY
  MAXIMUM         97    210 PM 101    1932  87     10       93
  MINIMUM         74    612 AM  54    1976  68      6       73
  AVERAGE         86                        78      8       83

PRECIPITATION (IN)
  YESTERDAY        0.00          6.10 1952   0.15  -0.15     0.01
  MONTH TO DATE    0.00                      0.15  -0.15     0.01
  SINCE SEP 1      0.00                      0.15  -0.15     0.01
  SINCE JAN 1     26.92                     31.58  -4.66    34.57

DEGREE DAYS
 HEATING
  YESTERDAY        0                         0      0        0
  MONTH TO DATE    0                         0      0        0
  SINCE SEP 1      0                         0      0        0
  SINCE JUL 1      0                         0      0        0

 COOLING
  YESTERDAY       21                        13      8       18
  MONTH TO DATE   21                        13      8       18
  SINCE SEP 1     21                        13      8       18
  SINCE JAN 1   1762                      1653    109     1597
..................................................................


WIND (MPH)
  HIGHEST WIND SPEED    13   HIGHEST WIND DIRECTION    SW (210)
  HIGHEST GUST SPEED    17   HIGHEST GUST DIRECTION     S (200)
  AVERAGE WIND SPEED     5.9


SKY COVER
  POSSIBLE SUNSHINE  MM
  AVERAGE SKY COVER 0.1


WEATHER CONDITIONS
 THE FOLLOWING WEATHER WAS RECORDED YESTERDAY.
  NO SIGNIFICANT WEATHER WAS OBSERVED.


RELATIVE HUMIDITY (PERCENT)
 HIGHEST   100           600 AM
 LOWEST     40           200 PM
 AVERAGE    70

..........................................................


THE FAYETTEVILLE REGL AIRPORT NC CLIMATE NORMALS FOR TODAY
                         NORMAL    RECORD    YEAR
 MAXIMUM TEMPERATURE (F)   87       103      1932
 MINIMUM TEMPERATURE (F)   67        49      1967


SUNRISE AND SUNSET
SEPTEMBER  2 2014.....SUNRISE   649 AM EDT   SUNSET   741 PM EDT
SEPTEMBER  3 2014.....SUNRISE   650 AM EDT   SUNSET   739 PM EDT


-  INDICATES NEGATIVE NUMBERS.
R  INDICATES RECORD WAS SET OR TIED.
MM INDICATES DATA IS MISSING.
T  INDICATES TRACE AMOUNT.




$$






U.S. Dept. of Commerce
NOAA National Weather Service
1325 East West Highway
Silver Spring, MD 20910
E-mail: w-nws.webmaster@noaa.gov
Page last modified: May 16, 2007
NATIONAL WEATHER SERVICE: for Safety, for Work, for Fun - FOR LIFE