325
CDUS42 KRAH 272049
CLIFAY


CLIMATE REPORT
NATIONAL WEATHER SERVICE RALEIGH NC
446 PM EDT WED AUG 27 2014


...................................

...THE FAYETTEVILLE REGL AIRPORT NC CLIMATE SUMMARY FOR AUGUST 27 2014...
VALID TODAY AS OF 0446 PM LOCAL TIME.

CLIMATE NORMAL PERIOD 1981 TO 2010
CLIMATE RECORD PERIOD 1910 TO 2014


WEATHER ITEM   OBSERVED TIME   RECORD YEAR NORMAL DEPARTURE LAST
                VALUE   (LST)  VALUE       VALUE  FROM      YEAR
                                                  NORMAL
..................................................................
TEMPERATURE (F)
 TODAY
  MAXIMUM         88    345 PM 102    1954  88      0       89
  MINIMUM         62    533 AM  56    1942  68     -6       62
  AVERAGE         75                        78     -3       76

PRECIPITATION (IN)
  TODAY            0.00          4.35 2002   0.17  -0.17     0.00
  MONTH TO DATE    3.92                      4.89  -0.97     5.52
  SINCE JUN 1      8.47                     15.16  -6.69    21.20
  SINCE JAN 1     26.92                     30.83  -3.91    34.54

DEGREE DAYS
 HEATING
  TODAY            0                         0      0        0
  MONTH TO DATE    0                         0      0        0
  SINCE JUN 1      0                         0      0        0
  SINCE JUL 1      0                         0      0        0

 COOLING
  TODAY           10                        13     -3       11
  MONTH TO DATE  366                       401    -35      377
  SINCE JUN 1   1307                      1304      3     1271
  SINCE JAN 1   1673                      1588     85     1520
..................................................................


WIND (MPH)
  HIGHEST WIND SPEED    15   HIGHEST WIND DIRECTION    NE (30)
  HIGHEST GUST SPEED    17   HIGHEST GUST DIRECTION    NE (40)
  AVERAGE WIND SPEED     8.9


SKY COVER
  POSSIBLE SUNSHINE  MM
  AVERAGE SKY COVER 0.0


WEATHER CONDITIONS
 THE FOLLOWING WEATHER WAS RECORDED TODAY.
  NO SIGNIFICANT WEATHER WAS OBSERVED.


RELATIVE HUMIDITY (PERCENT)
 HIGHEST    93           200 AM
 LOWEST     30           100 PM
 AVERAGE    62

..........................................................


THE FAYETTEVILLE REGL AIRPORT NC CLIMATE NORMALS FOR TOMORROW
                         NORMAL    RECORD    YEAR
 MAXIMUM TEMPERATURE (F)   88       101      1954
 MINIMUM TEMPERATURE (F)   68        53      1969


SUNRISE AND SUNSET
AUGUST 27 2014........SUNRISE   645 AM EDT   SUNSET   749 PM EDT
AUGUST 28 2014........SUNRISE   645 AM EDT   SUNSET   748 PM EDT


-  INDICATES NEGATIVE NUMBERS.
R  INDICATES RECORD WAS SET OR TIED.
MM INDICATES DATA IS MISSING.
T  INDICATES TRACE AMOUNT.




$$






U.S. Dept. of Commerce
NOAA National Weather Service
1325 East West Highway
Silver Spring, MD 20910
E-mail: w-nws.webmaster@noaa.gov
Page last modified: May 16, 2007
NATIONAL WEATHER SERVICE: for Safety, for Work, for Fun - FOR LIFE