682
CDUS42 KRAH 230859
CLIFAY


CLIMATE REPORT
NATIONAL WEATHER SERVICE RALEIGH NC
358 AM EST SUN NOV 23 2014


...................................

...THE FAYETTEVILLE REGL AIRPORT NC CLIMATE SUMMARY FOR NOVEMBER 22 2014...

CLIMATE NORMAL PERIOD 1981 TO 2010
CLIMATE RECORD PERIOD 1910 TO 2014


WEATHER ITEM   OBSERVED TIME   RECORD YEAR NORMAL DEPARTURE LAST
                VALUE   (LST)  VALUE       VALUE  FROM      YEAR
                                                  NORMAL
..................................................................
TEMPERATURE (F)
 YESTERDAY
  MAXIMUM         58    409 PM  82    1934  65     -7       73
  MINIMUM         23    636 AM  20    2000  41    -18       53
  AVERAGE         41                        53    -12       63

PRECIPITATION (IN)
  YESTERDAY        0.00          2.74 2006   0.11  -0.11      T
  MONTH TO DATE    0.29                      1.99  -1.70     1.03
  SINCE SEP 1      8.46                      9.60  -1.14     3.01
  SINCE JAN 1     35.38                     41.03  -5.65    37.57

DEGREE DAYS
 HEATING
  YESTERDAY       24                        12     12        2
  MONTH TO DATE  348                       210    138      237
  SINCE SEP 1    423                       337     86      340
  SINCE JUL 1    423                       337     86      340

 COOLING
  YESTERDAY        0                         0      0        0
  MONTH TO DATE    6                        11     -5       13
  SINCE SEP 1    397                       349     48      359
  SINCE JAN 1   2138                      1989    149     1938
..................................................................


WIND (MPH)
  HIGHEST WIND SPEED     7   HIGHEST WIND DIRECTION    SW (230)
  HIGHEST GUST SPEED     8   HIGHEST GUST DIRECTION     S (180)
  AVERAGE WIND SPEED     1.7


SKY COVER
  POSSIBLE SUNSHINE  MM
  AVERAGE SKY COVER 0.0


WEATHER CONDITIONS
 THE FOLLOWING WEATHER WAS RECORDED YESTERDAY.
  NO SIGNIFICANT WEATHER WAS OBSERVED.


RELATIVE HUMIDITY (PERCENT)
 HIGHEST    81           600 AM
 LOWEST     22           100 PM
 AVERAGE    52

..........................................................


THE FAYETTEVILLE REGL AIRPORT NC CLIMATE NORMALS FOR TODAY
                         NORMAL    RECORD    YEAR
 MAXIMUM TEMPERATURE (F)   64        81      1931
 MINIMUM TEMPERATURE (F)   41        16      1937


SUNRISE AND SUNSET
NOVEMBER 23 2014......SUNRISE   658 AM EST   SUNSET   506 PM EST
NOVEMBER 24 2014......SUNRISE   659 AM EST   SUNSET   506 PM EST


-  INDICATES NEGATIVE NUMBERS.
R  INDICATES RECORD WAS SET OR TIED.
MM INDICATES DATA IS MISSING.
T  INDICATES TRACE AMOUNT.

$$






U.S. Dept. of Commerce
NOAA National Weather Service
1325 East West Highway
Silver Spring, MD 20910
E-mail: w-nws.webmaster@noaa.gov
Page last modified: May 16, 2007
NATIONAL WEATHER SERVICE: for Safety, for Work, for Fun - FOR LIFE