654
CDUS46 KHNX 190826
CLIFAT


CLIMATE REPORT
NATIONAL WEATHER SERVICE SAN JOAQUIN VALLEY, CA
126 AM PDT SAT APR 19 2014


...................................

...THE FRESNO CA CLIMATE SUMMARY FOR APRIL 18 2014...

CLIMATE NORMAL PERIOD 1981 TO 2010
CLIMATE RECORD PERIOD 1887 TO 2014


WEATHER ITEM   OBSERVED TIME   RECORD YEAR NORMAL DEPARTURE
                VALUE   (LST)  VALUE       VALUE  FROM
                                                  NORMAL
...............................................................
TEMPERATURE (F)
 YESTERDAY
  MAXIMUM         84    432 PM  95    1910  75      9
  MINIMUM         60    548 AM  36    1941  50     10
                                      1933
                                      1892
  AVERAGE         72                        62     10

PRECIPITATION (IN)
  YESTERDAY        0.00          1.22 1967   0.03  -0.03
  MONTH TO DATE    0.12                      0.63  -0.51
  SINCE JUL 1      4.15                     10.54  -6.39
  SINCE JAN 1      3.42                      6.88  -3.46

SNOWFALL (IN)
  YESTERDAY        0.0
  MONTH TO DATE    0.0
  SINCE MAR 1      0.0
  SINCE JUL 1      0.0
  SNOW DEPTH       0

DEGREE DAYS
 HEATING
  YESTERDAY        0                               -4
  MONTH TO DATE   44                              -57
  SINCE MAR 1    132                             -234
  SINCE JUL 1   1477                             -801

 COOLING
  YESTERDAY        7                                5
  MONTH TO DATE   97                               78
  SINCE MAR 1    109                               85
  SINCE JAN 1    109                               85
...............................................................


WIND (MPH)
  HIGHEST WIND SPEED    21   HIGHEST WIND DIRECTION    NW (310)
  HIGHEST GUST SPEED    32   HIGHEST GUST DIRECTION    NW (330)
  AVERAGE WIND SPEED    10.0




RELATIVE HUMIDITY (PERCENT)
 HIGHEST    60
 LOWEST     28
 AVERAGE    44

..........................................................


THE FRESNO CA CLIMATE NORMALS FOR TODAY
                         NORMAL    RECORD    YEAR
 MAXIMUM TEMPERATURE (F)   76        93      2009
                                             1950
 MINIMUM TEMPERATURE (F)   50        35      1955


SUNRISE AND SUNSET
APRIL 19 2014.........SUNRISE   620 AM PDT   SUNSET   737 PM PDT
APRIL 20 2014.........SUNRISE   618 AM PDT   SUNSET   738 PM PDT


-  INDICATES NEGATIVE NUMBERS.
R  INDICATES RECORD WAS SET OR TIED.
MM INDICATES DATA IS MISSING.
T  INDICATES TRACE AMOUNT.




$$





U.S. Dept. of Commerce
NOAA National Weather Service
1325 East West Highway
Silver Spring, MD 20910
E-mail: w-nws.webmaster@noaa.gov
Page last modified: May 16, 2007
NATIONAL WEATHER SERVICE: for Safety, for Work, for Fun - FOR LIFE