013
CDUS46 KHNX 250821
CLIFAT


CLIMATE REPORT
NATIONAL WEATHER SERVICE SAN JOAQUIN VALLEY, CA
121 AM PDT SAT OCT 25 2014


...................................

...THE FRESNO CA CLIMATE SUMMARY FOR OCTOBER 24 2014...

CLIMATE NORMAL PERIOD 1981 TO 2010
CLIMATE RECORD PERIOD 1887 TO 2014


WEATHER ITEM   OBSERVED TIME   RECORD YEAR NORMAL DEPARTURE
                VALUE   (LST)  VALUE       VALUE  FROM
                                                  NORMAL
...............................................................
TEMPERATURE (F)
 YESTERDAY
  MAXIMUM         87    334 PM  95    1959  76     11
  MINIMUM         54    615 AM  36    1956  51      3
  AVERAGE         71                        63      8

PRECIPITATION (IN)
  YESTERDAY        0.00          0.35 1940   0.02  -0.02
  MONTH TO DATE    0.00                      0.41  -0.41
  SINCE JUL 1      0.19                      0.60  -0.41
  SINCE JAN 1      4.27                      8.44  -4.17

SNOWFALL (IN)
  YESTERDAY        0.0
  MONTH TO DATE    0.0
  SINCE SEP 1      0.0
  SINCE JUL 1      0.0
  SNOW DEPTH       0

DEGREE DAYS
 HEATING
  YESTERDAY        0                               -3
  MONTH TO DATE    0                              -32
  SINCE SEP 1      0                              -34
  SINCE JUL 1      0                              -34

 COOLING
  YESTERDAY        6                                5
  MONTH TO DATE  220                              125
  SINCE SEP 1    699                              266
  SINCE JAN 1   2920                              803
...............................................................


WIND (MPH)
  HIGHEST WIND SPEED     8   HIGHEST WIND DIRECTION     E (100)
  HIGHEST GUST SPEED    11   HIGHEST GUST DIRECTION    SE (130)
  AVERAGE WIND SPEED     2.6




RELATIVE HUMIDITY (PERCENT)
 HIGHEST    72
 LOWEST     21
 AVERAGE    47

..........................................................


THE FRESNO CA CLIMATE NORMALS FOR TODAY
                         NORMAL    RECORD    YEAR
 MAXIMUM TEMPERATURE (F)   75        91      1966
 MINIMUM TEMPERATURE (F)   50        36      1971


SUNRISE AND SUNSET
OCTOBER 25 2014.......SUNRISE   716 AM PDT   SUNSET   610 PM PDT
OCTOBER 26 2014.......SUNRISE   717 AM PDT   SUNSET   608 PM PDT


-  INDICATES NEGATIVE NUMBERS.
R  INDICATES RECORD WAS SET OR TIED.
MM INDICATES DATA IS MISSING.
T  INDICATES TRACE AMOUNT.




$$





U.S. Dept. of Commerce
NOAA National Weather Service
1325 East West Highway
Silver Spring, MD 20910
E-mail: w-nws.webmaster@noaa.gov
Page last modified: May 16, 2007
NATIONAL WEATHER SERVICE: for Safety, for Work, for Fun - FOR LIFE