610
CDUS46 KHNX 020821
CLIFAT


CLIMATE REPORT
NATIONAL WEATHER SERVICE SAN JOAQUIN VALLEY, CA
120 AM PDT THU OCT 2 2014


...................................

...THE FRESNO CA CLIMATE SUMMARY FOR OCTOBER 1 2014...

CLIMATE NORMAL PERIOD 1981 TO 2010
CLIMATE RECORD PERIOD 1887 TO 2014


WEATHER ITEM   OBSERVED TIME   RECORD YEAR NORMAL DEPARTURE
                VALUE   (LST)  VALUE       VALUE  FROM
                                                  NORMAL
...............................................................
TEMPERATURE (F)
 YESTERDAY
  MAXIMUM         87    345 PM 100    1987  86      1
                                      1980
  MINIMUM         62    620 AM  39    1971  58      4
  AVERAGE         75                        72      3

PRECIPITATION (IN)
  YESTERDAY        0.00          1.46 1976   0.01  -0.01
  MONTH TO DATE    0.00                      0.01  -0.01
  SINCE JUL 1      0.19                      0.20  -0.01
  SINCE JAN 1      4.27                      8.04  -3.77

SNOWFALL (IN)
  YESTERDAY        0.0
  MONTH TO DATE    0.0
  SINCE SEP 1      0.0
  SINCE JUL 1      0.0
  SNOW DEPTH       0

DEGREE DAYS
 HEATING
  YESTERDAY        0                                0
  MONTH TO DATE    0                                0
  SINCE SEP 1      0                               -2
  SINCE JUL 1      0                               -2

 COOLING
  YESTERDAY       10                                3
  MONTH TO DATE   10                                3
  SINCE SEP 1    489                              144
  SINCE JAN 1   2710                              681
...............................................................


WIND (MPH)
  HIGHEST WIND SPEED    10   HIGHEST WIND DIRECTION     W (260)
  HIGHEST GUST SPEED    16   HIGHEST GUST DIRECTION    SW (220)
  AVERAGE WIND SPEED     4.8




RELATIVE HUMIDITY (PERCENT)
 HIGHEST    72
 LOWEST     27
 AVERAGE    50

..........................................................


THE FRESNO CA CLIMATE NORMALS FOR TODAY
                         NORMAL    RECORD    YEAR
 MAXIMUM TEMPERATURE (F)   86       101      2012
                                             1980
 MINIMUM TEMPERATURE (F)   57        40      1891


SUNRISE AND SUNSET
OCTOBER  2 2014.......SUNRISE   655 AM PDT   SUNSET   641 PM PDT
OCTOBER  3 2014.......SUNRISE   656 AM PDT   SUNSET   639 PM PDT


-  INDICATES NEGATIVE NUMBERS.
R  INDICATES RECORD WAS SET OR TIED.
MM INDICATES DATA IS MISSING.
T  INDICATES TRACE AMOUNT.




$$





U.S. Dept. of Commerce
NOAA National Weather Service
1325 East West Highway
Silver Spring, MD 20910
E-mail: w-nws.webmaster@noaa.gov
Page last modified: May 16, 2007
NATIONAL WEATHER SERVICE: for Safety, for Work, for Fun - FOR LIFE