058
CDUS46 KHNX 290826
CLIFAT


CLIMATE REPORT
NATIONAL WEATHER SERVICE SAN JOAQUIN VALLEY, CA
126 AM PDT TUE JUL 29 2014


...................................

...THE FRESNO CA CLIMATE SUMMARY FOR JULY 28 2014...

CLIMATE NORMAL PERIOD 1981 TO 2010
CLIMATE RECORD PERIOD 1887 TO 2014


WEATHER ITEM   OBSERVED TIME   RECORD YEAR NORMAL DEPARTURE
                VALUE   (LST)  VALUE       VALUE  FROM
                                                  NORMAL
...............................................................
TEMPERATURE (F)
 YESTERDAY
  MAXIMUM         98    426 PM 110    1980  99     -1
                                      1898
  MINIMUM         79    700 AM  55    1892  68     11
  AVERAGE         89                        84      5

PRECIPITATION (IN)
  YESTERDAY        0.00          0.02 1958   0.00   0.00
  MONTH TO DATE    0.01                      0.01   0.00
  SINCE JUL 1      0.01                      0.01   0.00
  SINCE JAN 1      4.09                      7.85  -3.76

SNOWFALL (IN)
  YESTERDAY        0.0
  MONTH TO DATE    0.0
  SINCE JUN 1      0.0
  SINCE JUL 1      0.0
  SNOW DEPTH       0

DEGREE DAYS
 HEATING
  YESTERDAY        0                                0
  MONTH TO DATE    0                                0
  SINCE JUN 1      0                               -3
  SINCE JUL 1      0                                0

 COOLING
  YESTERDAY       24                                5
  MONTH TO DATE  607                              102
  SINCE JUN 1   1092                              218
  SINCE JAN 1   1535                              420
...............................................................


WIND (MPH)
  HIGHEST WIND SPEED    12   HIGHEST WIND DIRECTION     W (270)
  HIGHEST GUST SPEED    14   HIGHEST GUST DIRECTION    NW (310)
  AVERAGE WIND SPEED     4.9




RELATIVE HUMIDITY (PERCENT)
 HIGHEST    42
 LOWEST     13
 AVERAGE    28

..........................................................


THE FRESNO CA CLIMATE NORMALS FOR TODAY
                         NORMAL    RECORD    YEAR
 MAXIMUM TEMPERATURE (F)   99       113      1898
 MINIMUM TEMPERATURE (F)   68        57      1950
                                             1919
                                             1899


SUNRISE AND SUNSET
JULY 29 2014..........SUNRISE   602 AM PDT   SUNSET   808 PM PDT
JULY 30 2014..........SUNRISE   603 AM PDT   SUNSET   807 PM PDT


-  INDICATES NEGATIVE NUMBERS.
R  INDICATES RECORD WAS SET OR TIED.
MM INDICATES DATA IS MISSING.
T  INDICATES TRACE AMOUNT.




$$





U.S. Dept. of Commerce
NOAA National Weather Service
1325 East West Highway
Silver Spring, MD 20910
E-mail: w-nws.webmaster@noaa.gov
Page last modified: May 16, 2007
NATIONAL WEATHER SERVICE: for Safety, for Work, for Fun - FOR LIFE