380
CDUS46 KHNX 220821
CLIFAT


CLIMATE REPORT
NATIONAL WEATHER SERVICE SAN JOAQUIN VALLEY, CA
121 AM PDT WED OCT 22 2014


...................................

...THE FRESNO CA CLIMATE SUMMARY FOR OCTOBER 21 2014...

CLIMATE NORMAL PERIOD 1981 TO 2010
CLIMATE RECORD PERIOD 1887 TO 2014


WEATHER ITEM   OBSERVED TIME   RECORD YEAR NORMAL DEPARTURE
                VALUE   (LST)  VALUE       VALUE  FROM
                                                  NORMAL
...............................................................
TEMPERATURE (F)
 YESTERDAY
  MAXIMUM         75    342 PM  93    2003  77     -2
  MINIMUM         57    706 AM  34    1949  51      6
  AVERAGE         66                        64      2

PRECIPITATION (IN)
  YESTERDAY        0.00          0.67 1985   0.02  -0.02
  MONTH TO DATE    0.00                      0.34  -0.34
  SINCE JUL 1      0.19                      0.53  -0.34
  SINCE JAN 1      4.27                      8.37  -4.10

SNOWFALL (IN)
  YESTERDAY        0.0
  MONTH TO DATE    0.0
  SINCE SEP 1      0.0
  SINCE JUL 1      0.0
  SNOW DEPTH       0

DEGREE DAYS
 HEATING
  YESTERDAY        0                               -2
  MONTH TO DATE    0                              -23
  SINCE SEP 1      0                              -25
  SINCE JUL 1      0                              -25

 COOLING
  YESTERDAY        1                               -1
  MONTH TO DATE  212                              121
  SINCE SEP 1    691                              262
  SINCE JAN 1   2912                              799
...............................................................


WIND (MPH)
  HIGHEST WIND SPEED    20   HIGHEST WIND DIRECTION    NW (310)
  HIGHEST GUST SPEED    25   HIGHEST GUST DIRECTION     W (290)
  AVERAGE WIND SPEED    10.1




RELATIVE HUMIDITY (PERCENT)
 HIGHEST    77
 LOWEST     27
 AVERAGE    52

..........................................................


THE FRESNO CA CLIMATE NORMALS FOR TODAY
                         NORMAL    RECORD    YEAR
 MAXIMUM TEMPERATURE (F)   77        92      1948
                                             1937
 MINIMUM TEMPERATURE (F)   51        35      1961


SUNRISE AND SUNSET
OCTOBER 22 2014.......SUNRISE   713 AM PDT   SUNSET   613 PM PDT
OCTOBER 23 2014.......SUNRISE   714 AM PDT   SUNSET   612 PM PDT


-  INDICATES NEGATIVE NUMBERS.
R  INDICATES RECORD WAS SET OR TIED.
MM INDICATES DATA IS MISSING.
T  INDICATES TRACE AMOUNT.




$$





U.S. Dept. of Commerce
NOAA National Weather Service
1325 East West Highway
Silver Spring, MD 20910
E-mail: w-nws.webmaster@noaa.gov
Page last modified: May 16, 2007
NATIONAL WEATHER SERVICE: for Safety, for Work, for Fun - FOR LIFE