956
CDUS43 KFGF 240637
CLIFAR


CLIMATE REPORT
NATIONAL WEATHER SERVICE EASTERN NORTH DAKOTA/GRAND FORKS
1236 AM CST MON NOV 24 2014


...................................

...THE FARGO HECTOR INTL AP ND CLIMATE SUMMARY FOR NOVEMBER 23 2014...

CLIMATE NORMAL PERIOD 1981 TO 2010
CLIMATE RECORD PERIOD 1881 TO 2014


WEATHER ITEM   OBSERVED TIME   RECORD YEAR NORMAL DEPARTURE LAST
                VALUE   (LST)  VALUE       VALUE  FROM      YEAR
                                                  NORMAL
..................................................................
TEMPERATURE (F)
 YESTERDAY
  MAXIMUM         45   1230 PM  54    1984  32     13       11
  MINIMUM         18   1159 PM -15    1985  16      2       -6
                                      1884
  AVERAGE         32                        24      8        3

PRECIPITATION (IN)
  YESTERDAY        0.01          0.64 1905   0.03  -0.02     0.00
  MONTH TO DATE    0.50                      0.81  -0.31     0.40
  SINCE SEP 1      3.28                      5.53  -2.25     8.97
  SINCE JAN 1     19.74                     21.59  -1.85    30.89

SNOWFALL (IN)
  YESTERDAY        0.1           3.0  1993   0.3   -0.2      0.0
  MONTH TO DATE    1.6                       5.4   -3.8      0.3
  SINCE SEP 1      1.6                       6.1   -4.5      0.3
  SINCE JUL 1      1.6                       6.1   -4.5      0.3
  SNOW DEPTH       0

DEGREE DAYS
 HEATING
  YESTERDAY       33                        41     -8       62
  MONTH TO DATE  876                       784     92      789
  SINCE SEP 1   1543                      1610    -67     1499
  SINCE JUL 1   1575                      1660    -85     1533

 COOLING
  YESTERDAY        0                         0      0        0
  MONTH TO DATE    0                         0      0        0
  SINCE SEP 1     43                        46     -3       81
  SINCE JAN 1    544                       551     -7      699
..................................................................


WIND (MPH)
  HIGHEST WIND SPEED    26   HIGHEST WIND DIRECTION    NW (320)
  HIGHEST GUST SPEED    35   HIGHEST GUST DIRECTION    NW (330)
  AVERAGE WIND SPEED    13.4


SKY COVER
  POSSIBLE SUNSHINE  MM
  AVERAGE SKY COVER 1.0


WEATHER CONDITIONS
 THE FOLLOWING WEATHER WAS RECORDED YESTERDAY.
  LIGHT RAIN
  LIGHT SNOW
  FOG


RELATIVE HUMIDITY (PERCENT)
 HIGHEST    92          1200 AM
 LOWEST     54           200 PM
 AVERAGE    73

..........................................................


THE FARGO HECTOR INTL AP ND CLIMATE NORMALS FOR TODAY
                         NORMAL    RECORD    YEAR
 MAXIMUM TEMPERATURE (F)   32        57      2011
 MINIMUM TEMPERATURE (F)   15       -20      1893


SUNRISE AND SUNSET
NOVEMBER 24 2014......SUNRISE   743 AM CST   SUNSET   445 PM CST
NOVEMBER 25 2014......SUNRISE   744 AM CST   SUNSET   444 PM CST


-  INDICATES NEGATIVE NUMBERS.
R  INDICATES RECORD WAS SET OR TIED.
MM INDICATES DATA IS MISSING.
T  INDICATES TRACE AMOUNT.




$$





U.S. Dept. of Commerce
NOAA National Weather Service
1325 East West Highway
Silver Spring, MD 20910
E-mail: w-nws.webmaster@noaa.gov
Page last modified: May 16, 2007
NATIONAL WEATHER SERVICE: for Safety, for Work, for Fun - FOR LIFE