767
CDUS43 KFGF 310642
CLIFAR


CLIMATE REPORT
NATIONAL WEATHER SERVICE EASTERN NORTH DAKOTA/GRAND FORKS
139 AM CDT THU JUL 31 2014


...................................

...THE FARGO HECTOR INTL AP ND CLIMATE SUMMARY FOR JULY 30 2014...

CLIMATE NORMAL PERIOD 1981 TO 2010
CLIMATE RECORD PERIOD 1881 TO 2014


WEATHER ITEM   OBSERVED TIME   RECORD YEAR NORMAL DEPARTURE LAST
                VALUE   (LST)  VALUE       VALUE  FROM      YEAR
                                                  NORMAL
..................................................................
TEMPERATURE (F)
 YESTERDAY
  MAXIMUM         83    351 PM 102    2006  83      0       80
  MINIMUM         53    535 AM  39    1971  60     -7       58
                                      1889
  AVERAGE         68                        71     -3       69

PRECIPITATION (IN)
  YESTERDAY        0.00          0.81 1890   0.07  -0.07     0.00
  MONTH TO DATE    1.64                      2.72  -1.08     0.90
  SINCE JUN 1      7.33                      6.62   0.71     8.63
  SINCE JAN 1     14.35                     13.43   0.92    21.53

SNOWFALL (IN)
  YESTERDAY        0.0           0.0    MM   0.0    0.0      0.0
  MONTH TO DATE    0.0                       0.0    0.0      0.0
  SINCE JUN 1      0.0                       0.0    0.0      0.0
  SINCE JUL 1      0.0                       0.0    0.0      0.0
  SNOW DEPTH       0

DEGREE DAYS
 HEATING
  YESTERDAY        0                         0      0        0
  MONTH TO DATE   20                        12      8       17
  SINCE JUN 1     50                        85    -35       79
  SINCE JUL 1     20                        12      8       17

 COOLING
  YESTERDAY        3                         7     -4        4
  MONTH TO DATE  158                       200    -42      231
  SINCE JUN 1    260                       307    -47      377
  SINCE JAN 1    339                       338      1      406
..................................................................


WIND (MPH)
  HIGHEST WIND SPEED    15   HIGHEST WIND DIRECTION    NW (320)
  HIGHEST GUST SPEED    21   HIGHEST GUST DIRECTION    NW (310)
  AVERAGE WIND SPEED     4.4


SKY COVER
  POSSIBLE SUNSHINE  MM
  AVERAGE SKY COVER 0.1


WEATHER CONDITIONS
 THE FOLLOWING WEATHER WAS RECORDED YESTERDAY.
  NO SIGNIFICANT WEATHER WAS OBSERVED.


RELATIVE HUMIDITY (PERCENT)
 HIGHEST    93           500 AM
 LOWEST     36           200 PM
 AVERAGE    65

..........................................................


THE FARGO HECTOR INTL AP ND CLIMATE NORMALS FOR TODAY
                         NORMAL    RECORD    YEAR
 MAXIMUM TEMPERATURE (F)   83       101      1987
 MINIMUM TEMPERATURE (F)   60        44      1903


SUNRISE AND SUNSET
JULY 31 2014..........SUNRISE   606 AM CDT   SUNSET   901 PM CDT
AUGUST  1 2014........SUNRISE   607 AM CDT   SUNSET   859 PM CDT


-  INDICATES NEGATIVE NUMBERS.
R  INDICATES RECORD WAS SET OR TIED.
MM INDICATES DATA IS MISSING.
T  INDICATES TRACE AMOUNT.




$$





U.S. Dept. of Commerce
NOAA National Weather Service
1325 East West Highway
Silver Spring, MD 20910
E-mail: w-nws.webmaster@noaa.gov
Page last modified: May 16, 2007
NATIONAL WEATHER SERVICE: for Safety, for Work, for Fun - FOR LIFE