399
CDUS43 KFGF 220650
CLIFAR


CLIMATE REPORT
NATIONAL WEATHER SERVICE EASTERN NORTH DAKOTA/GRAND FORKS
1249 AM CST MON DEC 22 2014


...................................

...THE FARGO HECTOR INTL AP ND CLIMATE SUMMARY FOR DECEMBER 21 2014...

CLIMATE NORMAL PERIOD 1981 TO 2010
CLIMATE RECORD PERIOD 1881 TO 2014


WEATHER ITEM   OBSERVED TIME   RECORD YEAR NORMAL DEPARTURE LAST
                VALUE   (LST)  VALUE       VALUE  FROM      YEAR
                                                  NORMAL
..................................................................
TEMPERATURE (F)
 YESTERDAY
  MAXIMUM         37   1159 PM  42    1979  20     17        4
                                      1941
  MINIMUM         32   1052 AM -31    1916   4     28      -12
  AVERAGE         35                        12     23       -4

PRECIPITATION (IN)
  YESTERDAY        T             0.30 1967   0.03  -0.03     0.00
  MONTH TO DATE    0.08                      0.55  -0.47     1.00
  SINCE DEC 1      0.08                      0.55  -0.47     1.00
  SINCE JAN 1     20.03                     22.33  -2.30    31.89

SNOWFALL (IN)
  YESTERDAY        0.0           3.0  1967   0.3   -0.3      0.0
  MONTH TO DATE    0.6                       7.2   -6.6     12.9
  SINCE DEC 1      0.6                       7.2   -6.6     12.9
  SINCE JUL 1      4.2                      15.8  -11.6     13.2
  SNOW DEPTH       T

DEGREE DAYS
 HEATING
  YESTERDAY       30                        53    -23       69
  MONTH TO DATE  878                      1038   -160     1262
  SINCE DEC 1    878                      1038   -160     1262
  SINCE JUL 1   2835                      3000   -165     3103

 COOLING
  YESTERDAY        0                         0      0        0
  MONTH TO DATE    0                         0      0        0
  SINCE DEC 1      0                         0      0        0
  SINCE JAN 1    544                       551     -7      699
..................................................................


WIND (MPH)
  HIGHEST WIND SPEED    23   HIGHEST WIND DIRECTION     S (160)
  HIGHEST GUST SPEED    29   HIGHEST GUST DIRECTION     S (170)
  AVERAGE WIND SPEED    13.0


SKY COVER
  POSSIBLE SUNSHINE  MM
  AVERAGE SKY COVER 1.0


WEATHER CONDITIONS
 THE FOLLOWING WEATHER WAS RECORDED YESTERDAY.
  FOG


RELATIVE HUMIDITY (PERCENT)
 HIGHEST    92          1000 PM
 LOWEST     82          1100 AM
 AVERAGE    87

..........................................................


THE FARGO HECTOR INTL AP ND CLIMATE NORMALS FOR TODAY
                         NORMAL    RECORD    YEAR
 MAXIMUM TEMPERATURE (F)   20        43      1899
                                             1890
 MINIMUM TEMPERATURE (F)    4       -28      1884
                                             1883


SUNRISE AND SUNSET
DECEMBER 22 2014......SUNRISE   810 AM CST   SUNSET   442 PM CST
DECEMBER 23 2014......SUNRISE   811 AM CST   SUNSET   442 PM CST


-  INDICATES NEGATIVE NUMBERS.
R  INDICATES RECORD WAS SET OR TIED.
MM INDICATES DATA IS MISSING.
T  INDICATES TRACE AMOUNT.




$$





U.S. Dept. of Commerce
NOAA National Weather Service
1325 East West Highway
Silver Spring, MD 20910
E-mail: w-nws.webmaster@noaa.gov
Page last modified: May 16, 2007
NATIONAL WEATHER SERVICE: for Safety, for Work, for Fun - FOR LIFE