830
CDUS43 KFGF 270636
CLIFAR


CLIMATE REPORT
NATIONAL WEATHER SERVICE EASTERN NORTH DAKOTA/GRAND FORKS
1235 AM CST TUE JAN 27 2015


...................................

...THE FARGO HECTOR INTL AP ND CLIMATE SUMMARY FOR JANUARY 26 2015...

CLIMATE NORMAL PERIOD 1981 TO 2010
CLIMATE RECORD PERIOD 1881 TO 2015


WEATHER ITEM   OBSERVED TIME   RECORD YEAR NORMAL DEPARTURE LAST
                VALUE   (LST)  VALUE       VALUE  FROM      YEAR
                                                  NORMAL
..................................................................
TEMPERATURE (F)
 YESTERDAY
  MAXIMUM         44   1217 PM  46    1947  19     25       15
  MINIMUM         25   1146 PM -32    1950   0     25      -12
  AVERAGE         35                         9     26        2

PRECIPITATION (IN)
  YESTERDAY        T             0.41 1916   0.01  -0.01     0.02
  MONTH TO DATE    0.40                      0.60  -0.20     0.77
  SINCE DEC 1      0.65                      1.43  -0.78     1.98
  SINCE JAN 1      0.40                      0.60  -0.20     0.77

SNOWFALL (IN)
  YESTERDAY        T             4.3  1916   0.3   -0.3      0.2
  MONTH TO DATE    3.0                       9.7   -6.7      9.7
  SINCE DEC 1      3.9                      20.9  -17.0     25.8
  SINCE JUL 1      7.5                      29.5  -22.0     26.1
  SNOW DEPTH       T

DEGREE DAYS
 HEATING
  YESTERDAY       30                        56    -26       63
  MONTH TO DATE 1300                      1452   -152     1536
  SINCE DEC 1   2652                      3030   -378     3418
  SINCE JUL 1   4609                      4992   -383     5259

 COOLING
  YESTERDAY        0                         0      0        0
  MONTH TO DATE    0                         0      0        0
  SINCE DEC 1      0                         0      0        0
  SINCE JAN 1      0                         0      0        0
..................................................................


WIND (MPH)
  HIGHEST WIND SPEED    26   HIGHEST WIND DIRECTION     S (180)
  HIGHEST GUST SPEED    33   HIGHEST GUST DIRECTION     S (180)
  AVERAGE WIND SPEED    12.1


SKY COVER
  POSSIBLE SUNSHINE  MM
  AVERAGE SKY COVER 0.3


WEATHER CONDITIONS
 THE FOLLOWING WEATHER WAS RECORDED YESTERDAY.
  LIGHT SNOW


RELATIVE HUMIDITY (PERCENT)
 HIGHEST    92          1100 PM
 LOWEST     65          1200 PM
 AVERAGE    79

..........................................................


THE FARGO HECTOR INTL AP ND CLIMATE NORMALS FOR TODAY
                         NORMAL    RECORD    YEAR
 MAXIMUM TEMPERATURE (F)   19        41      1892
 MINIMUM TEMPERATURE (F)    0       -31      2004
                                             1915


SUNRISE AND SUNSET
JANUARY 27 2015.......SUNRISE   758 AM CST   SUNSET   522 PM CST
JANUARY 28 2015.......SUNRISE   757 AM CST   SUNSET   524 PM CST


-  INDICATES NEGATIVE NUMBERS.
R  INDICATES RECORD WAS SET OR TIED.
MM INDICATES DATA IS MISSING.
T  INDICATES TRACE AMOUNT.




$$






U.S. Dept. of Commerce
NOAA National Weather Service
1325 East West Highway
Silver Spring, MD 20910
E-mail: w-nws.webmaster@noaa.gov
Page last modified: May 16, 2007
NATIONAL WEATHER SERVICE: for Safety, for Work, for Fun - FOR LIFE