700
CDAK49 PAFG 290932
CLIFAI

CLIMATE REPORT
NATIONAL WEATHER SERVICE FAIRBANKS AK
1232 AM AKST THU JAN 29 2015

...................................

...THE FAIRBANKS AK CLIMATE SUMMARY FOR JANUARY 28 2015...

CLIMATE NORMAL PERIOD 1981 TO 2010
CLIMATE RECORD PERIOD 1904 TO 2015


WEATHER ITEM   OBSERVED TIME   RECORD YEAR NORMAL DEPARTURE LAST
                VALUE   (LST)  VALUE       VALUE  FROM      YEAR
                                                  NORMAL
..................................................................
TEMPERATURE (F)
 YESTERDAY
  MAXIMUM        -25    313 PM  42    1945   2    -27       20
  MINIMUM        -40    433 AM -60    1933 -17    -23        8
  AVERAGE        -32                        -7    -25       14

PRECIPITATION (IN)
  YESTERDAY        0.00          0.51 1991   0.02  -0.02     0.00
  MONTH TO DATE    0.15                      0.53  -0.38     0.22
  SINCE DEC 1      1.08                      1.17  -0.09     1.00
  SINCE JAN 1      0.15                      0.53  -0.38     0.22

SNOWFALL (IN)
  YESTERDAY        0.0           8.3  1991   0.3   -0.3      0.0
  MONTH TO DATE    4.6                       9.3   -4.7      2.5
  SINCE DEC 1     19.8                      21.4   -1.6     16.8
  SINCE JUL 1     29.6                      47.2  -17.6     35.8
  SNOW DEPTH      13

DEGREE DAYS
 HEATING
  YESTERDAY       97                        72     25       51
  MONTH TO DATE 1927                      2046   -119     1584
  SINCE DEC 1   3684                      4187   -503     3731
  SINCE JUL 1   7402                      8318   -916     7268

 COOLING
  YESTERDAY        0                         0      0        0
  MONTH TO DATE    0                         0      0        0
  SINCE DEC 1      0                         0      0        0
  SINCE JAN 1      0                         0      0        0
..................................................................


WIND (MPH)
  HIGHEST GUST SPEED     6   HIGHEST GUST DIRECTION    NE (50)


SKY COVER
  AVERAGE SKY COVER 0.2


WEATHER CONDITIONS
 THE FOLLOWING WEATHER WAS RECORDED YESTERDAY.
  LIGHT SNOW
  FOG


RELATIVE HUMIDITY (PERCENT)
 HIGHEST    69
 LOWEST     63
 AVERAGE    66

..........................................................


THE FAIRBANKS AK CLIMATE NORMALS FOR TODAY
                         NORMAL    RECORD    YEAR
 MAXIMUM TEMPERATURE (F)    2        35      1994
 MINIMUM TEMPERATURE (F)  -16       -58      1933


SUNRISE AND SUNSET
JANUARY 29 2015..........SUNRISE  947 AM AKST   SUNSET  424 PM AKST
JANUARY 30 2015..........SUNRISE  944 AM AKST   SUNSET  428 PM AKST


-  INDICATES NEGATIVE NUMBERS.
R  INDICATES RECORD WAS SET OR TIED.
MM INDICATES DATA IS MISSING.
T  INDICATES TRACE AMOUNT.

&&

SNOW DEPTH IS MEASURED AT 3AM AKST/4AM AKDT

----------------------------
AVAILABLE DAYLIGHT

AMOUNT OF DAYLIGHT TODAY  (HOUR:MIN)........6:37
GAIN SINCE YESTERDAY........................7 MINUTES
----------------------------

$$
SDB JAN 15




U.S. Dept. of Commerce
NOAA National Weather Service
1325 East West Highway
Silver Spring, MD 20910
E-mail: w-nws.webmaster@noaa.gov
Page last modified: May 16, 2007
NATIONAL WEATHER SERVICE: for Safety, for Work, for Fun - FOR LIFE