572
CDAK49 PAFG 271126
CLIFAI

CLIMATE REPORT
NATIONAL WEATHER SERVICE FAIRBANKS AK
226 AM AKST THU NOV 27 2014

...................................

...THE FAIRBANKS AK CLIMATE SUMMARY FOR NOVEMBER 26 2014...

CLIMATE NORMAL PERIOD 1981 TO 2010
CLIMATE RECORD PERIOD 1904 TO 2014


WEATHER ITEM   OBSERVED TIME   RECORD YEAR NORMAL DEPARTURE LAST
                VALUE   (LST)  VALUE       VALUE  FROM      YEAR
                                                  NORMAL
..................................................................
TEMPERATURE (F)
 YESTERDAY
  MAXIMUM         15   1222 AM  44    2002   7      8        8
                                      1956
  MINIMUM        -10   1101 PM -48    1927 -10      0       -8
  AVERAGE          3                        -2      5        0

PRECIPITATION (IN)
  YESTERDAY        T             0.19 1923   0.02  -0.02     0.00
  MONTH TO DATE    0.12                      0.59  -0.47     1.49
  SINCE SEP 1      3.45                      2.52   0.93     3.82
  SINCE JAN 1     16.17                     10.09   6.08     9.62

SNOWFALL (IN)
  YESTERDAY        0.2           4.0  1906   0.5   -0.3      0.0
  MONTH TO DATE    2.8                      11.6   -8.8     14.1
  SINCE SEP 1      8.8                      24.2  -15.4     15.5
  SINCE JUL 1      8.8                      24.2  -15.4     15.5
  SNOW DEPTH       5

DEGREE DAYS
 HEATING
  YESTERDAY       62                        66     -4       65
  MONTH TO DATE 1371                      1604   -233     1467
  SINCE SEP 1   3148                      3474   -326     2983
  SINCE JUL 1   3469                      3863   -394     3242

 COOLING
  YESTERDAY        0                         0      0        0
  MONTH TO DATE    0                         0      0        0
  SINCE SEP 1      0                         0      0        0
  SINCE JAN 1     27                        61    -34      226
..................................................................


WIND (MPH)
  HIGHEST GUST SPEED     8   HIGHEST GUST DIRECTION    NE (40)


SKY COVER
  AVERAGE SKY COVER 0.7


WEATHER CONDITIONS
 THE FOLLOWING WEATHER WAS RECORDED YESTERDAY.
  LIGHT SNOW
  FOG
  FOG W/VISIBILITY <= 1/4 MILE


RELATIVE HUMIDITY (PERCENT)
 HIGHEST    87
 LOWEST     71
 AVERAGE    79

..........................................................


THE FAIRBANKS AK CLIMATE NORMALS FOR TODAY
                         NORMAL    RECORD    YEAR
 MAXIMUM TEMPERATURE (F)    7        44      1956
 MINIMUM TEMPERATURE (F)  -10       -50      1927


SUNRISE AND SUNSET
NOVEMBER 27 2014..........SUNRISE  1008 AM AKST   SUNSET  311 PM AKST
NOVEMBER 28 2014..........SUNRISE  1011 AM AKST   SUNSET  308 PM AKST


-  INDICATES NEGATIVE NUMBERS.
R  INDICATES RECORD WAS SET OR TIED.
MM INDICATES DATA IS MISSING.
T  INDICATES TRACE AMOUNT.

&&

SNOW DEPTH IS MEASURED AT 3AM AKST/4AM AKDT

----------------------------
AVAILABLE DAYLIGHT

AMOUNT OF DAYLIGHT TODAY  (HOUR:MIN)........5:03
LOSS SINCE YESTERDAY........................5 MINUTES
----------------------------

$$
RF NOV 14




U.S. Dept. of Commerce
NOAA National Weather Service
1325 East West Highway
Silver Spring, MD 20910
E-mail: w-nws.webmaster@noaa.gov
Page last modified: May 16, 2007
NATIONAL WEATHER SERVICE: for Safety, for Work, for Fun - FOR LIFE