942
CDAK49 PAFG 290934
CLIFAI

CLIMATE REPORT
NATIONAL WEATHER SERVICE FAIRBANKS AK
134 AM AKDT TUE JUL 29 2014

...................................

...THE FAIRBANKS AK CLIMATE SUMMARY FOR JULY 28 2014...

CLIMATE NORMAL PERIOD 1981 TO 2010
CLIMATE RECORD PERIOD 1904 TO 2014


WEATHER ITEM   OBSERVED TIME   RECORD YEAR NORMAL DEPARTURE LAST
                VALUE   (LST)  VALUE       VALUE  FROM      YEAR
                                                  NORMAL
..................................................................
TEMPERATURE (F)
 YESTERDAY
  MAXIMUM         68    552 PM  99    1919  70     -2       88
  MINIMUM         50    519 AM  34    1943  51     -1       56
  AVERAGE         59                        61     -2       72

PRECIPITATION (IN)
  YESTERDAY        0.00          1.14 2008   0.07  -0.07     0.00
  MONTH TO DATE    5.78                      1.94   3.84     1.01
  SINCE JUN 1      9.34                      3.31   6.03     1.44
  SINCE JAN 1     10.43                      5.47   4.96     3.78

SNOWFALL (IN)
  YESTERDAY        0.0           0.0  2002   0.0    0.0      0.0
                                      2001
                                      2000
  MONTH TO DATE    0.0                       0.0    0.0      0.0
  SINCE JUN 1      0.0                       0.0    0.0      0.0
  SINCE JUL 1      0.0                       0.0    0.0      0.0
  SNOW DEPTH       0

DEGREE DAYS
 HEATING
  YESTERDAY        6                         5      1        0
  MONTH TO DATE  131                        95     36       69
  SINCE JUN 1    323                       255     68      140
  SINCE JUL 1    131                        95     36       69

 COOLING
  YESTERDAY        0                         0      0        7
  MONTH TO DATE   19                        29    -10       43
  SINCE JUN 1     20                        52    -32      178
  SINCE JAN 1     20                        53    -33      191
..................................................................


WIND (MPH)
  HIGHEST GUST SPEED    15   HIGHEST GUST DIRECTION    NW (300)


SKY COVER
  AVERAGE SKY COVER 0.8


WEATHER CONDITIONS
 THE FOLLOWING WEATHER WAS RECORDED YESTERDAY.
  NO SIGNIFICANT WEATHER WAS OBSERVED.


RELATIVE HUMIDITY (PERCENT)
 HIGHEST    86
 LOWEST     44
 AVERAGE    65

..........................................................


THE FAIRBANKS AK CLIMATE NORMALS FOR TODAY
                         NORMAL    RECORD    YEAR
 MAXIMUM TEMPERATURE (F)   70        95      1919
 MINIMUM TEMPERATURE (F)   51        33      1929


SUNRISE AND SUNSET
JULY 29 2014..........SUNRISE  442 AM AKDT   SUNSET  1112 PM AKDT
JULY 30 2014..........SUNRISE  446 AM AKDT   SUNSET  1109 PM AKDT


-  INDICATES NEGATIVE NUMBERS.
R  INDICATES RECORD WAS SET OR TIED.
MM INDICATES DATA IS MISSING.
T  INDICATES TRACE AMOUNT.

&&

SNOW DEPTH IS MEASURED AT 3AM AKST/4AM AKDT

----------------------------
AVAILABLE DAYLIGHT

AMOUNT OF DAYLIGHT TODAY  (HOUR:MIN)........18:30
LOSS SINCE YESTERDAY........................7 MINUTES
----------------------------

$$
SDB JUL 14




U.S. Dept. of Commerce
NOAA National Weather Service
1325 East West Highway
Silver Spring, MD 20910
E-mail: w-nws.webmaster@noaa.gov
Page last modified: May 16, 2007
NATIONAL WEATHER SERVICE: for Safety, for Work, for Fun - FOR LIFE