901
CDAK49 PAFG 210932
CLIFAI

CLIMATE REPORT
NATIONAL WEATHER SERVICE FAIRBANKS AK
132 AM AKDT TUE OCT 21 2014

...................................

...THE FAIRBANKS AK CLIMATE SUMMARY FOR OCTOBER 20 2014...

CLIMATE NORMAL PERIOD 1981 TO 2010
CLIMATE RECORD PERIOD 1904 TO 2014


WEATHER ITEM   OBSERVED TIME   RECORD YEAR NORMAL DEPARTURE LAST
                VALUE   (LST)  VALUE       VALUE  FROM      YEAR
                                                  NORMAL
..................................................................
TEMPERATURE (F)
 YESTERDAY
  MAXIMUM         38    309 PM  61    1938  28     10       47
  MINIMUM         32   1159 PM -15    1965  14     18       26
  AVERAGE         35                        21     14       37

PRECIPITATION (IN)
  YESTERDAY        0.00          0.83 1935   0.03  -0.03     0.00
  MONTH TO DATE    0.41                      0.56  -0.15     0.30
  SINCE SEP 1      3.30                      1.66   1.64     2.04
  SINCE JAN 1     16.02                      9.23   6.79     7.84

SNOWFALL (IN)
  YESTERDAY        0.0           6.2  1935   0.4   -0.4      0.0
  MONTH TO DATE    4.7                       6.1   -1.4      0.1
  SINCE SEP 1      5.0                       7.9   -2.9      0.8
  SINCE JUL 1      5.0                       7.9   -2.9      0.8
  SNOW DEPTH       1

DEGREE DAYS
 HEATING
  YESTERDAY       30                        44    -14       28
  MONTH TO DATE  703                       721    -18      513
  SINCE SEP 1   1252                      1326    -74     1143
  SINCE JUL 1   1573                      1715   -142     1402

 COOLING
  YESTERDAY        0                         0      0        0
  MONTH TO DATE    0                         0      0        0
  SINCE SEP 1      0                         0      0        0
  SINCE JAN 1     27                        61    -34      226
..................................................................


WIND (MPH)
  HIGHEST GUST SPEED    27   HIGHEST GUST DIRECTION     N (340)


SKY COVER
  AVERAGE SKY COVER 1.0


WEATHER CONDITIONS
 THE FOLLOWING WEATHER WAS RECORDED YESTERDAY.
  NO SIGNIFICANT WEATHER WAS OBSERVED.


RELATIVE HUMIDITY (PERCENT)
 HIGHEST    64
 LOWEST     54
 AVERAGE    59

..........................................................


THE FAIRBANKS AK CLIMATE NORMALS FOR TODAY
                         NORMAL    RECORD    YEAR
 MAXIMUM TEMPERATURE (F)   27        60      1938
 MINIMUM TEMPERATURE (F)   13       -17      1958


SUNRISE AND SUNSET
OCTOBER 21 2014..........SUNRISE  904 AM AKDT   SUNSET  608 PM AKDT
OCTOBER 22 2014..........SUNRISE  907 AM AKDT   SUNSET  604 PM AKDT


-  INDICATES NEGATIVE NUMBERS.
R  INDICATES RECORD WAS SET OR TIED.
MM INDICATES DATA IS MISSING.
T  INDICATES TRACE AMOUNT.

&&

SNOW DEPTH IS MEASURED AT 3AM AKST/4AM AKDT

----------------------------
AVAILABLE DAYLIGHT

AMOUNT OF DAYLIGHT TODAY  (HOUR:MIN)........9:04
LOSS SINCE YESTERDAY........................6 MINUTES
----------------------------

$$
SDB OCT 14




U.S. Dept. of Commerce
NOAA National Weather Service
1325 East West Highway
Silver Spring, MD 20910
E-mail: w-nws.webmaster@noaa.gov
Page last modified: May 16, 2007
NATIONAL WEATHER SERVICE: for Safety, for Work, for Fun - FOR LIFE