742
CDAK49 PAFG 260038
CLIFAI

CLIMATE REPORT
NATIONAL WEATHER SERVICE FAIRBANKS AK
438 PM AKDT SAT OCT 25 2014

...................................

...THE FAIRBANKS AK CLIMATE SUMMARY FOR OCTOBER 25 2014...
VALID TODAY AS OF 0400 PM LOCAL TIME.

CLIMATE NORMAL PERIOD 1981 TO 2010
CLIMATE RECORD PERIOD 1904 TO 2014


WEATHER ITEM   OBSERVED TIME   RECORD YEAR NORMAL DEPARTURE LAST
                VALUE   (LST)  VALUE       VALUE  FROM      YEAR
                                                  NORMAL
..................................................................
TEMPERATURE (F)
 TODAY
  MAXIMUM         27    259 PM  52    1938  24      3       43
  MINIMUM         22    156 AM -27    1935   9     13       21
  AVERAGE         25                        16      9       32

PRECIPITATION (IN)
  TODAY            T             0.29 1942   0.02  -0.02     0.00
  MONTH TO DATE    0.44                      0.69  -0.25     0.30
  SINCE SEP 1      3.33                      1.79   1.54     2.04
  SINCE JAN 1     16.05                      9.36   6.69     7.84

SNOWFALL (IN)
  TODAY            T             3.9  1942   0.4   -0.4      0.0
  MONTH TO DATE    5.4                       8.2   -2.8      0.1
  SINCE SEP 1      5.7                      10.0   -4.3      0.8
  SINCE JUL 1      5.7                      10.0   -4.3      0.8
  SNOW DEPTH       2

DEGREE DAYS
 HEATING
  TODAY           40                        49     -9       33
  MONTH TO DATE  904                       956    -52      689
  SINCE SEP 1   1453                      1561   -108     1319
  SINCE JUL 1   1774                      1950   -176     1578

 COOLING
  TODAY            0                         0      0        0
  MONTH TO DATE    0                         0      0        0
  SINCE SEP 1      0                         0      0        0
  SINCE JAN 1     27                        61    -34      226
..................................................................


WIND (MPH)
  HIGHEST GUST SPEED     9   HIGHEST GUST DIRECTION    NE (60)


SKY COVER
  AVERAGE SKY COVER 0.9


WEATHER CONDITIONS
 THE FOLLOWING WEATHER WAS RECORDED TODAY.
  LT FREEZING RAIN
  SNOW
  LIGHT SNOW
  FOG
  HAZE


RELATIVE HUMIDITY (PERCENT)
 HIGHEST    88
 LOWEST     81
 AVERAGE    85

..........................................................


THE FAIRBANKS AK CLIMATE NORMALS FOR TOMORROW
                         NORMAL    RECORD    YEAR
 MAXIMUM TEMPERATURE (F)   23        48      1936
 MINIMUM TEMPERATURE (F)    8       -28      1935


SUNRISE AND SUNSET
OCTOBER 25 2014..........SUNRISE  917 AM AKDT   SUNSET  554 PM AKDT
OCTOBER 26 2014..........SUNRISE  920 AM AKDT   SUNSET  550 PM AKDT


-  INDICATES NEGATIVE NUMBERS.
R  INDICATES RECORD WAS SET OR TIED.
MM INDICATES DATA IS MISSING.
T  INDICATES TRACE AMOUNT.

&&

SNOW DEPTH IS MEASURED AT 3AM AKST/4AM AKDT

----------------------------
AVAILABLE DAYLIGHT

AMOUNT OF DAYLIGHT TODAY  (HOUR:MIN)........8:37
LOSS SINCE YESTERDAY........................6 MINUTES
----------------------------

$$
OCT 14




U.S. Dept. of Commerce
NOAA National Weather Service
1325 East West Highway
Silver Spring, MD 20910
E-mail: w-nws.webmaster@noaa.gov
Page last modified: May 16, 2007
NATIONAL WEATHER SERVICE: for Safety, for Work, for Fun - FOR LIFE