603
CDAK49 PAFG 230933
CLIFAI

CLIMATE REPORT
NATIONAL WEATHER SERVICE FAIRBANKS AK
133 AM AKDT WED APR 23 2014

...................................

...THE FAIRBANKS AK CLIMATE SUMMARY FOR APRIL 22 2014...

CLIMATE NORMAL PERIOD 1981 TO 2010
CLIMATE RECORD PERIOD 1904 TO 2014


WEATHER ITEM   OBSERVED TIME   RECORD YEAR NORMAL DEPARTURE LAST
                VALUE   (LST)  VALUE       VALUE  FROM      YEAR
                                                  NORMAL
..................................................................
TEMPERATURE (F)
 YESTERDAY
  MAXIMUM         55    430 PM  65    1940  49      6       46
  MINIMUM         38   1159 PM -20    1924  26     12        9
  AVERAGE         47                        38      9       28

PRECIPITATION (IN)
  YESTERDAY        0.00          0.61 1941   0.01  -0.01     0.00
  MONTH TO DATE    0.20                      0.20   0.00     0.31
  SINCE MAR 1      0.41                      0.45  -0.04     0.57
  SINCE JAN 1      1.03                      1.45  -0.42     1.84

SNOWFALL (IN)
  YESTERDAY        0.0           2.9  1941   0.1   -0.1      0.0
  MONTH TO DATE    2.9                       2.4    0.5      5.4
  SINCE MAR 1      6.0                       7.3   -1.3     11.6
  SINCE JUL 1     48.9                      63.6  -14.7     62.1
  SNOW DEPTH       T

DEGREE DAYS
 HEATING
  YESTERDAY       18                        27     -9       37
  MONTH TO DATE  768                       776     -8     1096
  SINCE MAR 1   2344                      2436    -92     2882
  SINCE JUL 1  11736                     12826  -1090    13851

 COOLING
  YESTERDAY        0                         0      0        0
  MONTH TO DATE    0                         0      0        0
  SINCE MAR 1      0                         0      0        0
  SINCE JAN 1      0                         0      0        0
..................................................................


WIND (MPH)
  HIGHEST GUST SPEED    21   HIGHEST GUST DIRECTION    NE (30)


SKY COVER
  AVERAGE SKY COVER 0.5


WEATHER CONDITIONS
 THE FOLLOWING WEATHER WAS RECORDED YESTERDAY.
  NO SIGNIFICANT WEATHER WAS OBSERVED.


RELATIVE HUMIDITY (PERCENT)
 HIGHEST    60
 LOWEST     35
 AVERAGE    48

..........................................................


THE FAIRBANKS AK CLIMATE NORMALS FOR TODAY
                         NORMAL    RECORD    YEAR
 MAXIMUM TEMPERATURE (F)   50        66      1940
 MINIMUM TEMPERATURE (F)   27       -13      1948


SUNRISE AND SUNSET
APRIL 23 2014..........SUNRISE  547 AM AKDT   SUNSET  956 PM AKDT
APRIL 24 2014..........SUNRISE  544 AM AKDT   SUNSET  959 PM AKDT


-  INDICATES NEGATIVE NUMBERS.
R  INDICATES RECORD WAS SET OR TIED.
MM INDICATES DATA IS MISSING.
T  INDICATES TRACE AMOUNT.

&&

SNOW DEPTH IS MEASURED AT 3AM AKST/4AM AKDT

----------------------------
AVAILABLE DAYLIGHT

AMOUNT OF DAYLIGHT TODAY  (HOUR:MIN)........16:09
GAIN SINCE YESTERDAY........................7 MINUTES
----------------------------

$$
APR 14




U.S. Dept. of Commerce
NOAA National Weather Service
1325 East West Highway
Silver Spring, MD 20910
E-mail: w-nws.webmaster@noaa.gov
Page last modified: May 16, 2007
NATIONAL WEATHER SERVICE: for Safety, for Work, for Fun - FOR LIFE