503
CDAK49 PAFG 180931
CLIFAI

CLIMATE REPORT
NATIONAL WEATHER SERVICE FAIRBANKS AK
1231 AM AKST THU DEC 18 2014

...................................

...THE FAIRBANKS AK CLIMATE SUMMARY FOR DECEMBER 17 2014...

CLIMATE NORMAL PERIOD 1981 TO 2010
CLIMATE RECORD PERIOD 1904 TO 2014


WEATHER ITEM   OBSERVED TIME   RECORD YEAR NORMAL DEPARTURE LAST
                VALUE   (LST)  VALUE       VALUE  FROM      YEAR
                                                  NORMAL
..................................................................
TEMPERATURE (F)
 YESTERDAY
  MAXIMUM         19   1159 PM  38    1909   5     14       -6
  MINIMUM         -1   1214 AM -52    1933 -13     12      -25
  AVERAGE          9                        -4     13      -15

PRECIPITATION (IN)
  YESTERDAY        0.02          0.86 1984   0.02   0.00     0.05
  MONTH TO DATE    0.57                      0.33   0.24     0.33
  SINCE DEC 1      0.57                      0.33   0.24     0.33
  SINCE JAN 1     16.80                     10.50   6.30    10.20

SNOWFALL (IN)
  YESTERDAY        0.3          11.6  1984   0.4   -0.1      1.0
  MONTH TO DATE    8.4                       6.5    1.9      5.3
  SINCE DEC 1      8.4                       6.5    1.9      5.3
  SINCE JUL 1     18.2                      32.3  -14.1     24.3
  SNOW DEPTH       8

DEGREE DAYS
 HEATING
  YESTERDAY       56                        69    -13       80
  MONTH TO DATE  939                      1157   -218     1069
  SINCE DEC 1    939                      1157   -218     1069
  SINCE JUL 1   4657                      5288   -631     4606

 COOLING
  YESTERDAY        0                         0      0        0
  MONTH TO DATE    0                         0      0        0
  SINCE DEC 1      0                         0      0        0
  SINCE JAN 1     27                        61    -34      226
..................................................................


WIND (MPH)
  HIGHEST GUST SPEED     5   HIGHEST GUST DIRECTION    NE (40)


SKY COVER
  AVERAGE SKY COVER 1.0


WEATHER CONDITIONS
 THE FOLLOWING WEATHER WAS RECORDED YESTERDAY.
  LIGHT SNOW
  FOG


RELATIVE HUMIDITY (PERCENT)
 HIGHEST    88
 LOWEST     73
 AVERAGE    81

..........................................................


THE FAIRBANKS AK CLIMATE NORMALS FOR TODAY
                         NORMAL    RECORD    YEAR
 MAXIMUM TEMPERATURE (F)    5        42      1935
 MINIMUM TEMPERATURE (F)  -13       -54      1933


SUNRISE AND SUNSET
DECEMBER 18 2014..........SUNRISE  1057 AM AKST   SUNSET  241 PM AKST
DECEMBER 19 2014..........SUNRISE  1058 AM AKST   SUNSET  241 PM AKST


-  INDICATES NEGATIVE NUMBERS.
R  INDICATES RECORD WAS SET OR TIED.
MM INDICATES DATA IS MISSING.
T  INDICATES TRACE AMOUNT.

&&

SNOW DEPTH IS MEASURED AT 3AM AKST/4AM AKDT

----------------------------
AVAILABLE DAYLIGHT

AMOUNT OF DAYLIGHT TODAY  (HOUR:MIN)........3:44
LOSS SINCE YESTERDAY........................1 MINUTE
----------------------------

$$
RF DEC 14




U.S. Dept. of Commerce
NOAA National Weather Service
1325 East West Highway
Silver Spring, MD 20910
E-mail: w-nws.webmaster@noaa.gov
Page last modified: May 16, 2007
NATIONAL WEATHER SERVICE: for Safety, for Work, for Fun - FOR LIFE