662
CDAK49 PAFG 230933
CLIFAI

CLIMATE REPORT
NATIONAL WEATHER SERVICE FAIRBANKS AK
1233 AM AKST SUN NOV 23 2014

...................................

...THE FAIRBANKS AK CLIMATE SUMMARY FOR NOVEMBER 22 2014...

CLIMATE NORMAL PERIOD 1981 TO 2010
CLIMATE RECORD PERIOD 1904 TO 2014


WEATHER ITEM   OBSERVED TIME   RECORD YEAR NORMAL DEPARTURE LAST
                VALUE   (LST)  VALUE       VALUE  FROM      YEAR
                                                  NORMAL
..................................................................
TEMPERATURE (F)
 YESTERDAY
  MAXIMUM         12    250 AM  47    1947   8      4       17
  MINIMUM         -4   1046 PM -36    1963  -9      5        2
  AVERAGE          4                        -1      5       10

PRECIPITATION (IN)
  YESTERDAY        0.00          0.54 2010   0.02  -0.02     0.00
  MONTH TO DATE    T                         0.50  -0.50     1.47
  SINCE SEP 1      3.33                      2.43   0.90     3.80
  SINCE JAN 1     16.05                     10.00   6.05     9.60

SNOWFALL (IN)
  YESTERDAY        0.0           4.0  1925   0.4   -0.4      0.0
  MONTH TO DATE    T                         9.8   -9.8     12.6
  SINCE SEP 1      6.0                      22.4  -16.4     14.0
  SINCE JUL 1      6.0                      22.4  -16.4     14.0
  SNOW DEPTH       2

DEGREE DAYS
 HEATING
  YESTERDAY       61                        66     -5       55
  MONTH TO DATE 1140                      1340   -200     1212
  SINCE SEP 1   2917                      3210   -293     2728
  SINCE JUL 1   3238                      3599   -361     2987

 COOLING
  YESTERDAY        0                         0      0        0
  MONTH TO DATE    0                         0      0        0
  SINCE SEP 1      0                         0      0        0
  SINCE JAN 1     27                        61    -34      226
..................................................................


WIND (MPH)
  HIGHEST GUST SPEED    20   HIGHEST GUST DIRECTION     N (10)


SKY COVER
  AVERAGE SKY COVER 0.2


WEATHER CONDITIONS
 THE FOLLOWING WEATHER WAS RECORDED YESTERDAY.
  NO SIGNIFICANT WEATHER WAS OBSERVED.


RELATIVE HUMIDITY (PERCENT)
 HIGHEST    65
 LOWEST     48
 AVERAGE    57

..........................................................


THE FAIRBANKS AK CLIMATE NORMALS FOR TODAY
                         NORMAL    RECORD    YEAR
 MAXIMUM TEMPERATURE (F)    8        45      1952
 MINIMUM TEMPERATURE (F)   -9       -39      1994


SUNRISE AND SUNSET
NOVEMBER 23 2014..........SUNRISE  955 AM AKST   SUNSET  321 PM AKST
NOVEMBER 24 2014..........SUNRISE  958 AM AKST   SUNSET  319 PM AKST


-  INDICATES NEGATIVE NUMBERS.
R  INDICATES RECORD WAS SET OR TIED.
MM INDICATES DATA IS MISSING.
T  INDICATES TRACE AMOUNT.

&&

SNOW DEPTH IS MEASURED AT 3AM AKST/4AM AKDT

----------------------------
AVAILABLE DAYLIGHT

AMOUNT OF DAYLIGHT TODAY  (HOUR:MIN)........5:26
LOSS SINCE YESTERDAY........................6 MINUTES
----------------------------

$$
LTH NOV 14




U.S. Dept. of Commerce
NOAA National Weather Service
1325 East West Highway
Silver Spring, MD 20910
E-mail: w-nws.webmaster@noaa.gov
Page last modified: May 16, 2007
NATIONAL WEATHER SERVICE: for Safety, for Work, for Fun - FOR LIFE