560
CDAK49 PAFG 161005
CLIFAI

CLIMATE REPORT
NATIONAL WEATHER SERVICE FAIRBANKS AK
205 AM AKDT WED APR 16 2014

...................................

...THE FAIRBANKS AK CLIMATE SUMMARY FOR APRIL 15 2014...

CLIMATE NORMAL PERIOD 1981 TO 2010
CLIMATE RECORD PERIOD 1904 TO 2014


WEATHER ITEM   OBSERVED TIME   RECORD YEAR NORMAL DEPARTURE LAST
                VALUE   (LST)  VALUE       VALUE  FROM      YEAR
                                                  NORMAL
..................................................................
TEMPERATURE (F)
 YESTERDAY
  MAXIMUM         52    226 PM  61    1915  44      8       32
  MINIMUM         26    635 AM -13    1964  21      5       14
  AVERAGE         39                        32      7       23

PRECIPITATION (IN)
  YESTERDAY        T             0.21 1963   0.01  -0.01     0.00
  MONTH TO DATE    0.20                      0.12   0.08     0.31
  SINCE MAR 1      0.41                      0.37   0.04     0.57
  SINCE JAN 1      1.03                      1.37  -0.34     1.84

SNOWFALL (IN)
  YESTERDAY        0.0           2.8  1963   0.0    0.0      0.0
  MONTH TO DATE    2.9                       1.7    1.2      5.4
  SINCE MAR 1      6.0                       6.6   -0.6     11.6
  SINCE JUL 1     48.9                      62.9  -14.0     62.1
  SNOW DEPTH      15

DEGREE DAYS
 HEATING
  YESTERDAY       26                        32     -6       42
  MONTH TO DATE  614                       569     45      808
  SINCE MAR 1   2190                      2229    -39     2594
  SINCE JUL 1  11582                     12619  -1037    13563

 COOLING
  YESTERDAY        0                         0      0        0
  MONTH TO DATE    0                         0      0        0
  SINCE MAR 1      0                         0      0        0
  SINCE JAN 1      0                         0      0        0
..................................................................


WIND (MPH)
  HIGHEST GUST SPEED    16   HIGHEST GUST DIRECTION    SE (140)


SKY COVER
  AVERAGE SKY COVER 0.5


WEATHER CONDITIONS
 THE FOLLOWING WEATHER WAS RECORDED YESTERDAY.
  LIGHT RAIN


RELATIVE HUMIDITY (PERCENT)
 HIGHEST    82
 LOWEST     39
 AVERAGE    61

..........................................................


THE FAIRBANKS AK CLIMATE NORMALS FOR TODAY
                         NORMAL    RECORD    YEAR
 MAXIMUM TEMPERATURE (F)   45        61      2012
 MINIMUM TEMPERATURE (F)   22       -12      1914


SUNRISE AND SUNSET
APRIL 16 2014..........SUNRISE  613 AM AKDT   SUNSET  933 PM AKDT
APRIL 17 2014..........SUNRISE  609 AM AKDT   SUNSET  936 PM AKDT


-  INDICATES NEGATIVE NUMBERS.
R  INDICATES RECORD WAS SET OR TIED.
MM INDICATES DATA IS MISSING.
T  INDICATES TRACE AMOUNT.

&&

SNOW DEPTH IS MEASURED AT 3AM AKST/4AM AKDT

----------------------------
AVAILABLE DAYLIGHT

AMOUNT OF DAYLIGHT TODAY  (HOUR:MIN)........15:20
GAIN SINCE YESTERDAY........................7 MINUTES
----------------------------

$$
CF APR 14




U.S. Dept. of Commerce
NOAA National Weather Service
1325 East West Highway
Silver Spring, MD 20910
E-mail: w-nws.webmaster@noaa.gov
Page last modified: May 16, 2007
NATIONAL WEATHER SERVICE: for Safety, for Work, for Fun - FOR LIFE