266
CDAK49 PAFG 250940
CLIFAI

CLIMATE REPORT
NATIONAL WEATHER SERVICE FAIRBANKS AK
1240 AM AKST SUN JAN 25 2015

...................................

...THE FAIRBANKS AK CLIMATE SUMMARY FOR JANUARY 24 2015...

CLIMATE NORMAL PERIOD 1981 TO 2010
CLIMATE RECORD PERIOD 1904 TO 2015


WEATHER ITEM   OBSERVED TIME   RECORD YEAR NORMAL DEPARTURE LAST
                VALUE   (LST)  VALUE       VALUE  FROM      YEAR
                                                  NORMAL
..................................................................
TEMPERATURE (F)
 YESTERDAY
  MAXIMUM         -8   1206 AM  46    1977   1     -9       45
  MINIMUM        -25   1159 AM -60    1911 -17     -8       20
  AVERAGE        -16                        -8     -8       33

PRECIPITATION (IN)
  YESTERDAY        0.03          0.27 1937   0.02   0.01     0.04
  MONTH TO DATE    0.14                      0.46  -0.32     0.22
  SINCE DEC 1      1.07                      1.10  -0.03     1.00
  SINCE JAN 1      0.14                      0.46  -0.32     0.22

SNOWFALL (IN)
  YESTERDAY        0.6           3.0  1937   0.3    0.3      0.0
  MONTH TO DATE    4.3                       8.1   -3.8      2.5
  SINCE DEC 1     19.5                      20.2   -0.7     16.8
  SINCE JUL 1     29.3                      46.0  -16.7     35.8
  SNOW DEPTH      13

DEGREE DAYS
 HEATING
  YESTERDAY       81                        73      8       32
  MONTH TO DATE 1537                      1756   -219     1407
  SINCE DEC 1   3294                      3897   -603     3554
  SINCE JUL 1   7012                      8028  -1016     7091

 COOLING
  YESTERDAY        0                         0      0        0
  MONTH TO DATE    0                         0      0        0
  SINCE DEC 1      0                         0      0        0
  SINCE JAN 1      0                         0      0        0
..................................................................


WIND (MPH)
  HIGHEST GUST SPEED     9   HIGHEST GUST DIRECTION     S (200)


SKY COVER
  AVERAGE SKY COVER 0.8


WEATHER CONDITIONS
 THE FOLLOWING WEATHER WAS RECORDED YESTERDAY.
  LIGHT SNOW
  FOG


RELATIVE HUMIDITY (PERCENT)
 HIGHEST    74
 LOWEST     64
 AVERAGE    69

..........................................................


THE FAIRBANKS AK CLIMATE NORMALS FOR TODAY
                         NORMAL    RECORD    YEAR
 MAXIMUM TEMPERATURE (F)    1        45      1991
 MINIMUM TEMPERATURE (F)  -17       -62      1911


SUNRISE AND SUNSET
JANUARY 25 2015..........SUNRISE  959 AM AKST   SUNSET  410 PM AKST
JANUARY 26 2015..........SUNRISE  956 AM AKST   SUNSET  414 PM AKST


-  INDICATES NEGATIVE NUMBERS.
R  INDICATES RECORD WAS SET OR TIED.
MM INDICATES DATA IS MISSING.
T  INDICATES TRACE AMOUNT.

&&

SNOW DEPTH IS MEASURED AT 3AM AKST/4AM AKDT

----------------------------
AVAILABLE DAYLIGHT

AMOUNT OF DAYLIGHT TODAY  (HOUR:MIN)........6:11
GAIN SINCE YESTERDAY........................7 MINUTES
----------------------------

$$
JAN 15




U.S. Dept. of Commerce
NOAA National Weather Service
1325 East West Highway
Silver Spring, MD 20910
E-mail: w-nws.webmaster@noaa.gov
Page last modified: May 16, 2007
NATIONAL WEATHER SERVICE: for Safety, for Work, for Fun - FOR LIFE