736
CDUS42 KKEY 020546
CLIEYW

CLIMATE REPORT
NATIONAL WEATHER SERVICE KEY WEST, FL
145 AM EDT TUE SEP 2 2014


...................................

...THE KEY WEST CLIMATE SUMMARY FOR SEPTEMBER 1 2014...

CLIMATE NORMAL PERIOD 1981 TO 2010
CLIMATE RECORD PERIOD 1871 TO 2014


WEATHER ITEM   OBSERVED TIME   RECORD YEAR NORMAL DEPARTURE LAST
                VALUE   (LST)  VALUE       VALUE  FROM      YEAR
                                                  NORMAL
..................................................................
TEMPERATURE (F)
 YESTERDAY
  MAXIMUM         90    206 PM  95    1956  89      1       88
  MINIMUM         80   1159 PM  71    1933  79      1       82
  AVERAGE         85                        84      1       85

PRECIPITATION (IN)
  YESTERDAY        0.07          3.25 1980   0.22  -0.15     0.00
  MONTH TO DATE    0.07                      0.22  -0.15     0.00
  SINCE SEP 1      0.07                      0.22  -0.15     0.00
  SINCE JAN 1     22.21                     23.89  -1.68    35.51

SNOWFALL (IN)
  YESTERDAY        0.0
  MONTH TO DATE    0.0
  SINCE SEP 1      0.0
  SINCE JUL 1      0.0
  SNOW DEPTH       0

DEGREE DAYS
 HEATING
  YESTERDAY        0                         0      0        0
  MONTH TO DATE    0                         0      0        0
  SINCE SEP 1      0                         0      0        0
  SINCE JUL 1      0                         0      0        0

 COOLING
  YESTERDAY       20                        19      1       20
  MONTH TO DATE   20                        19      1       20
  SINCE SEP 1     20                        19      1       20
  SINCE JAN 1   3540                      3208    332     3340
..................................................................


WIND (MPH)
  HIGHEST WIND SPEED    18   HIGHEST WIND DIRECTION     E (110)
  HIGHEST GUST SPEED    24   HIGHEST GUST DIRECTION    SE (130)
  AVERAGE WIND SPEED    11.6


SKY COVER
  POSSIBLE SUNSHINE  MM
  AVERAGE SKY COVER 0.2


WEATHER CONDITIONS
 THE FOLLOWING WEATHER WAS RECORDED YESTERDAY.
  HAZE


RELATIVE HUMIDITY (PERCENT)
 HIGHEST    74
 LOWEST     63
 AVERAGE    69

..........................................................


THE KEY WEST CLIMATE NORMALS FOR TODAY
                         NORMAL    RECORD    YEAR
 MAXIMUM TEMPERATURE (F)   89        95      1956
 MINIMUM TEMPERATURE (F)   79        69      1898


SUNRISE AND SUNSET
SEPTEMBER  2 2014.....SUNRISE   709 AM EDT   SUNSET   744 PM EDT
SEPTEMBER  3 2014.....SUNRISE   709 AM EDT   SUNSET   743 PM EDT


-  INDICATES NEGATIVE NUMBERS.
R  INDICATES RECORD WAS SET OR TIED.
MM INDICATES DATA IS MISSING.
T  INDICATES TRACE AMOUNT.




$$








U.S. Dept. of Commerce
NOAA National Weather Service
1325 East West Highway
Silver Spring, MD 20910
E-mail: w-nws.webmaster@noaa.gov
Page last modified: May 16, 2007
NATIONAL WEATHER SERVICE: for Safety, for Work, for Fun - FOR LIFE