683
CDUS42 KKEY 220544
CLIEYW

CLIMATE REPORT
NATIONAL WEATHER SERVICE KEY WEST, FL
1242 AM EST MON DEC 22 2014

...................................

...THE KEY WEST CLIMATE SUMMARY FOR DECEMBER 21 2014...

CLIMATE NORMAL PERIOD 1981 TO 2010
CLIMATE RECORD PERIOD 1871 TO 2014


WEATHER ITEM   OBSERVED TIME   RECORD YEAR NORMAL DEPARTURE LAST
                VALUE   (LST)  VALUE       VALUE  FROM      YEAR
                                                  NORMAL
..................................................................
TEMPERATURE (F)
 YESTERDAY
  MAXIMUM         79    335 PM  84    1956  75      4       81
                                      1940
  MINIMUM         72    259 AM  50    1901  66      6       76
  AVERAGE         76                        71      5       79

PRECIPITATION (IN)
  YESTERDAY        0.00          1.00 1944   0.07  -0.07     0.00
                                      1905
  MONTH TO DATE    0.01                      1.62  -1.61     0.94
  SINCE DEC 1      0.01                      1.62  -1.61     0.94
  SINCE JAN 1     34.38                     39.23  -4.85    46.54

SNOWFALL (IN)
  YESTERDAY        0.0
  MONTH TO DATE    0.0
  SINCE DEC 1      0.0
  SINCE JUL 1      0.0
  SNOW DEPTH       0

DEGREE DAYS
 HEATING
  YESTERDAY        0                         1     -1        0
  MONTH TO DATE    5                         5      0        0
  SINCE DEC 1      5                         5      0        0
  SINCE JUL 1      6                         6      0        0

 COOLING
  YESTERDAY       11                         6      5       14
  MONTH TO DATE  137                       158    -21      230
  SINCE DEC 1    137                       158    -21      230
  SINCE JAN 1   4980                      4691    289     4991
..................................................................


WIND (MPH)
  HIGHEST WIND SPEED    15   HIGHEST WIND DIRECTION    SE (130)
  HIGHEST GUST SPEED    22   HIGHEST GUST DIRECTION    SE (150)
  AVERAGE WIND SPEED     9.9


SKY COVER
  POSSIBLE SUNSHINE  MM
  AVERAGE SKY COVER 0.3


WEATHER CONDITIONS
 THE FOLLOWING WEATHER WAS RECORDED YESTERDAY.
  NO SIGNIFICANT WEATHER WAS OBSERVED.


RELATIVE HUMIDITY (PERCENT)
 HIGHEST    87
 LOWEST     71
 AVERAGE    79

..........................................................


THE KEY WEST CLIMATE NORMALS FOR TODAY
                         NORMAL    RECORD    YEAR
 MAXIMUM TEMPERATURE (F)   75        84      1956
                                             1951
 MINIMUM TEMPERATURE (F)   66        51      1960


SUNRISE AND SUNSET
DECEMBER 22 2014......SUNRISE   707 AM EST   SUNSET   544 PM EST
DECEMBER 23 2014......SUNRISE   708 AM EST   SUNSET   545 PM EST


-  INDICATES NEGATIVE NUMBERS.
R  INDICATES RECORD WAS SET OR TIED.
MM INDICATES DATA IS MISSING.
T  INDICATES TRACE AMOUNT.

$$

APA







U.S. Dept. of Commerce
NOAA National Weather Service
1325 East West Highway
Silver Spring, MD 20910
E-mail: w-nws.webmaster@noaa.gov
Page last modified: May 16, 2007
NATIONAL WEATHER SERVICE: for Safety, for Work, for Fun - FOR LIFE