095
CDUS43 KIND 170533
CLIEYE


CLIMATE REPORT
NATIONAL WEATHER SERVICE INDIANAPOLIS IN
132 AM EDT WED SEP 17 2014


...................................

...THE INDIANAPOLIS EAGLE CREEK IN CLIMATE SUMMARY FOR SEPTEMBER 16 2014...

CLIMATE NORMAL PERIOD 1981 TO 2010
CLIMATE RECORD PERIOD 9999 TO 9999


WEATHER ITEM   OBSERVED TIME   NORMAL DEPARTURE LAST
                VALUE   (LST)  VALUE  FROM      YEAR
                                      NORMAL
......................................................
TEMPERATURE (F)
 YESTERDAY
  MAXIMUM         67    358 PM  77    -10       67
  MINIMUM         51   1159 PM  57     -6       54
  AVERAGE         59            67     -8       61

PRECIPITATION (IN)
  YESTERDAY        0.00          0.08  -0.08     0.02
  MONTH TO DATE    3.30          1.21   2.09     0.17
  SINCE SEP 1      3.30          1.21   2.09     0.17
  SINCE JAN 1     32.12         29.86   2.26    27.66

DEGREE DAYS
 HEATING
  YESTERDAY        6             1      5        4
  MONTH TO DATE   39             8     31       20
  SINCE SEP 1     39             8     31       20
  SINCE JUL 1     47            11     36       31

 COOLING
  YESTERDAY        0             4     -4        0
  MONTH TO DATE   75            91    -16      117
  SINCE SEP 1     75            91    -16      117
  SINCE JAN 1    868          1011   -143      952
......................................................


WIND (MPH)
  HIGHEST WIND SPEED    13   HIGHEST WIND DIRECTION     N (360)
  HIGHEST GUST SPEED    19   HIGHEST GUST DIRECTION     N (340)
  AVERAGE WIND SPEED     4.3


SKY COVER
  AVERAGE SKY COVER 0.6


WEATHER CONDITIONS
 THE FOLLOWING WEATHER WAS RECORDED YESTERDAY.
  FOG


RELATIVE HUMIDITY (PERCENT)
 HIGHEST    93          1200 AM
 LOWEST     45           400 PM
 AVERAGE    69

..........................................................


THE INDIANAPOLIS EAGLE CREEK IN CLIMATE NORMALS FOR TODAY
                         NORMAL
 MAXIMUM TEMPERATURE (F)   77
 MINIMUM TEMPERATURE (F)   57


SUNRISE AND SUNSET
SEPTEMBER 17 2014.....SUNRISE   728 AM EDT   SUNSET   751 PM EDT
SEPTEMBER 18 2014.....SUNRISE   729 AM EDT   SUNSET   749 PM EDT


-  INDICATES NEGATIVE NUMBERS.
R  INDICATES RECORD WAS SET OR TIED.
MM INDICATES DATA IS MISSING.
T  INDICATES TRACE AMOUNT.




$$






U.S. Dept. of Commerce
NOAA National Weather Service
1325 East West Highway
Silver Spring, MD 20910
E-mail: w-nws.webmaster@noaa.gov
Page last modified: May 16, 2007
NATIONAL WEATHER SERVICE: for Safety, for Work, for Fun - FOR LIFE