090
CDUS43 KIND 300533
CLIEYE


CLIMATE REPORT
NATIONAL WEATHER SERVICE INDIANAPOLIS IN
131 AM EDT TUE SEP 30 2014


...................................

...THE INDIANAPOLIS EAGLE CREEK IN CLIMATE SUMMARY FOR SEPTEMBER 29 2014...

CLIMATE NORMAL PERIOD 1981 TO 2010
CLIMATE RECORD PERIOD 9999 TO 9999


WEATHER ITEM   OBSERVED TIME   NORMAL DEPARTURE LAST
                VALUE   (LST)  VALUE  FROM      YEAR
                                      NORMAL
......................................................
TEMPERATURE (F)
 YESTERDAY
  MAXIMUM         82    300 PM  71     11       65
  MINIMUM         55    646 AM  51      4       61
  AVERAGE         69            61      8       63

PRECIPITATION (IN)
  YESTERDAY        0.00          0.09  -0.09     0.72
  MONTH TO DATE    3.42          2.16   1.26     2.30
  SINCE SEP 1      3.42          2.16   1.26     2.30
  SINCE JAN 1     32.24         30.81   1.43    29.79

DEGREE DAYS
 HEATING
  YESTERDAY        0             5     -5        2
  MONTH TO DATE   70            52     18       42
  SINCE SEP 1     70            52     18       42
  SINCE JUL 1     78            55     23       53

 COOLING
  YESTERDAY        4             2      2        0
  MONTH TO DATE   92           122    -30      141
  SINCE SEP 1     92           122    -30      141
  SINCE JAN 1    885          1042   -157      976
......................................................


WIND (MPH)
  HIGHEST WIND SPEED    12   HIGHEST WIND DIRECTION    NW (330)
  HIGHEST GUST SPEED    14   HIGHEST GUST DIRECTION    NW (330)
  AVERAGE WIND SPEED     3.5


SKY COVER
  AVERAGE SKY COVER 0.0


WEATHER CONDITIONS
 THE FOLLOWING WEATHER WAS RECORDED YESTERDAY.
  NO SIGNIFICANT WEATHER WAS OBSERVED.


RELATIVE HUMIDITY (PERCENT)
 HIGHEST    86           600 AM
 LOWEST     23           100 PM
 AVERAGE    55

..........................................................


THE INDIANAPOLIS EAGLE CREEK IN CLIMATE NORMALS FOR TODAY
                         NORMAL
 MAXIMUM TEMPERATURE (F)   71
 MINIMUM TEMPERATURE (F)   51


SUNRISE AND SUNSET
SEPTEMBER 30 2014.....SUNRISE   740 AM EDT   SUNSET   729 PM EDT
OCTOBER  1 2014.......SUNRISE   741 AM EDT   SUNSET   728 PM EDT


-  INDICATES NEGATIVE NUMBERS.
R  INDICATES RECORD WAS SET OR TIED.
MM INDICATES DATA IS MISSING.
T  INDICATES TRACE AMOUNT.




$$






U.S. Dept. of Commerce
NOAA National Weather Service
1325 East West Highway
Silver Spring, MD 20910
E-mail: w-nws.webmaster@noaa.gov
Page last modified: May 16, 2007
NATIONAL WEATHER SERVICE: for Safety, for Work, for Fun - FOR LIFE