353
CDUS41 KOKX 220616
CLIEWR


CLIMATE REPORT
NATIONAL WEATHER SERVICE NEW YORK NY
216 AM EDT WED OCT 22 2014


...................................

...THE NEWARK NJ CLIMATE SUMMARY FOR OCTOBER 21 2014...

CLIMATE NORMAL PERIOD 1981 TO 2010
CLIMATE RECORD PERIOD 1929 TO 2014


WEATHER ITEM   OBSERVED TIME   RECORD YEAR NORMAL DEPARTURE LAST
                VALUE   (LST)  VALUE       VALUE  FROM      YEAR
                                                  NORMAL
..................................................................
TEMPERATURE (F)
 YESTERDAY
  MAXIMUM         67    131 PM  84    1947  64      3       69
  MINIMUM         53    645 AM  31    1974  46      7       41
                                      1952
  AVERAGE         60                        55      5       55

PRECIPITATION (IN)
  YESTERDAY        T             1.07 1988   0.11  -0.11     0.00
  MONTH TO DATE    2.35                      2.45  -0.10     0.43
  SINCE SEP 1      3.87                      6.27  -2.40     1.97
  SINCE JAN 1     38.49                     37.64   0.85    35.27

SNOWFALL (IN)
  YESTERDAY        0.0           0.0  2002   0.0    0.0      0.0
                                      2001
  MONTH TO DATE    0.0                       0.0    0.0      0.0
  SINCE OCT 1      0.0                       0.0    0.0      0.0
  SINCE JUL 1      0.0                       0.0    0.0      0.0
  SNOW DEPTH       0

DEGREE DAYS
 HEATING
  YESTERDAY        5                        10     -5       10
  MONTH TO DATE  105                       156    -51       71
  SINCE SEP 1    124                       200    -76      118
  SINCE JUL 1    124                       201    -77      118

 COOLING
  YESTERDAY        0                         0      0        0
  MONTH TO DATE   21                        14      7       47
  SINCE SEP 1    190                       154     36      166
  SINCE JAN 1   1175                      1188    -13     1337
..................................................................


WIND (MPH)
  HIGHEST WIND SPEED    16   HIGHEST WIND DIRECTION    NW (320)
  HIGHEST GUST SPEED    23   HIGHEST GUST DIRECTION    NW (310)
  AVERAGE WIND SPEED     5.8


SKY COVER
  AVERAGE SKY COVER 0.8


WEATHER CONDITIONS
 THE FOLLOWING WEATHER WAS RECORDED YESTERDAY.
  THUNDERSTORM
  RAIN
  LIGHT RAIN
  HAIL


RELATIVE HUMIDITY (PERCENT)
 HIGHEST    93          1000 PM
 LOWEST     56          1100 AM
 AVERAGE    75

..........................................................


THE NEWARK NJ CLIMATE NORMALS FOR TODAY
                         NORMAL    RECORD    YEAR
 MAXIMUM TEMPERATURE (F)   63        86      1979
 MINIMUM TEMPERATURE (F)   46        30      1940


SUNRISE AND SUNSET
OCTOBER 22 2014.......SUNRISE   715 AM EDT   SUNSET   606 PM EDT
OCTOBER 23 2014.......SUNRISE   717 AM EDT   SUNSET   605 PM EDT


-  INDICATES NEGATIVE NUMBERS.
R  INDICATES RECORD WAS SET OR TIED.
MM INDICATES DATA IS MISSING.
T  INDICATES TRACE AMOUNT.




$$





U.S. Dept. of Commerce
NOAA National Weather Service
1325 East West Highway
Silver Spring, MD 20910
E-mail: w-nws.webmaster@noaa.gov
Page last modified: May 16, 2007
NATIONAL WEATHER SERVICE: for Safety, for Work, for Fun - FOR LIFE