333
CDUS42 KMHX 210530
CLIEWN


CLIMATE REPORT
NATIONAL WEATHER SERVICE NEWPORT/MOREHEAD CITY NC
130 AM EDT TUE OCT 21 2014


...................................

...THE NEW BERN NC CLIMATE SUMMARY FOR OCTOBER 20 2014...

CLIMATE NORMAL PERIOD 1981 TO 2010
CLIMATE RECORD PERIOD 1948 TO 2014


WEATHER ITEM   OBSERVED TIME   RECORD YEAR NORMAL DEPARTURE LAST
                VALUE   (LST)  VALUE       VALUE  FROM      YEAR
                                                  NORMAL
..................................................................
TEMPERATURE (F)
 YESTERDAY
  MAXIMUM         74    321 PM  88    1984  74      0       70
  MINIMUM         43    408 AM  33    1981  52     -9       54
  AVERAGE         59                        63     -4       62

PRECIPITATION (IN)
  YESTERDAY        0.00          2.84 1958   0.09  -0.09     0.02
  MONTH TO DATE    2.13                      2.23  -0.10     3.08
  SINCE SEP 1      9.71                      8.12   1.59     6.33
  SINCE JAN 1     46.72                     44.92   1.80    35.70

SNOWFALL (IN)
  YESTERDAY        0.0
  MONTH TO DATE    0.0
  SINCE NOV 1     14.0
  SINCE JUL 1      0.0
  SNOW DEPTH       0

DEGREE DAYS
 HEATING
  YESTERDAY        6                         4      2        3
  MONTH TO DATE   22                        49    -27        5
  SINCE SEP 1     22                        56    -34        7
  SINCE JUL 1     22                        56    -34        7

 COOLING
  YESTERDAY        0                         2     -2        0
  MONTH TO DATE  105                        66     39      105
  SINCE SEP 1    455                       340    115      373
  SINCE JAN 1   2166                      1869    297     1990
..................................................................


WIND (MPH)
  HIGHEST WIND SPEED    14   HIGHEST WIND DIRECTION     S (200)
  HIGHEST GUST SPEED    19   HIGHEST GUST DIRECTION     S (200)
  AVERAGE WIND SPEED     3.4


SKY COVER
  POSSIBLE SUNSHINE  MM
  AVERAGE SKY COVER 0.2


WEATHER CONDITIONS
 THE FOLLOWING WEATHER WAS RECORDED YESTERDAY.
  FOG
  FOG W/VISIBILITY <= 1/4 MILE
  HAZE


RELATIVE HUMIDITY (PERCENT)
 HIGHEST    93          1100 PM
 LOWEST     46           200 PM
 AVERAGE    70

..........................................................


THE NEW BERN NC CLIMATE NORMALS FOR TODAY
                         NORMAL    RECORD    YEAR
 MAXIMUM TEMPERATURE (F)   73        87      1984
 MINIMUM TEMPERATURE (F)   51        34      1967


SUNRISE AND SUNSET
OCTOBER 21 2014.......SUNRISE   719 AM EDT   SUNSET   626 PM EDT
OCTOBER 22 2014.......SUNRISE   720 AM EDT   SUNSET   625 PM EDT


-  INDICATES NEGATIVE NUMBERS.
R  INDICATES RECORD WAS SET OR TIED.
MM INDICATES DATA IS MISSING.
T  INDICATES TRACE AMOUNT.




$$





U.S. Dept. of Commerce
NOAA National Weather Service
1325 East West Highway
Silver Spring, MD 20910
E-mail: w-nws.webmaster@noaa.gov
Page last modified: May 16, 2007
NATIONAL WEATHER SERVICE: for Safety, for Work, for Fun - FOR LIFE