287
CDUS42 KMHX 310526
CLIEWN


CLIMATE REPORT
NATIONAL WEATHER SERVICE NEWPORT/MOREHEAD CITY NC
125 AM EDT FRI OCT 31 2014


...................................

...THE NEW BERN NC CLIMATE SUMMARY FOR OCTOBER 30 2014...

CLIMATE NORMAL PERIOD 1981 TO 2010
CLIMATE RECORD PERIOD 1948 TO 2014


WEATHER ITEM   OBSERVED TIME   RECORD YEAR NORMAL DEPARTURE LAST
                VALUE   (LST)  VALUE       VALUE  FROM      YEAR
                                                  NORMAL
..................................................................
TEMPERATURE (F)
 YESTERDAY
  MAXIMUM         68    302 PM  84    1950  71     -3       78
  MINIMUM         53   1159 PM  27    1965  49      4       49
  AVERAGE         61                        60      1       64

PRECIPITATION (IN)
  YESTERDAY        0.15          2.45 1956   0.10   0.05     0.00
  MONTH TO DATE    2.34                      3.16  -0.82     3.21
  SINCE SEP 1      9.92                      9.05   0.87     6.46
  SINCE JAN 1     46.93                     45.85   1.08    35.83

SNOWFALL (IN)
  YESTERDAY        0.0
  MONTH TO DATE    0.0
  SINCE NOV 1     14.0
  SINCE JUL 1      0.0
  SNOW DEPTH       0

DEGREE DAYS
 HEATING
  YESTERDAY        4                         6     -2        1
  MONTH TO DATE   48                       104    -56       74
  SINCE SEP 1     48                       111    -63       76
  SINCE JUL 1     48                       111    -63       76

 COOLING
  YESTERDAY        0                         1     -1        0
  MONTH TO DATE  118                        81     37      105
  SINCE SEP 1    468                       355    113      373
  SINCE JAN 1   2179                      1884    295     1990
..................................................................


WIND (MPH)
  HIGHEST WIND SPEED    21   HIGHEST WIND DIRECTION    NE (30)
  HIGHEST GUST SPEED    25   HIGHEST GUST DIRECTION     N (20)
  AVERAGE WIND SPEED     8.9


SKY COVER
  POSSIBLE SUNSHINE  MM
  AVERAGE SKY COVER 0.3


WEATHER CONDITIONS
 THE FOLLOWING WEATHER WAS RECORDED YESTERDAY.
  RAIN
  LIGHT RAIN
  FOG


RELATIVE HUMIDITY (PERCENT)
 HIGHEST    86           500 AM
 LOWEST     55           100 PM
 AVERAGE    71

..........................................................


THE NEW BERN NC CLIMATE NORMALS FOR TODAY
                         NORMAL    RECORD    YEAR
 MAXIMUM TEMPERATURE (F)   71        87      1961
 MINIMUM TEMPERATURE (F)   48        29      2008


SUNRISE AND SUNSET
OCTOBER 31 2014.......SUNRISE   728 AM EDT   SUNSET   615 PM EDT
NOVEMBER  1 2014......SUNRISE   729 AM EDT   SUNSET   614 PM EDT


-  INDICATES NEGATIVE NUMBERS.
R  INDICATES RECORD WAS SET OR TIED.
MM INDICATES DATA IS MISSING.
T  INDICATES TRACE AMOUNT.




$$





U.S. Dept. of Commerce
NOAA National Weather Service
1325 East West Highway
Silver Spring, MD 20910
E-mail: w-nws.webmaster@noaa.gov
Page last modified: May 16, 2007
NATIONAL WEATHER SERVICE: for Safety, for Work, for Fun - FOR LIFE