598
CDUS42 KMHX 180626
CLIEWN


CLIMATE REPORT
NATIONAL WEATHER SERVICE NEWPORT/MOREHEAD CITY NC
126 AM EST THU DEC 18 2014


...................................

...THE NEW BERN NC CLIMATE SUMMARY FOR DECEMBER 17 2014...

CLIMATE NORMAL PERIOD 1981 TO 2010
CLIMATE RECORD PERIOD 1948 TO 2014


WEATHER ITEM   OBSERVED TIME   RECORD YEAR NORMAL DEPARTURE LAST
                VALUE   (LST)  VALUE       VALUE  FROM      YEAR
                                                  NORMAL
..................................................................
TEMPERATURE (F)
 YESTERDAY
  MAXIMUM         63    309 PM  78    1956  57      6       66
  MINIMUM         43   1010 PM  16    1955  36      7       40
  AVERAGE         53                        46      7       53

PRECIPITATION (IN)
  YESTERDAY        0.00          1.15 1975   0.10  -0.10     0.00
  MONTH TO DATE    0.66                      1.84  -1.18     1.43
  SINCE DEC 1      0.66                      1.84  -1.18     1.43
  SINCE JAN 1     51.37                     51.19   0.18    41.71

SNOWFALL (IN)
  YESTERDAY        0.0
  MONTH TO DATE    0.0
  SINCE NOV 1      0.0
  SINCE JUL 1      0.0
  SNOW DEPTH       0

DEGREE DAYS
 HEATING
  YESTERDAY       12                        19     -7       12
  MONTH TO DATE  243                       286    -43      230
  SINCE DEC 1    243                       286    -43      230
  SINCE JUL 1    688                       713    -25      653

 COOLING
  YESTERDAY        0                         0      0        0
  MONTH TO DATE    0                         0      0       12
  SINCE DEC 1      0                         0      0       12
  SINCE JAN 1   2193                      1900    293     2018
..................................................................


WIND (MPH)
  HIGHEST WIND SPEED    14   HIGHEST WIND DIRECTION    NW (320)
  HIGHEST GUST SPEED    17   HIGHEST GUST DIRECTION    NW (330)
  AVERAGE WIND SPEED     5.4


SKY COVER
  POSSIBLE SUNSHINE  MM
  AVERAGE SKY COVER 0.0


WEATHER CONDITIONS
 THE FOLLOWING WEATHER WAS RECORDED YESTERDAY.
  NO SIGNIFICANT WEATHER WAS OBSERVED.


RELATIVE HUMIDITY (PERCENT)
 HIGHEST    86           600 AM
 LOWEST     43           300 PM
 AVERAGE    65

..........................................................


THE NEW BERN NC CLIMATE NORMALS FOR TODAY
                         NORMAL    RECORD    YEAR
 MAXIMUM TEMPERATURE (F)   57        79      1984
 MINIMUM TEMPERATURE (F)   35        19      1963


SUNRISE AND SUNSET
DECEMBER 18 2014......SUNRISE   711 AM EST   SUNSET   459 PM EST
DECEMBER 19 2014......SUNRISE   711 AM EST   SUNSET   459 PM EST


-  INDICATES NEGATIVE NUMBERS.
R  INDICATES RECORD WAS SET OR TIED.
MM INDICATES DATA IS MISSING.
T  INDICATES TRACE AMOUNT.




$$





U.S. Dept. of Commerce
NOAA National Weather Service
1325 East West Highway
Silver Spring, MD 20910
E-mail: w-nws.webmaster@noaa.gov
Page last modified: May 16, 2007
NATIONAL WEATHER SERVICE: for Safety, for Work, for Fun - FOR LIFE