396
CDUS45 KSLC 010036
CLIEVW


CLIMATE REPORT
NATIONAL WEATHER SERVICE SALT LAKE CITY UT
636 PM MDT THU JUL 31 2014


...................................

...THE EVANSTON WY CLIMATE SUMMARY FOR JULY 31 2014...
VALID TODAY AS OF 0500 PM LOCAL TIME.

CLIMATE NORMAL PERIOD 1981 TO 2010
CLIMATE RECORD PERIOD 9999 TO 9999


WEATHER ITEM   OBSERVED TIME   RECORD YEAR NORMAL DEPARTURE LAST
                VALUE   (LST)  VALUE       VALUE  FROM      YEAR
                                                  NORMAL
..................................................................
TEMPERATURE (F)
 TODAY
  MAXIMUM         76    500 PM  MM      MM  82     -6       88
  MINIMUM         48    500 AM  MM      MM  54     -6       55
  AVERAGE         62                        68     -6       72

PRECIPITATION (IN)
  TODAY            0.00         MM      MM   0.03  -0.03     0.00
  MONTH TO DATE    0.99                      0.90   0.09     0.20
  SINCE OCT 1      4.56                      9.86  -5.30     4.44
  SINCE JAN 1      3.36                      7.07  -3.71     2.21

DEGREE DAYS
 HEATING
  TODAY            3                         1      2        0
  MONTH TO DATE   20                        43    -23        4
  SINCE JUN 1    243                       266    -23      137
  SINCE JUL 1     20                        36    -16        4

 COOLING
  TODAY            0                         3     -3        7
  MONTH TO DATE  161                        82     79      165
  SINCE JUN 1    162                        95     67      220
  SINCE JAN 1    167                        96     71      220
..................................................................


WIND (MPH)
  RESULTANT WIND SPEED   9   RESULTANT WIND DIRECTION  NE (50)
  HIGHEST WIND SPEED    14   HIGHEST WIND DIRECTION     E (70)
  HIGHEST GUST SPEED    23   HIGHEST GUST DIRECTION     E (70)
  AVERAGE WIND SPEED     9.3


SKY COVER
  POSSIBLE SUNSHINE  MM
  AVERAGE SKY COVER 0.0


WEATHER CONDITIONS
 THE FOLLOWING WEATHER WAS RECORDED TODAY.
  NO SIGNIFICANT WEATHER WAS OBSERVED.


RELATIVE HUMIDITY (PERCENT)
 HIGHEST    89           300 AM
 LOWEST     29           400 PM
 AVERAGE    59

..........................................................


THE EVANSTON WY CLIMATE NORMALS FOR TOMORROW
                         NORMAL    RECORD    YEAR
 MAXIMUM TEMPERATURE (F)   82        MM        MM
 MINIMUM TEMPERATURE (F)   54        MM        MM


SUNRISE AND SUNSET
JULY 31 2014..........SUNRISE   619 AM MDT   SUNSET   842 PM MDT
AUGUST  1 2014........SUNRISE   619 AM MDT   SUNSET   841 PM MDT


-  INDICATES NEGATIVE NUMBERS.
R  INDICATES RECORD WAS SET OR TIED.
MM INDICATES DATA IS MISSING.
T  INDICATES TRACE AMOUNT.




$$





U.S. Dept. of Commerce
NOAA National Weather Service
1325 East West Highway
Silver Spring, MD 20910
E-mail: w-nws.webmaster@noaa.gov
Page last modified: May 16, 2007
NATIONAL WEATHER SERVICE: for Safety, for Work, for Fun - FOR LIFE