246
CDUS43 KPAH 240631
CLIEVV


CLIMATE REPORT
NATIONAL WEATHER SERVICE PADUCAH KY
128 AM CDT THU APR 24 2014


...................................

...THE EVANSVILLE IN CLIMATE SUMMARY FOR APRIL 23 2014...

CLIMATE NORMAL PERIOD 1981 TO 2010
CLIMATE RECORD PERIOD 1896 TO 2014


WEATHER ITEM   OBSERVED TIME   RECORD YEAR NORMAL DEPARTURE LAST
                VALUE   (LST)  VALUE       VALUE  FROM      YEAR
                                                  NORMAL
..................................................................
TEMPERATURE (F)
 YESTERDAY
  MAXIMUM         67    248 PM  89    1925  70     -3       72
  MINIMUM         44    525 AM  29    1986  47     -3       50
  AVERAGE         56                        59     -3       61

PRECIPITATION (IN)
  YESTERDAY        0.00          3.95 1955   0.15  -0.15     0.04
  MONTH TO DATE    8.05                      3.24   4.81     3.47
  SINCE MAR 1     10.90                      7.48   3.42     7.55
  SINCE JAN 1     14.85                     13.75   1.10    17.08

SNOWFALL (IN)
  YESTERDAY        0.0           T    1953   0.0    0.0      0.0
  MONTH TO DATE    0.0                       0.1   -0.1      0.0
  SINCE MAR 1      2.6                       1.1    1.5       T
  SINCE JUL 1     12.6                      11.8    0.8     12.3
  SNOW DEPTH       0

DEGREE DAYS
 HEATING
  YESTERDAY        9                         7      2        4
  MONTH TO DATE  195                       245    -50      232
  SINCE MAR 1    908                       837     71     1013
  SINCE JUL 1   4870                      4411    459     4376

 COOLING
  YESTERDAY        0                         1     -1        0
  MONTH TO DATE    5                        15    -10       33
  SINCE MAR 1      5                        18    -13       33
  SINCE JAN 1      5                        18    -13       33
..................................................................


WIND (MPH)
  HIGHEST WIND SPEED    15   HIGHEST WIND DIRECTION    NE (30)
  HIGHEST GUST SPEED    18   HIGHEST GUST DIRECTION    NE (40)
  AVERAGE WIND SPEED     6.8


SKY COVER
  AVERAGE SKY COVER 0.0


WEATHER CONDITIONS
 THE FOLLOWING WEATHER WAS RECORDED YESTERDAY.
  NO SIGNIFICANT WEATHER WAS OBSERVED.


RELATIVE HUMIDITY (PERCENT)
 HIGHEST    71
 LOWEST     24
 AVERAGE    48

..........................................................


THE EVANSVILLE IN CLIMATE NORMALS FOR TODAY
                         NORMAL    RECORD    YEAR
 MAXIMUM TEMPERATURE (F)   71        89      1925
 MINIMUM TEMPERATURE (F)   47        30      1963
                                             1910


SUNRISE AND SUNSET
APRIL 24 2014.........SUNRISE   603 AM CDT   SUNSET   735 PM CDT
APRIL 25 2014.........SUNRISE   601 AM CDT   SUNSET   735 PM CDT


-  INDICATES NEGATIVE NUMBERS.
R  INDICATES RECORD WAS SET OR TIED.
MM INDICATES DATA IS MISSING.
T  INDICATES TRACE AMOUNT.




$$






U.S. Dept. of Commerce
NOAA National Weather Service
1325 East West Highway
Silver Spring, MD 20910
E-mail: w-nws.webmaster@noaa.gov
Page last modified: May 16, 2007
NATIONAL WEATHER SERVICE: for Safety, for Work, for Fun - FOR LIFE