174
CDUS43 KPAH 270640
CLIEVV


CLIMATE REPORT
NATIONAL WEATHER SERVICE PADUCAH KY
1238 AM CST THU NOV 27 2014


...................................

...THE EVANSVILLE IN CLIMATE SUMMARY FOR NOVEMBER 26 2014...

CLIMATE NORMAL PERIOD 1981 TO 2010
CLIMATE RECORD PERIOD 1896 TO 2014


WEATHER ITEM   OBSERVED TIME   RECORD YEAR NORMAL DEPARTURE LAST
                VALUE   (LST)  VALUE       VALUE  FROM      YEAR
                                                  NORMAL
..................................................................
TEMPERATURE (F)
 YESTERDAY
  MAXIMUM         40    526 PM  78    1965  51    -11       39
  MINIMUM         23    613 AM  12    1977  33    -10       29
  AVERAGE         32                        42    -10       34

PRECIPITATION (IN)
  YESTERDAY        0.14          2.06 1973   0.15  -0.01      T
  MONTH TO DATE    2.77                      3.73  -0.96     2.04
  SINCE SEP 1      9.52                     10.03  -0.51    10.92
  SINCE JAN 1     43.70                     40.95   2.75    46.25

SNOWFALL (IN)
  YESTERDAY        0.2           1.7  1975   0.0    0.2       T
  MONTH TO DATE    2.4                       0.1    2.3       T
  SINCE SEP 1      2.4                       0.3    2.1       T
  SINCE JUL 1      2.4                       0.3    2.1       T
  SNOW DEPTH       0

DEGREE DAYS
 HEATING
  YESTERDAY       33                        23     10       31
  MONTH TO DATE  658                       462    196      524
  SINCE SEP 1    912                       764    148      783
  SINCE JUL 1    912                       765    147      783

 COOLING
  YESTERDAY        0                         0      0        0
  MONTH TO DATE    0                         0      0        0
  SINCE SEP 1    197                       196      1      272
  SINCE JAN 1   1477                      1395     82     1464
..................................................................


WIND (MPH)
  HIGHEST WIND SPEED     9   HIGHEST WIND DIRECTION    SE (130)
  HIGHEST GUST SPEED    11   HIGHEST GUST DIRECTION     E (80)
  AVERAGE WIND SPEED     3.7


SKY COVER
  AVERAGE SKY COVER 0.4


WEATHER CONDITIONS
 THE FOLLOWING WEATHER WAS RECORDED YESTERDAY.
  LIGHT RAIN
  LIGHT SNOW
  FOG
  HAZE


RELATIVE HUMIDITY (PERCENT)
 HIGHEST    92
 LOWEST     64
 AVERAGE    78

..........................................................


THE EVANSVILLE IN CLIMATE NORMALS FOR TODAY
                         NORMAL    RECORD    YEAR
 MAXIMUM TEMPERATURE (F)   51        75      1990
 MINIMUM TEMPERATURE (F)   32        13      1930


SUNRISE AND SUNSET
NOVEMBER 27 2014......SUNRISE   643 AM CST   SUNSET   432 PM CST
NOVEMBER 28 2014......SUNRISE   644 AM CST   SUNSET   432 PM CST


-  INDICATES NEGATIVE NUMBERS.
R  INDICATES RECORD WAS SET OR TIED.
MM INDICATES DATA IS MISSING.
T  INDICATES TRACE AMOUNT.




$$





U.S. Dept. of Commerce
NOAA National Weather Service
1325 East West Highway
Silver Spring, MD 20910
E-mail: w-nws.webmaster@noaa.gov
Page last modified: May 16, 2007
NATIONAL WEATHER SERVICE: for Safety, for Work, for Fun - FOR LIFE