790
CDUS43 KPAH 200628
CLIEVV


CLIMATE REPORT
NATIONAL WEATHER SERVICE PADUCAH KY
126 AM CDT SUN APR 20 2014

...................................

...THE EVANSVILLE IN CLIMATE SUMMARY FOR APRIL 19 2014...

CLIMATE NORMAL PERIOD 1981 TO 2010
CLIMATE RECORD PERIOD 1896 TO 2014

WEATHER ITEM   OBSERVED TIME   RECORD YEAR NORMAL DEPARTURE LAST
                VALUE   (LST)  VALUE       VALUE  FROM      YEAR
                                                  NORMAL
..................................................................
TEMPERATURE (F)
 YESTERDAY
  MAXIMUM         77    259 PM  86    1971  69      8       49
                                      1915
  MINIMUM         51    345 AM  27    1983  46      5       39
  AVERAGE         64                        57      7       44

PRECIPITATION (IN)
  YESTERDAY        0.00          2.01 1909   0.16  -0.16     0.06
  MONTH TO DATE    8.03                      2.63   5.40     3.43
  SINCE MAR 1     10.88                      6.87   4.01     7.51
  SINCE JAN 1     14.83                     13.14   1.69    17.04

SNOWFALL (IN)
  YESTERDAY        0.0           0.0  2002   0.0    0.0      0.0
                                      2001
  MONTH TO DATE    0.0                       0.1   -0.1      0.0
  SINCE MAR 1      2.6                       1.1    1.5       T
  SINCE JUL 1     12.6                      11.8    0.8     12.3
  SNOW DEPTH       0

DEGREE DAYS
 HEATING
  YESTERDAY        1                         9     -8       21
  MONTH TO DATE  181                       214    -33      185
  SINCE MAR 1    894                       806     88      966
  SINCE JUL 1   4856                      4380    476     4329

 COOLING
  YESTERDAY        0                         1     -1        0
  MONTH TO DATE    5                        11     -6       33
  SINCE MAR 1      5                        14     -9       33
  SINCE JAN 1      5                        14     -9       33
..................................................................

WIND (MPH)
  HIGHEST WIND SPEED    15   HIGHEST WIND DIRECTION     E (90)
  HIGHEST GUST SPEED    20   HIGHEST GUST DIRECTION     E (70)
  AVERAGE WIND SPEED     6.7

SKY COVER
  AVERAGE SKY COVER 0.0

WEATHER CONDITIONS
 THE FOLLOWING WEATHER WAS RECORDED YESTERDAY.
  NO SIGNIFICANT WEATHER WAS OBSERVED.

RELATIVE HUMIDITY (PERCENT)
 HIGHEST    68
 LOWEST     21
 AVERAGE    45
..........................................................

THE EVANSVILLE IN CLIMATE NORMALS FOR TODAY
                         NORMAL    RECORD    YEAR
 MAXIMUM TEMPERATURE (F)   69        88      1976
                                             1971
 MINIMUM TEMPERATURE (F)   46        27      1904

SUNRISE AND SUNSET
APRIL 20 2014.........SUNRISE   608 AM CDT   SUNSET   731 PM CDT
APRIL 21 2014.........SUNRISE   606 AM CDT   SUNSET   732 PM CDT

-  INDICATES NEGATIVE NUMBERS.
R  INDICATES RECORD WAS SET OR TIED.
MM INDICATES DATA IS MISSING.
T  INDICATES TRACE AMOUNT.

$$






U.S. Dept. of Commerce
NOAA National Weather Service
1325 East West Highway
Silver Spring, MD 20910
E-mail: w-nws.webmaster@noaa.gov
Page last modified: May 16, 2007
NATIONAL WEATHER SERVICE: for Safety, for Work, for Fun - FOR LIFE