953
CDUS46 KPQR 011145
CLIEUG


CLIMATE REPORT
NATIONAL WEATHER SERVICE PORTLAND OREGON
444 AM PDT FRI AUG 1 2014


...................................

...THE EUGENE OR CLIMATE SUMMARY FOR JULY 31 2014...

CLIMATE NORMAL PERIOD 1981 TO 2010
CLIMATE RECORD PERIOD 1892 TO 2014


WEATHER ITEM   OBSERVED TIME   RECORD YEAR NORMAL DEPARTURE LAST
                VALUE   (LST)  VALUE       VALUE  FROM      YEAR
                                                  NORMAL
..................................................................
TEMPERATURE (F)
 YESTERDAY
  MAXIMUM         93    441 PM  99    1974  84      9       77
                                      1968
                                      1965
  MINIMUM         56    514 AM  42    1944  52      4       56
  AVERAGE         75                        68      7       67

PRECIPITATION (IN)
  YESTERDAY        0.04          0.79 1985   0.01   0.03     0.00
  MONTH TO DATE    0.37                      0.54  -0.17     0.00
  SINCE OCT 1     27.00                     44.20 -17.20    29.01
  SINCE JAN 1     22.81                     25.40  -2.59     9.67

SNOWFALL (IN)
  YESTERDAY        0.0
  MONTH TO DATE    0.0
  SINCE JUN 1      0.0
  SINCE JUL 1      0.0

DEGREE DAYS
 HEATING
  YESTERDAY        0                         1     -1        0
  MONTH TO DATE    6                        40    -34        6
  SINCE JUN 1    113                       193    -80       98
  SINCE JUL 1      6                        36    -30        6

 COOLING
  YESTERDAY       10                         4      6        2
  MONTH TO DATE  193                        93    100      146
  SINCE JUN 1    199                       112     87      194
  SINCE JAN 1    202                       117     85      199
..................................................................


WIND (MPH)
  HIGHEST WIND SPEED    18   HIGHEST WIND DIRECTION     N (10)
  HIGHEST GUST SPEED    24   HIGHEST GUST DIRECTION    NE (50)
  AVERAGE WIND SPEED     8.1


SKY COVER
  POSSIBLE SUNSHINE  MM
  AVERAGE SKY COVER 0.4


WEATHER CONDITIONS
 THE FOLLOWING WEATHER WAS RECORDED YESTERDAY.
  THUNDERSTORM


RELATIVE HUMIDITY (PERCENT)
 HIGHEST    86           500 AM
 LOWEST     26           300 PM
 AVERAGE    56

..........................................................


THE EUGENE OR CLIMATE NORMALS FOR TODAY
                         NORMAL    RECORD    YEAR
 MAXIMUM TEMPERATURE (F)   84        97      1974
 MINIMUM TEMPERATURE (F)   52        43      2002
                                             1980
                                             1957


SUNRISE AND SUNSET
AUGUST  1 2014........SUNRISE   601 AM PDT   SUNSET   837 PM PDT
AUGUST  2 2014........SUNRISE   602 AM PDT   SUNSET   836 PM PDT


-  INDICATES NEGATIVE NUMBERS.
R  INDICATES RECORD WAS SET OR TIED.
MM INDICATES DATA IS MISSING.
T  INDICATES TRACE AMOUNT.




$$





U.S. Dept. of Commerce
NOAA National Weather Service
1325 East West Highway
Silver Spring, MD 20910
E-mail: w-nws.webmaster@noaa.gov
Page last modified: May 16, 2007
NATIONAL WEATHER SERVICE: for Safety, for Work, for Fun - FOR LIFE