375
CDUS46 KPQR 150228
CLIEUG


CLIMATE REPORT
NATIONAL WEATHER SERVICE PORTLAND OREGON
728 PM PDT SUN SEP 14 2014


...................................

...THE EUGENE OR CLIMATE SUMMARY FOR SEPTEMBER 14 2014...
VALID TODAY AS OF 0700 PM LOCAL TIME.

CLIMATE NORMAL PERIOD 1981 TO 2010
CLIMATE RECORD PERIOD 1892 TO 2014


WEATHER ITEM   OBSERVED TIME   RECORD YEAR NORMAL DEPARTURE LAST
                VALUE   (LST)  VALUE       VALUE  FROM      YEAR
                                                  NORMAL
..................................................................
TEMPERATURE (F)
 TODAY
  MAXIMUM         92    346 PM  95    1967  78     14       74
  MINIMUM         45    615 AM  33    1970  47     -2       56
  AVERAGE         69                        63      6       65

PRECIPITATION (IN)
  TODAY            0.00          1.27 1996   0.04  -0.04     0.01
  MONTH TO DATE    0.00                      0.50  -0.50     0.90
  SINCE OCT 1     27.19                     45.31 -18.12    30.16
  SINCE JAN 1     23.00                     26.51  -3.51    10.82

SNOWFALL (IN)
  TODAY            0.0
  MONTH TO DATE    0.0
  SINCE SEP 1      0.0
  SINCE JUL 1      0.0

DEGREE DAYS
 HEATING
  TODAY            0                         3     -3        0
  MONTH TO DATE    6                        35    -29        2
  SINCE SEP 1      6                        35    -29        2
  SINCE JUL 1     13                       102    -89       20

 COOLING
  TODAY            4                         1      3        0
  MONTH TO DATE   34                        21     13       62
  SINCE SEP 1     34                        21     13       62
  SINCE JAN 1    442                       229    213      410
..................................................................


WIND (MPH)
  HIGHEST WIND SPEED     9   HIGHEST WIND DIRECTION     N (20)
  HIGHEST GUST SPEED    12   HIGHEST GUST DIRECTION     N (10)
  AVERAGE WIND SPEED     3.3


SKY COVER
  POSSIBLE SUNSHINE  MM
  AVERAGE SKY COVER 0.1


WEATHER CONDITIONS
 THE FOLLOWING WEATHER WAS RECORDED TODAY.
  NO SIGNIFICANT WEATHER WAS OBSERVED.


RELATIVE HUMIDITY (PERCENT)
 HIGHEST    83           600 AM
 LOWEST     15           300 PM
 AVERAGE    49

..........................................................


THE EUGENE OR CLIMATE NORMALS FOR TOMORROW
                         NORMAL    RECORD    YEAR
 MAXIMUM TEMPERATURE (F)   78        96      1981
                                             1967
 MINIMUM TEMPERATURE (F)   47        36      1969
                                             1921


SUNRISE AND SUNSET
SEPTEMBER 14 2014.....SUNRISE   651 AM PDT   SUNSET   725 PM PDT
SEPTEMBER 15 2014.....SUNRISE   652 AM PDT   SUNSET   723 PM PDT


-  INDICATES NEGATIVE NUMBERS.
R  INDICATES RECORD WAS SET OR TIED.
MM INDICATES DATA IS MISSING.
T  INDICATES TRACE AMOUNT.




$$





U.S. Dept. of Commerce
NOAA National Weather Service
1325 East West Highway
Silver Spring, MD 20910
E-mail: w-nws.webmaster@noaa.gov
Page last modified: May 16, 2007
NATIONAL WEATHER SERVICE: for Safety, for Work, for Fun - FOR LIFE